{"id":9975,"date":"2020-07-20T20:42:17","date_gmt":"2020-07-20T20:42:17","guid":{"rendered":"https:\/\/basakcilastik.com.tr\/?post_type=product&#038;p=9975"},"modified":"2020-07-20T20:42:17","modified_gmt":"2020-07-20T20:42:17","slug":"basinc-dusurucu-kullanim-yeri-azot-5063s","status":"publish","type":"product","link":"http:\/\/basakcilastik.com.tr\/?product=basinc-dusurucu-kullanim-yeri-azot-5063s","title":{"rendered":"Bas\u0131n\u00e7 D\u00fc\u015f\u00fcr\u00fcc\u00fc Kullan\u0131m Yeri Azot 5063S"},"content":{"rendered":"<p>Bas\u0131n\u00e7 D\u00fc\u015f\u00fcr\u00fcc\u00fc Kullan\u0131m Yeri Azot<\/p>\n<table width=\"310\">\n<tbody>\n<tr>\n<td width=\"50%\"><strong>Gaz \u00c7\u0131k\u0131\u015f Bas\u0131nc\u0131<\/strong><\/td>\n<td>:0 &#8211; 4 bar<\/td>\n<\/tr>\n<tr>\n<td width=\"50%\"><strong>Gaz \u00c7\u0131k\u0131\u015f Ba\u011flant\u0131s\u0131<\/strong><\/td>\n<td>:G 3\/8&#8221;<\/td>\n<\/tr>\n<tr>\n<td width=\"50%\"><strong>Gaz Giri\u015f Ba\u011flant\u0131s\u0131<\/strong><\/td>\n<td>:G 3\/8&#8221;<\/td>\n<\/tr>\n<tr>\n<td width=\"50%\"><strong>Gaz Cinsi<\/strong><\/td>\n<td>:Azot<\/td>\n<\/tr>\n<\/tbody>\n<\/table>\n<p>A\u00e7\u0131klama<\/p>\n<ul>\n<li>Merkezi sistemlerde farkl\u0131 gazlar i\u00e7in, posta ba\u015f\u0131 olarak kullan\u0131m olana\u011f\u0131.<\/li>\n<li>Dayan\u0131kl\u0131 pirin\u00e7 g\u00f6vde.<\/li>\n<li>\u00d86 &#8211; \u00d88 mm hortumlara uygun ba\u011flant\u0131 rakoru.<\/li>\n<li>Kullan\u0131m bas\u0131nc\u0131n\u0131n g\u00f6r\u00fclebilece\u011fi manometre ve bas\u0131n\u00e7 ayar tutama\u011f\u0131\u00a0ayar k\u0131s\u0131mlar\u0131 bulunmaktad\u0131r.<\/li>\n<\/ul>\n","protected":false},"excerpt":{"rendered":"<p>Bas\u0131n\u00e7 D\u00fc\u015f\u00fcr\u00fcc\u00fc Kullan\u0131m Yeri Azot Gaz \u00c7\u0131k\u0131\u015f Bas\u0131nc\u0131 :0 &#8211; 4 bar Gaz \u00c7\u0131k\u0131\u015f Ba\u011flant\u0131s\u0131 :G 3\/8&#8221; Gaz Giri\u015f Ba\u011flant\u0131s\u0131 :G 3\/8&#8221; Gaz Cinsi :Azot A\u00e7\u0131klama Merkezi sistemlerde farkl\u0131 gazlar i\u00e7in, posta ba\u015f\u0131 olarak kullan\u0131m olana\u011f\u0131. Dayan\u0131kl\u0131 pirin\u00e7 g\u00f6vde. \u00d86 &#8211; \u00d88 mm hortumlara uygun ba\u011flant\u0131 rakoru. Kullan\u0131m bas\u0131nc\u0131n\u0131n g\u00f6r\u00fclebilece\u011fi manometre ve bas\u0131n\u00e7 ayar tutama\u011f\u0131\u00a0ayar k\u0131s\u0131mlar\u0131 bulunmaktad\u0131r.<\/p>\n","protected":false},"featured_media":9976,"comment_status":"open","ping_status":"closed","template":"","meta":[],"product_brand":[],"product_cat":[15,132,131],"product_tag":[],"class_list":{"0":"post-9975","1":"product","2":"type-product","3":"status-publish","4":"has-post-thumbnail","6":"product_cat-genel","7":"product_cat-gaz-armaturleri","8":"product_cat-gaz-armaturleri-basinc-dusuruculer","10":"first","11":"instock","12":"shipping-taxable","13":"product-type-simple"},"_links":{"self":[{"href":"http:\/\/basakcilastik.com.tr\/index.php?rest_route=\/wp\/v2\/product\/9975","targetHints":{"allow":["GET"]}}],"collection":[{"href":"http:\/\/basakcilastik.com.tr\/index.php?rest_route=\/wp\/v2\/product"}],"about":[{"href":"http:\/\/basakcilastik.com.tr\/index.php?rest_route=\/wp\/v2\/types\/product"}],"replies":[{"embeddable":true,"href":"http:\/\/basakcilastik.com.tr\/index.php?rest_route=%2Fwp%2Fv2%2Fcomments&post=9975"}],"wp:featuredmedia":[{"embeddable":true,"href":"http:\/\/basakcilastik.com.tr\/index.php?rest_route=\/wp\/v2\/media\/9976"}],"wp:attachment":[{"href":"http:\/\/basakcilastik.com.tr\/index.php?rest_route=%2Fwp%2Fv2%2Fmedia&parent=9975"}],"wp:term":[{"taxonomy":"product_brand","embeddable":true,"href":"http:\/\/basakcilastik.com.tr\/index.php?rest_route=%2Fwp%2Fv2%2Fproduct_brand&post=9975"},{"taxonomy":"product_cat","embeddable":true,"href":"http:\/\/basakcilastik.com.tr\/index.php?rest_route=%2Fwp%2Fv2%2Fproduct_cat&post=9975"},{"taxonomy":"product_tag","embeddable":true,"href":"http:\/\/basakcilastik.com.tr\/index.php?rest_route=%2Fwp%2Fv2%2Fproduct_tag&post=9975"}],"curies":[{"name":"wp","href":"https:\/\/api.w.org\/{rel}","templated":true}]}}