{"id":9799,"date":"2020-07-17T02:28:21","date_gmt":"2020-07-17T02:28:21","guid":{"rendered":"https:\/\/basakcilastik.com.tr\/?post_type=product&#038;p=9799"},"modified":"2020-07-17T02:28:22","modified_gmt":"2020-07-17T02:28:22","slug":"gws-19-125-cie-professional-taslama-makinesi","status":"publish","type":"product","link":"http:\/\/basakcilastik.com.tr\/?product=gws-19-125-cie-professional-taslama-makinesi","title":{"rendered":"GWS 19-125 CIE Professional Ta\u015flama Makinesi"},"content":{"rendered":"<p>Teknik veriler<\/p>\n<table width=\"750\">\n<thead>\n<tr>\n<td colspan=\"2\">Ek veriler<\/td>\n<\/tr>\n<\/thead>\n<tbody>\n<tr>\n<td><strong>Nominal giri\u015f g\u00fcc\u00fc*<\/strong><\/td>\n<td><strong>1.900<\/strong>\u00a0<strong>W<\/strong><\/td>\n<\/tr>\n<tr>\n<td><strong>R\u00f6lanti devir say\u0131s\u0131*<\/strong><\/td>\n<td><strong>2.800 \u2013 11.500<\/strong>\u00a0<strong>dev\/dak<\/strong><\/td>\n<\/tr>\n<tr>\n<td><strong>Disk \u00e7ap\u0131*<\/strong><\/td>\n<td><strong>125<\/strong>\u00a0<strong>mm<\/strong><\/td>\n<\/tr>\n<tr>\n<td>\u00c7\u0131k\u0131\u015f g\u00fcc\u00fc<\/td>\n<td>1.220\u00a0W<\/td>\n<\/tr>\n<tr>\n<td>Ta\u015flama mili di\u015fi<\/td>\n<td>M 14<\/td>\n<\/tr>\n<tr>\n<td>Lastik z\u0131mpara taban\u0131 \u00e7ap\u0131<\/td>\n<td>125\u00a0mm<\/td>\n<\/tr>\n<tr>\n<td>\u00c7anak f\u0131r\u00e7a \u00e7ap\u0131<\/td>\n<td>75\u00a0mm<\/td>\n<\/tr>\n<tr>\n<td>Tak\u0131m \u00f6l\u00e7\u00fcleri (uzunluk)<\/td>\n<td>311\u00a0mm<\/td>\n<\/tr>\n<tr>\n<td>Tak\u0131m \u00f6l\u00e7\u00fcleri (y\u00fckseklik)<\/td>\n<td>103\u00a0mm<\/td>\n<\/tr>\n<tr>\n<td>A\u011f\u0131rl\u0131k<\/td>\n<td>2,4\u00a0kg<\/td>\n<\/tr>\n<tr>\n<td>\u015ealter<\/td>\n<td>2 kanall\u0131<\/td>\n<\/tr>\n<\/tbody>\n<\/table>\n<p>&nbsp;<\/p>\n<table width=\"750\">\n<thead>\n<tr>\n<td colspan=\"2\">Toplam titre\u015fim de\u011feri (\u00dcst y\u00fczey z\u0131mparalama (kaz\u0131ma))<\/td>\n<\/tr>\n<\/thead>\n<tbody>\n<tr>\n<td>Titre\u015fim emisyon de\u011feri ah<\/td>\n<td>6\u00a0m\/s\u00b2<\/td>\n<\/tr>\n<tr>\n<td>Tolerans K<\/td>\n<td>1,5\u00a0m\/s\u00b2<\/td>\n<\/tr>\n<\/tbody>\n<\/table>\n<p>&nbsp;<\/p>\n<table width=\"750\">\n<thead>\n<tr>\n<td colspan=\"2\">Toplam titre\u015fim de\u011feri (Z\u0131mpara ka\u011f\u0131d\u0131 ile z\u0131mparalama)<\/td>\n<\/tr>\n<\/thead>\n<tbody>\n<tr>\n<td>Titre\u015fim emisyon de\u011feri ah<\/td>\n<td>4\u00a0m\/s\u00b2<\/td>\n<\/tr>\n<tr>\n<td>Tolerans K<\/td>\n<td>1,5\u00a0m\/s\u00b2<\/td>\n<\/tr>\n<\/tbody>\n<\/table>\n<p>* Vurgulanan Veriler<\/p>\n<p>Elektrikli el aletinin A-dereceli g\u00fcr\u00fclt\u00fc seviyesi tipik olarak \u015fu de\u011ferlere sahiptir: Ses bas\u0131nc\u0131 seviyesi 91 dB(A); Ses performans\u0131 seviyesi 102 dB(A). K belirsizli\u011fi= 3 dB.<\/p>\n","protected":false},"excerpt":{"rendered":"<p>Teknik veriler Ek veriler Nominal giri\u015f g\u00fcc\u00fc* 1.900\u00a0W R\u00f6lanti devir say\u0131s\u0131* 2.800 \u2013 11.500\u00a0dev\/dak Disk \u00e7ap\u0131* 125\u00a0mm \u00c7\u0131k\u0131\u015f g\u00fcc\u00fc 1.220\u00a0W Ta\u015flama mili di\u015fi M 14 Lastik z\u0131mpara taban\u0131 \u00e7ap\u0131 125\u00a0mm \u00c7anak f\u0131r\u00e7a \u00e7ap\u0131 75\u00a0mm Tak\u0131m \u00f6l\u00e7\u00fcleri (uzunluk) 311\u00a0mm Tak\u0131m \u00f6l\u00e7\u00fcleri (y\u00fckseklik) 103\u00a0mm A\u011f\u0131rl\u0131k 2,4\u00a0kg \u015ealter 2 kanall\u0131 &nbsp; Toplam titre\u015fim de\u011feri (\u00dcst y\u00fczey z\u0131mparalama (kaz\u0131ma)) Titre\u015fim emisyon de\u011feri ah 6\u00a0m\/s\u00b2 [&hellip;]<\/p>\n","protected":false},"featured_media":9801,"comment_status":"open","ping_status":"closed","template":"","meta":[],"product_brand":[],"product_cat":[15,52,71],"product_tag":[],"class_list":{"0":"post-9799","1":"product","2":"type-product","3":"status-publish","4":"has-post-thumbnail","6":"product_cat-genel","7":"product_cat-akulu-aletler","8":"product_cat-zimpara-ve-taslama-makinalari","10":"first","11":"instock","12":"shipping-taxable","13":"product-type-simple"},"_links":{"self":[{"href":"http:\/\/basakcilastik.com.tr\/index.php?rest_route=\/wp\/v2\/product\/9799","targetHints":{"allow":["GET"]}}],"collection":[{"href":"http:\/\/basakcilastik.com.tr\/index.php?rest_route=\/wp\/v2\/product"}],"about":[{"href":"http:\/\/basakcilastik.com.tr\/index.php?rest_route=\/wp\/v2\/types\/product"}],"replies":[{"embeddable":true,"href":"http:\/\/basakcilastik.com.tr\/index.php?rest_route=%2Fwp%2Fv2%2Fcomments&post=9799"}],"wp:featuredmedia":[{"embeddable":true,"href":"http:\/\/basakcilastik.com.tr\/index.php?rest_route=\/wp\/v2\/media\/9801"}],"wp:attachment":[{"href":"http:\/\/basakcilastik.com.tr\/index.php?rest_route=%2Fwp%2Fv2%2Fmedia&parent=9799"}],"wp:term":[{"taxonomy":"product_brand","embeddable":true,"href":"http:\/\/basakcilastik.com.tr\/index.php?rest_route=%2Fwp%2Fv2%2Fproduct_brand&post=9799"},{"taxonomy":"product_cat","embeddable":true,"href":"http:\/\/basakcilastik.com.tr\/index.php?rest_route=%2Fwp%2Fv2%2Fproduct_cat&post=9799"},{"taxonomy":"product_tag","embeddable":true,"href":"http:\/\/basakcilastik.com.tr\/index.php?rest_route=%2Fwp%2Fv2%2Fproduct_tag&post=9799"}],"curies":[{"name":"wp","href":"https:\/\/api.w.org\/{rel}","templated":true}]}}