{"id":9701,"date":"2020-07-17T01:45:35","date_gmt":"2020-07-17T01:45:35","guid":{"rendered":"https:\/\/basakcilastik.com.tr\/?post_type=product&#038;p=9701"},"modified":"2020-07-17T01:45:36","modified_gmt":"2020-07-17T01:45:36","slug":"gop-55-36-professional-cok-yonlu-kesici","status":"publish","type":"product","link":"http:\/\/basakcilastik.com.tr\/?product=gop-55-36-professional-cok-yonlu-kesici","title":{"rendered":"GOP 55-36 Professional \u00c7ok Y\u00f6nl\u00fc Kesici"},"content":{"rendered":"<p>Teknik veriler<\/p>\n<table width=\"750\">\n<thead>\n<tr>\n<td colspan=\"2\">Ek veriler<\/td>\n<\/tr>\n<\/thead>\n<tbody>\n<tr>\n<td><strong>Nominal giri\u015f g\u00fcc\u00fc*<\/strong><\/td>\n<td><strong>550<\/strong>\u00a0<strong>W<\/strong><\/td>\n<\/tr>\n<tr>\n<td><strong>R\u00f6lantide sal\u0131n\u0131m*<\/strong><\/td>\n<td><strong>8.000 \u2013 20.000<\/strong>\u00a0<strong>titre\u015fim\/dak<\/strong><\/td>\n<\/tr>\n<tr>\n<td><strong>Sal\u0131n\u0131m a\u00e7\u0131s\u0131, sol ve sa\u011f*<\/strong><\/td>\n<td><strong>1,8<\/strong>\u00a0<strong>\u00b0<\/strong><\/td>\n<\/tr>\n<tr>\n<td>A\u011f\u0131rl\u0131k<\/td>\n<td>1,6\u00a0kg<\/td>\n<\/tr>\n<\/tbody>\n<\/table>\n<p>&nbsp;<\/p>\n<table width=\"750\">\n<thead>\n<tr>\n<td colspan=\"2\">Toplam titre\u015fim de\u011feri (Ta\u015flama)<\/td>\n<\/tr>\n<\/thead>\n<tbody>\n<tr>\n<td>Titre\u015fim emisyon de\u011feri ah<\/td>\n<td>3,5\u00a0m\/s\u00b2<\/td>\n<\/tr>\n<tr>\n<td>Tolerans K<\/td>\n<td>1,5\u00a0m\/s\u00b2<\/td>\n<\/tr>\n<\/tbody>\n<\/table>\n<p>&nbsp;<\/p>\n<table width=\"750\">\n<thead>\n<tr>\n<td colspan=\"2\">Toplam titre\u015fim de\u011feri (Dald\u0131rmaya uygun testere b\u0131\u00e7a\u011f\u0131 ile kesim)<\/td>\n<\/tr>\n<\/thead>\n<tbody>\n<tr>\n<td>Titre\u015fim emisyon de\u011feri ah<\/td>\n<td>10,5\u00a0m\/s\u00b2<\/td>\n<\/tr>\n<tr>\n<td>Tolerans K<\/td>\n<td>1,5\u00a0m\/s\u00b2<\/td>\n<\/tr>\n<\/tbody>\n<\/table>\n<p>&nbsp;<\/p>\n<table width=\"750\">\n<thead>\n<tr>\n<td colspan=\"2\">Toplam titre\u015fim de\u011feri (Segment testere b\u0131\u00e7a\u011f\u0131 ile kesim)<\/td>\n<\/tr>\n<\/thead>\n<tbody>\n<tr>\n<td>Titre\u015fim emisyon de\u011feri ah<\/td>\n<td>6,5\u00a0m\/s\u00b2<\/td>\n<\/tr>\n<tr>\n<td>Tolerans K<\/td>\n<td>1,5\u00a0m\/s\u00b2<\/td>\n<\/tr>\n<\/tbody>\n<\/table>\n<p>* Vurgulanan Veriler<\/p>\n<p>Elektrikli el aletinin A-dereceli g\u00fcr\u00fclt\u00fc seviyesi tipik olarak \u015fu de\u011ferlere sahiptir: Ses bas\u0131nc\u0131 seviyesi 81 dB(A); Ses performans\u0131 seviyesi 92 dB(A). K belirsizli\u011fi= 3 dB.<\/p>\n","protected":false},"excerpt":{"rendered":"<p>Teknik veriler Ek veriler Nominal giri\u015f g\u00fcc\u00fc* 550\u00a0W R\u00f6lantide sal\u0131n\u0131m* 8.000 \u2013 20.000\u00a0titre\u015fim\/dak Sal\u0131n\u0131m a\u00e7\u0131s\u0131, sol ve sa\u011f* 1,8\u00a0\u00b0 A\u011f\u0131rl\u0131k 1,6\u00a0kg &nbsp; Toplam titre\u015fim de\u011feri (Ta\u015flama) Titre\u015fim emisyon de\u011feri ah 3,5\u00a0m\/s\u00b2 Tolerans K 1,5\u00a0m\/s\u00b2 &nbsp; Toplam titre\u015fim de\u011feri (Dald\u0131rmaya uygun testere b\u0131\u00e7a\u011f\u0131 ile kesim) Titre\u015fim emisyon de\u011feri ah 10,5\u00a0m\/s\u00b2 Tolerans K 1,5\u00a0m\/s\u00b2 &nbsp; Toplam titre\u015fim de\u011feri (Segment testere b\u0131\u00e7a\u011f\u0131 ile [&hellip;]<\/p>\n","protected":false},"featured_media":9703,"comment_status":"open","ping_status":"closed","template":"","meta":[],"product_brand":[],"product_cat":[15,52,71],"product_tag":[],"class_list":{"0":"post-9701","1":"product","2":"type-product","3":"status-publish","4":"has-post-thumbnail","6":"product_cat-genel","7":"product_cat-akulu-aletler","8":"product_cat-zimpara-ve-taslama-makinalari","10":"first","11":"instock","12":"shipping-taxable","13":"product-type-simple"},"_links":{"self":[{"href":"http:\/\/basakcilastik.com.tr\/index.php?rest_route=\/wp\/v2\/product\/9701","targetHints":{"allow":["GET"]}}],"collection":[{"href":"http:\/\/basakcilastik.com.tr\/index.php?rest_route=\/wp\/v2\/product"}],"about":[{"href":"http:\/\/basakcilastik.com.tr\/index.php?rest_route=\/wp\/v2\/types\/product"}],"replies":[{"embeddable":true,"href":"http:\/\/basakcilastik.com.tr\/index.php?rest_route=%2Fwp%2Fv2%2Fcomments&post=9701"}],"wp:featuredmedia":[{"embeddable":true,"href":"http:\/\/basakcilastik.com.tr\/index.php?rest_route=\/wp\/v2\/media\/9703"}],"wp:attachment":[{"href":"http:\/\/basakcilastik.com.tr\/index.php?rest_route=%2Fwp%2Fv2%2Fmedia&parent=9701"}],"wp:term":[{"taxonomy":"product_brand","embeddable":true,"href":"http:\/\/basakcilastik.com.tr\/index.php?rest_route=%2Fwp%2Fv2%2Fproduct_brand&post=9701"},{"taxonomy":"product_cat","embeddable":true,"href":"http:\/\/basakcilastik.com.tr\/index.php?rest_route=%2Fwp%2Fv2%2Fproduct_cat&post=9701"},{"taxonomy":"product_tag","embeddable":true,"href":"http:\/\/basakcilastik.com.tr\/index.php?rest_route=%2Fwp%2Fv2%2Fproduct_tag&post=9701"}],"curies":[{"name":"wp","href":"https:\/\/api.w.org\/{rel}","templated":true}]}}