{"id":9658,"date":"2020-07-17T01:32:00","date_gmt":"2020-07-17T01:32:00","guid":{"rendered":"https:\/\/basakcilastik.com.tr\/?post_type=product&#038;p=9658"},"modified":"2020-07-17T01:32:01","modified_gmt":"2020-07-17T01:32:01","slug":"ay-salomasi-adaptor-26410","status":"publish","type":"product","link":"http:\/\/basakcilastik.com.tr\/?product=ay-salomasi-adaptor-26410","title":{"rendered":"AY \u015eALOMASI ADAPT\u00d6R 26410"},"content":{"rendered":"<p>Teknik \u00d6zellik<\/p>\n<p>Teknik \u00d6zellikler<\/p>\n<ul>\n<li>Kaynak ve tavlama yap\u0131lmak istenilen par\u00e7ay\u0131 ayn\u0131 anda iki farkl\u0131 noktadan \u0131s\u0131tabilme \u00f6zelli\u011fine sahiptir. Bu \u00f6zelli\u011fi sayesinde daha k\u0131sa s\u00fcrede i\u015flem yap\u0131lmas\u0131n\u0131 sa\u011flar.<\/li>\n<li>Esnek kol tasar\u0131m\u0131 ile istenilen \u00e7apa \/ boya g\u00f6re ayarlama yapma imkan\u0131.<\/li>\n<li>Kullan\u0131laca\u011f\u0131 alana g\u00f6re 4 farkl\u0131 bek ucuna sahiptir. A\u015fa\u011f\u0131da verilen tabloda set kodlar\u0131 ve bek ucu bilgileri verilmi\u015ftir.<\/li>\n<li><strong>Kullan\u0131ld\u0131\u011f\u0131 gaz cinsi :<\/strong>Oksijen \u2013 Propan \/ Oksijen &#8211; Do\u011falgaz<\/li>\n<li>\u00d86 &#8211; \u00d88 mm hortumlara uygun ba\u011flant\u0131 rakoru<\/li>\n<li>Oksijen ba\u011flant\u0131s\u0131 UNF 9\/16&#8243; x 18<\/li>\n<li>Yan\u0131c\u0131 Gaz ba\u011flant\u0131s\u0131 UNF 9\/16&#8243; x 18 Sol<\/li>\n<\/ul>\n","protected":false},"excerpt":{"rendered":"<p>Teknik \u00d6zellik Teknik \u00d6zellikler Kaynak ve tavlama yap\u0131lmak istenilen par\u00e7ay\u0131 ayn\u0131 anda iki farkl\u0131 noktadan \u0131s\u0131tabilme \u00f6zelli\u011fine sahiptir. Bu \u00f6zelli\u011fi sayesinde daha k\u0131sa s\u00fcrede i\u015flem yap\u0131lmas\u0131n\u0131 sa\u011flar. Esnek kol tasar\u0131m\u0131 ile istenilen \u00e7apa \/ boya g\u00f6re ayarlama yapma imkan\u0131. Kullan\u0131laca\u011f\u0131 alana g\u00f6re 4 farkl\u0131 bek ucuna sahiptir. A\u015fa\u011f\u0131da verilen tabloda set kodlar\u0131 ve bek ucu bilgileri verilmi\u015ftir. Kullan\u0131ld\u0131\u011f\u0131 gaz cinsi [&hellip;]<\/p>\n","protected":false},"featured_media":9660,"comment_status":"open","ping_status":"closed","template":"","meta":[],"product_brand":[],"product_cat":[15,132,131],"product_tag":[],"class_list":{"0":"post-9658","1":"product","2":"type-product","3":"status-publish","4":"has-post-thumbnail","6":"product_cat-genel","7":"product_cat-gaz-armaturleri","8":"product_cat-gaz-armaturleri-basinc-dusuruculer","10":"first","11":"instock","12":"shipping-taxable","13":"product-type-simple"},"_links":{"self":[{"href":"http:\/\/basakcilastik.com.tr\/index.php?rest_route=\/wp\/v2\/product\/9658","targetHints":{"allow":["GET"]}}],"collection":[{"href":"http:\/\/basakcilastik.com.tr\/index.php?rest_route=\/wp\/v2\/product"}],"about":[{"href":"http:\/\/basakcilastik.com.tr\/index.php?rest_route=\/wp\/v2\/types\/product"}],"replies":[{"embeddable":true,"href":"http:\/\/basakcilastik.com.tr\/index.php?rest_route=%2Fwp%2Fv2%2Fcomments&post=9658"}],"wp:featuredmedia":[{"embeddable":true,"href":"http:\/\/basakcilastik.com.tr\/index.php?rest_route=\/wp\/v2\/media\/9660"}],"wp:attachment":[{"href":"http:\/\/basakcilastik.com.tr\/index.php?rest_route=%2Fwp%2Fv2%2Fmedia&parent=9658"}],"wp:term":[{"taxonomy":"product_brand","embeddable":true,"href":"http:\/\/basakcilastik.com.tr\/index.php?rest_route=%2Fwp%2Fv2%2Fproduct_brand&post=9658"},{"taxonomy":"product_cat","embeddable":true,"href":"http:\/\/basakcilastik.com.tr\/index.php?rest_route=%2Fwp%2Fv2%2Fproduct_cat&post=9658"},{"taxonomy":"product_tag","embeddable":true,"href":"http:\/\/basakcilastik.com.tr\/index.php?rest_route=%2Fwp%2Fv2%2Fproduct_tag&post=9658"}],"curies":[{"name":"wp","href":"https:\/\/api.w.org\/{rel}","templated":true}]}}