{"id":9576,"date":"2020-07-17T00:48:27","date_gmt":"2020-07-17T00:48:27","guid":{"rendered":"https:\/\/basakcilastik.com.tr\/?post_type=product&#038;p=9576"},"modified":"2020-07-17T00:48:28","modified_gmt":"2020-07-17T00:48:28","slug":"dewalt-dwp352vs-qs-1010w-75mm-profesyonel-tank-zimpara","status":"publish","type":"product","link":"http:\/\/basakcilastik.com.tr\/?product=dewalt-dwp352vs-qs-1010w-75mm-profesyonel-tank-zimpara","title":{"rendered":"Dewalt DWP352VS-QS 1010W 75mm Profesyonel Tank Z\u0131mpara"},"content":{"rendered":"<table width=\"1016\">\n<tbody>\n<tr>\n<td><strong>Dewalt DWP352VS-QS 1010W 75mm Profesyonel Tank Z\u0131mpara<\/strong><\/p>\n<p>Dewalt DWP352VS 1010Watt 75mm Profesyonel Tank Z\u0131mpara<br \/>\nKay\u0131\u015f h\u0131z\u0131 270 &#8211; 440 m\/dk<br \/>\nKay\u0131\u015f \u00f6l\u00e7\u00fcs\u00fc 75x533mm<br \/>\nZ\u0131mparalama \u00f6l\u00e7\u00fcs\u00fc 75x140mm<br \/>\nManuel s\u00fcr\u00fc\u015fle beraber otomatik takip, kay\u0131\u015f\u0131n kullan\u0131c\u0131 ihtiya\u00e7lar\u0131na do\u011fru \u015fekilde uyum g\u00f6stermesini sa\u011flar<br \/>\nDaha verimli z\u0131mparalama performans\u0131 ve ka\u011f\u0131t \u00f6mr\u00fc i\u00e7in entegre toz hazneli veya toz atma ba\u011flant\u0131l\u0131 toz emme<br \/>\n\u00dc\u00e7 silindirli tasar\u0131m z\u0131mpara kay\u0131\u015f\u0131n\u0131n temas y\u00fczeyini artt\u0131r\u0131r ve daha iyi z\u0131mpara performans\u0131 sa\u011flar<br \/>\n\u0130ki adet tutma kolu ile dengeli ve kontroll\u00fc kullan\u0131m, tek el ile de kullan\u0131labilir<br \/>\nKaymayan tutma yeri ve g\u00f6vde kavramalar\u0131 sayesinde uzun sureli kullan\u0131mda dahi \u00fcst\u00fcn konfor ve kontrol sa\u011flar<br \/>\nDaha verimli z\u0131mparalama performans\u0131 ve ka\u011f\u0131t \u00f6mr\u00fc i\u00e7in entegre toz torbal\u0131 veya toz atma ba\u011flant\u0131l\u0131 toz emme<br \/>\nA\u011f\u0131rl\u0131k 7,6 Kg<br \/>\nStandart Ekipman; Toz toplama haznesi<\/td>\n<\/tr>\n<\/tbody>\n<\/table>\n<p>&nbsp;<\/p>\n<table width=\"1016\">\n<tbody>\n<tr>\n<td>\n<table width=\"1016\">\n<tbody>\n<tr>\n<td><\/td>\n<\/tr>\n<\/tbody>\n<\/table>\n<p>&nbsp;<\/p>\n<table width=\"1016\">\n<tbody>\n<tr>\n<td>\n<table width=\"920\">\n<tbody>\n<tr>\n<td width=\"368\"><strong>G\u00fc\u00e7 (W)<\/strong><\/td>\n<td>1010 W<\/td>\n<\/tr>\n<tr>\n<td width=\"368\"><strong>Z\u0131mpara \u00d6l\u00e7\u00fcs\u00fc (mm)<\/strong><\/td>\n<td>533 x 75 mm<\/td>\n<\/tr>\n<\/tbody>\n<\/table>\n<\/td>\n<\/tr>\n<\/tbody>\n<\/table>\n<\/td>\n<\/tr>\n<\/tbody>\n<\/table>\n<p>&nbsp;<\/p>\n","protected":false},"excerpt":{"rendered":"<p>Dewalt DWP352VS-QS 1010W 75mm Profesyonel Tank Z\u0131mpara Dewalt DWP352VS 1010Watt 75mm Profesyonel Tank Z\u0131mpara Kay\u0131\u015f h\u0131z\u0131 270 &#8211; 440 m\/dk Kay\u0131\u015f \u00f6l\u00e7\u00fcs\u00fc 75x533mm Z\u0131mparalama \u00f6l\u00e7\u00fcs\u00fc 75x140mm Manuel s\u00fcr\u00fc\u015fle beraber otomatik takip, kay\u0131\u015f\u0131n kullan\u0131c\u0131 ihtiya\u00e7lar\u0131na do\u011fru \u015fekilde uyum g\u00f6stermesini sa\u011flar Daha verimli z\u0131mparalama performans\u0131 ve ka\u011f\u0131t \u00f6mr\u00fc i\u00e7in entegre toz hazneli veya toz atma ba\u011flant\u0131l\u0131 toz emme \u00dc\u00e7 silindirli tasar\u0131m z\u0131mpara [&hellip;]<\/p>\n","protected":false},"featured_media":9579,"comment_status":"open","ping_status":"closed","template":"","meta":[],"product_brand":[],"product_cat":[15,52,71],"product_tag":[],"class_list":{"0":"post-9576","1":"product","2":"type-product","3":"status-publish","4":"has-post-thumbnail","6":"product_cat-genel","7":"product_cat-akulu-aletler","8":"product_cat-zimpara-ve-taslama-makinalari","10":"first","11":"instock","12":"shipping-taxable","13":"product-type-simple"},"_links":{"self":[{"href":"http:\/\/basakcilastik.com.tr\/index.php?rest_route=\/wp\/v2\/product\/9576","targetHints":{"allow":["GET"]}}],"collection":[{"href":"http:\/\/basakcilastik.com.tr\/index.php?rest_route=\/wp\/v2\/product"}],"about":[{"href":"http:\/\/basakcilastik.com.tr\/index.php?rest_route=\/wp\/v2\/types\/product"}],"replies":[{"embeddable":true,"href":"http:\/\/basakcilastik.com.tr\/index.php?rest_route=%2Fwp%2Fv2%2Fcomments&post=9576"}],"wp:featuredmedia":[{"embeddable":true,"href":"http:\/\/basakcilastik.com.tr\/index.php?rest_route=\/wp\/v2\/media\/9579"}],"wp:attachment":[{"href":"http:\/\/basakcilastik.com.tr\/index.php?rest_route=%2Fwp%2Fv2%2Fmedia&parent=9576"}],"wp:term":[{"taxonomy":"product_brand","embeddable":true,"href":"http:\/\/basakcilastik.com.tr\/index.php?rest_route=%2Fwp%2Fv2%2Fproduct_brand&post=9576"},{"taxonomy":"product_cat","embeddable":true,"href":"http:\/\/basakcilastik.com.tr\/index.php?rest_route=%2Fwp%2Fv2%2Fproduct_cat&post=9576"},{"taxonomy":"product_tag","embeddable":true,"href":"http:\/\/basakcilastik.com.tr\/index.php?rest_route=%2Fwp%2Fv2%2Fproduct_tag&post=9576"}],"curies":[{"name":"wp","href":"https:\/\/api.w.org\/{rel}","templated":true}]}}