{"id":9566,"date":"2020-07-17T00:44:31","date_gmt":"2020-07-17T00:44:31","guid":{"rendered":"https:\/\/basakcilastik.com.tr\/?post_type=product&#038;p=9566"},"modified":"2020-07-17T00:44:32","modified_gmt":"2020-07-17T00:44:32","slug":"dewalt-dwe6411-qs-230w-14-tabaka-profesyonel-titresimli-zimpara","status":"publish","type":"product","link":"http:\/\/basakcilastik.com.tr\/?product=dewalt-dwe6411-qs-230w-14-tabaka-profesyonel-titresimli-zimpara","title":{"rendered":"Dewalt DWE6411-QS 230W 14 Tabaka Profesyonel Titre\u015fimli Z\u0131mpara"},"content":{"rendered":"<table width=\"1016\">\n<tbody>\n<tr>\n<td><strong>Dewalt DWE6411-QS 230W 1\/4 Tabaka Profesyonel Titre\u015fimli Z\u0131mpara<\/strong><\/p>\n<p>Dewalt DWE6411 230Watt 1\/4 Tabaka Profesyonel Titre\u015fimli Z\u0131mpara Y\u00fcks\u00fck h\u0131z\u0131 14000 devir\/dak Dak. Titre\u015fim adedi 28000 tit\/dak Y\u00f6r\u00fcnge \u00e7ap\u0131 1.4mm Z\u0131mpara taban\u0131 140x115mm Taban \u00f6l\u00e7\u00fcs\u00fc 108x115mm 230Watt motor, 14,000 dev\/dak \u2019da z\u0131mparalar, p\u00fcr\u00fczs\u00fcz y\u00fczeyler sa\u011flar Daha verimli z\u0131mparalama performans\u0131 ve ka\u011f\u0131t \u00f6mr\u00fc i\u00e7in entegre toz torbal\u0131 veya toz atma ba\u011flant\u0131l\u0131 toz emme ile temiz ve rahat kullan\u0131m sa\u011flar %100 rulman yap\u0131 ile uzun kullan\u0131m \u00f6mr\u00fc \u00c7ift sat\u0131hl\u0131 kar\u015f\u0131 denge ile d\u00fc\u015f\u00fck titre\u015fimli tasar\u0131m yorgunlu\u011fu azalt\u0131r Kaymayan tutma yeri ve g\u00f6vde kavramalar\u0131 sayesinde uzun sureli kullan\u0131mda dahi \u00fcst\u00fcn konfor ve kontrol sa\u011flar A\u011f\u0131rl\u0131k 1,2 Kg Standart Ekipman; Entegre toz atma adapt\u00f6rl\u00fc, toz torbas\u0131<\/td>\n<\/tr>\n<\/tbody>\n<\/table>\n<p>&nbsp;<\/p>\n<table width=\"1016\">\n<tbody>\n<tr>\n<td>\n<table width=\"1016\">\n<tbody>\n<tr>\n<td><\/td>\n<\/tr>\n<\/tbody>\n<\/table>\n<p>&nbsp;<\/p>\n<table width=\"1016\">\n<tbody>\n<tr>\n<td>\n<table width=\"920\">\n<tbody>\n<tr>\n<td width=\"368\"><strong>G\u00fc\u00e7 (W)<\/strong><\/td>\n<td>230 W<\/td>\n<\/tr>\n<tr>\n<td width=\"368\"><strong>Maksimum H\u0131z (Devir\/Dakika)<\/strong><\/td>\n<td>14000<\/td>\n<\/tr>\n<tr>\n<td width=\"368\"><strong>Minimum H\u0131z (Devir\/Dakika)<\/strong><\/td>\n<td>14000<\/td>\n<\/tr>\n<tr>\n<td width=\"368\"><strong>Z\u0131mpara \u00d6l\u00e7\u00fcs\u00fc (mm)<\/strong><\/td>\n<td>115 x 108 mm<\/td>\n<\/tr>\n<\/tbody>\n<\/table>\n<\/td>\n<\/tr>\n<\/tbody>\n<\/table>\n<\/td>\n<\/tr>\n<\/tbody>\n<\/table>\n","protected":false},"excerpt":{"rendered":"<p>Dewalt DWE6411-QS 230W 1\/4 Tabaka Profesyonel Titre\u015fimli Z\u0131mpara Dewalt DWE6411 230Watt 1\/4 Tabaka Profesyonel Titre\u015fimli Z\u0131mpara Y\u00fcks\u00fck h\u0131z\u0131 14000 devir\/dak Dak. Titre\u015fim adedi 28000 tit\/dak Y\u00f6r\u00fcnge \u00e7ap\u0131 1.4mm Z\u0131mpara taban\u0131 140x115mm Taban \u00f6l\u00e7\u00fcs\u00fc 108x115mm 230Watt motor, 14,000 dev\/dak \u2019da z\u0131mparalar, p\u00fcr\u00fczs\u00fcz y\u00fczeyler sa\u011flar Daha verimli z\u0131mparalama performans\u0131 ve ka\u011f\u0131t \u00f6mr\u00fc i\u00e7in entegre toz torbal\u0131 veya toz atma ba\u011flant\u0131l\u0131 toz emme [&hellip;]<\/p>\n","protected":false},"featured_media":9569,"comment_status":"open","ping_status":"closed","template":"","meta":[],"product_brand":[],"product_cat":[15,52,71],"product_tag":[],"class_list":{"0":"post-9566","1":"product","2":"type-product","3":"status-publish","4":"has-post-thumbnail","6":"product_cat-genel","7":"product_cat-akulu-aletler","8":"product_cat-zimpara-ve-taslama-makinalari","10":"first","11":"instock","12":"shipping-taxable","13":"product-type-simple"},"_links":{"self":[{"href":"http:\/\/basakcilastik.com.tr\/index.php?rest_route=\/wp\/v2\/product\/9566","targetHints":{"allow":["GET"]}}],"collection":[{"href":"http:\/\/basakcilastik.com.tr\/index.php?rest_route=\/wp\/v2\/product"}],"about":[{"href":"http:\/\/basakcilastik.com.tr\/index.php?rest_route=\/wp\/v2\/types\/product"}],"replies":[{"embeddable":true,"href":"http:\/\/basakcilastik.com.tr\/index.php?rest_route=%2Fwp%2Fv2%2Fcomments&post=9566"}],"wp:featuredmedia":[{"embeddable":true,"href":"http:\/\/basakcilastik.com.tr\/index.php?rest_route=\/wp\/v2\/media\/9569"}],"wp:attachment":[{"href":"http:\/\/basakcilastik.com.tr\/index.php?rest_route=%2Fwp%2Fv2%2Fmedia&parent=9566"}],"wp:term":[{"taxonomy":"product_brand","embeddable":true,"href":"http:\/\/basakcilastik.com.tr\/index.php?rest_route=%2Fwp%2Fv2%2Fproduct_brand&post=9566"},{"taxonomy":"product_cat","embeddable":true,"href":"http:\/\/basakcilastik.com.tr\/index.php?rest_route=%2Fwp%2Fv2%2Fproduct_cat&post=9566"},{"taxonomy":"product_tag","embeddable":true,"href":"http:\/\/basakcilastik.com.tr\/index.php?rest_route=%2Fwp%2Fv2%2Fproduct_tag&post=9566"}],"curies":[{"name":"wp","href":"https:\/\/api.w.org\/{rel}","templated":true}]}}