{"id":9490,"date":"2020-07-16T23:59:41","date_gmt":"2020-07-16T23:59:41","guid":{"rendered":"https:\/\/basakcilastik.com.tr\/?post_type=product&#038;p=9490"},"modified":"2020-07-16T23:59:41","modified_gmt":"2020-07-16T23:59:41","slug":"senel-m16-k1-kilavuz-cekme","status":"publish","type":"product","link":"http:\/\/basakcilastik.com.tr\/?product=senel-m16-k1-kilavuz-cekme","title":{"rendered":"\u015eenel M16-K1 K\u0131lavuz \u00c7ekme"},"content":{"rendered":"<p>\u00dcr\u00fcn \u00d6zellikleri<\/p>\n<p><strong>Masa Matkaplar\u0131 Genel \u00d6zellikler<\/strong><\/p>\n<table>\n<tbody>\n<tr>\n<td><strong>&#8211; A\u011f\u0131r sanayiye uygun<\/strong>, sa\u011flam pik d\u00f6k\u00fcm konstr\u00fcksiyon, ergonomik dizayn.<br \/>\n&#8211;\u00a0Ana mil hassas ta\u015flanm\u0131\u015ft\u0131r.<br \/>\n&#8211;\u00a0\u0130\u015f mili end\u00fcksiyonlanm\u0131\u015f, hassas ta\u015flanm\u0131\u015f ve rijit olarak yataklanm\u0131\u015ft\u0131r.<br \/>\n&#8211;\u00a0\u0130\u015f mili bir bro\u015f sistemi ile kasna\u011fa monte edilmi\u015ftir. Bo\u015fluk, g\u00fcr\u00fclt\u00fc ve salg\u0131 minimum seviyededir.<br \/>\n&#8211;\u00a0Yay sistemi g\u00f6vde d\u0131\u015f\u0131na monte edilerek dayan\u0131m\u0131 artt\u0131r\u0131lm\u0131\u015ft\u0131r.<br \/>\n&#8211; \u00a0T\u00fcm tezgah g\u00f6vdesi solvent ile temizlenip macun ve z\u0131mpara at\u0131ld\u0131ktan sonra, 1 kat\u00a0astar boya + 1 kat end\u00fcstriyel boya uygulanm\u0131\u015ft\u0131r.<br \/>\n&#8211; Kullan\u0131lan t\u00fcm komponentler 1. kalitedir.<br \/>\n&#8211; Yedek par\u00e7a sorunu yoktur.<\/p>\n<p>&nbsp;<\/p>\n<p>&#8211;\u00a0Motor, sivi\u00e7, kontakt\u00f6rler ve t\u00fcm elektrik malzemeleri CE belgelidir.<\/p>\n<p>&nbsp;<\/td>\n<\/tr>\n<\/tbody>\n<\/table>\n<p>Teknik \u00d6zellikler<\/p>\n<ul>\n<li>Maksimum Delme \u00c7ap\u0131mm16<\/li>\n<li>K\u0131lavuz \u00c7ap\u0131M12<\/li>\n<li>Motor G\u00fcc\u00fckW0,55<\/li>\n<li>Motor \u00c7\u0131k\u0131\u015f Devrid\/dk900<\/li>\n<li>\u0130\u015f Mili Devridev\/dkY\u00fcksek &#8211; 450-4500 \/ D\u00fc\u015f\u00fck &#8211; 280-2800<\/li>\n<li>\u0130\u015f Mili Devir Kapasitesi5<\/li>\n<li>Boyutlar ( ExBxY )mm480x700x730<\/li>\n<li>A\u011f\u0131rl\u0131kkg97<\/li>\n<li>\u0130\u015f Mili Ucu &#8211; Tabla Aras\u0131 Max-Minmm400-145<\/li>\n<li>\u0130\u015f Mili Strokmm100<\/li>\n<li>\u0130\u015f Mili Koni\u011fi2MK-B16<\/li>\n<\/ul>\n","protected":false},"excerpt":{"rendered":"<p>\u00dcr\u00fcn \u00d6zellikleri Masa Matkaplar\u0131 Genel \u00d6zellikler &#8211; A\u011f\u0131r sanayiye uygun, sa\u011flam pik d\u00f6k\u00fcm konstr\u00fcksiyon, ergonomik dizayn. &#8211;\u00a0Ana mil hassas ta\u015flanm\u0131\u015ft\u0131r. &#8211;\u00a0\u0130\u015f mili end\u00fcksiyonlanm\u0131\u015f, hassas ta\u015flanm\u0131\u015f ve rijit olarak yataklanm\u0131\u015ft\u0131r. &#8211;\u00a0\u0130\u015f mili bir bro\u015f sistemi ile kasna\u011fa monte edilmi\u015ftir. Bo\u015fluk, g\u00fcr\u00fclt\u00fc ve salg\u0131 minimum seviyededir. &#8211;\u00a0Yay sistemi g\u00f6vde d\u0131\u015f\u0131na monte edilerek dayan\u0131m\u0131 artt\u0131r\u0131lm\u0131\u015ft\u0131r. &#8211; \u00a0T\u00fcm tezgah g\u00f6vdesi solvent ile temizlenip macun [&hellip;]<\/p>\n","protected":false},"featured_media":9491,"comment_status":"open","ping_status":"closed","template":"","meta":[],"product_brand":[],"product_cat":[15,52,65],"product_tag":[],"class_list":{"0":"post-9490","1":"product","2":"type-product","3":"status-publish","4":"has-post-thumbnail","6":"product_cat-genel","7":"product_cat-akulu-aletler","8":"product_cat-sarjli-aletler","10":"first","11":"instock","12":"shipping-taxable","13":"product-type-simple"},"_links":{"self":[{"href":"http:\/\/basakcilastik.com.tr\/index.php?rest_route=\/wp\/v2\/product\/9490","targetHints":{"allow":["GET"]}}],"collection":[{"href":"http:\/\/basakcilastik.com.tr\/index.php?rest_route=\/wp\/v2\/product"}],"about":[{"href":"http:\/\/basakcilastik.com.tr\/index.php?rest_route=\/wp\/v2\/types\/product"}],"replies":[{"embeddable":true,"href":"http:\/\/basakcilastik.com.tr\/index.php?rest_route=%2Fwp%2Fv2%2Fcomments&post=9490"}],"wp:featuredmedia":[{"embeddable":true,"href":"http:\/\/basakcilastik.com.tr\/index.php?rest_route=\/wp\/v2\/media\/9491"}],"wp:attachment":[{"href":"http:\/\/basakcilastik.com.tr\/index.php?rest_route=%2Fwp%2Fv2%2Fmedia&parent=9490"}],"wp:term":[{"taxonomy":"product_brand","embeddable":true,"href":"http:\/\/basakcilastik.com.tr\/index.php?rest_route=%2Fwp%2Fv2%2Fproduct_brand&post=9490"},{"taxonomy":"product_cat","embeddable":true,"href":"http:\/\/basakcilastik.com.tr\/index.php?rest_route=%2Fwp%2Fv2%2Fproduct_cat&post=9490"},{"taxonomy":"product_tag","embeddable":true,"href":"http:\/\/basakcilastik.com.tr\/index.php?rest_route=%2Fwp%2Fv2%2Fproduct_tag&post=9490"}],"curies":[{"name":"wp","href":"https:\/\/api.w.org\/{rel}","templated":true}]}}