{"id":9311,"date":"2020-07-16T22:59:57","date_gmt":"2020-07-16T22:59:57","guid":{"rendered":"https:\/\/basakcilastik.com.tr\/?post_type=product&#038;p=9311"},"modified":"2020-07-16T22:59:57","modified_gmt":"2020-07-16T22:59:57","slug":"ghg-20-60-professional-sicak-hava-tabancasi","status":"publish","type":"product","link":"http:\/\/basakcilastik.com.tr\/?product=ghg-20-60-professional-sicak-hava-tabancasi","title":{"rendered":"GHG 20-60 Professional S\u0131cak Hava Tabancas\u0131"},"content":{"rendered":"<p>Teknik veriler<\/p>\n<table width=\"750\">\n<thead>\n<tr>\n<td colspan=\"2\">Ek veriler<\/td>\n<\/tr>\n<\/thead>\n<tbody>\n<tr>\n<td><strong>Nominal giri\u015f g\u00fcc\u00fc*<\/strong><\/td>\n<td><strong>2.000<\/strong>\u00a0<strong>W<\/strong><\/td>\n<\/tr>\n<tr>\n<td>A\u011f\u0131rl\u0131k<\/td>\n<td>0,6\u00a0kg<\/td>\n<\/tr>\n<tr>\n<td>Tak\u0131m \u00f6l\u00e7\u00fcleri (geni\u015flik)<\/td>\n<td>73,9\u00a0mm<\/td>\n<\/tr>\n<tr>\n<td>Tak\u0131m \u00f6l\u00e7\u00fcleri (uzunluk)<\/td>\n<td>339,5\u00a0mm<\/td>\n<\/tr>\n<tr>\n<td>Tak\u0131m \u00f6l\u00e7\u00fcleri (y\u00fckseklik)<\/td>\n<td>96,5\u00a0mm<\/td>\n<\/tr>\n<\/tbody>\n<\/table>\n<p>&nbsp;<\/p>\n<table width=\"750\">\n<thead>\n<tr>\n<td colspan=\"2\">Tan\u0131t\u0131m b\u00fcy\u00fckl\u00fckleri, kullan\u0131m\u0131<\/td>\n<\/tr>\n<\/thead>\n<tbody>\n<tr>\n<td><strong>\u00c7al\u0131\u015fma s\u0131cakl\u0131\u011f\u0131*<\/strong><\/td>\n<td><strong>50 \u2013 630<\/strong>\u00a0<strong>\u00b0C<\/strong><\/td>\n<\/tr>\n<tr>\n<td><strong>Hava ak\u0131m\u0131*<\/strong><\/td>\n<td><strong>150 \u2013 500<\/strong>\u00a0<strong>lt\/dak<\/strong><\/td>\n<\/tr>\n<tr>\n<td>Kademesiz s\u0131cakl\u0131k ayar\u0131<\/td>\n<td>+<\/td>\n<\/tr>\n<tr>\n<td>So\u011fuk hava kademesi, 50\u00b0C<\/td>\n<td>&#8211;<\/td>\n<\/tr>\n<tr>\n<td>D\u00fczenleme, hava ak\u0131m\u0131<\/td>\n<td>2 kademeli<\/td>\n<\/tr>\n<\/tbody>\n<\/table>\n<p>* Vurgulanan Veriler<\/p>\n<p>Elektrikli el aletinin A-dereceli g\u00fcr\u00fclt\u00fc seviyesi tipik olarak \u015fu de\u011ferlere sahiptir: Ses bas\u0131nc\u0131 seviyesi 70 dB(A); Ses performans\u0131 seviyesi dB(A). K belirsizli\u011fi= dB.<\/p>\n","protected":false},"excerpt":{"rendered":"<p>Teknik veriler Ek veriler Nominal giri\u015f g\u00fcc\u00fc* 2.000\u00a0W A\u011f\u0131rl\u0131k 0,6\u00a0kg Tak\u0131m \u00f6l\u00e7\u00fcleri (geni\u015flik) 73,9\u00a0mm Tak\u0131m \u00f6l\u00e7\u00fcleri (uzunluk) 339,5\u00a0mm Tak\u0131m \u00f6l\u00e7\u00fcleri (y\u00fckseklik) 96,5\u00a0mm &nbsp; Tan\u0131t\u0131m b\u00fcy\u00fckl\u00fckleri, kullan\u0131m\u0131 \u00c7al\u0131\u015fma s\u0131cakl\u0131\u011f\u0131* 50 \u2013 630\u00a0\u00b0C Hava ak\u0131m\u0131* 150 \u2013 500\u00a0lt\/dak Kademesiz s\u0131cakl\u0131k ayar\u0131 + So\u011fuk hava kademesi, 50\u00b0C &#8211; D\u00fczenleme, hava ak\u0131m\u0131 2 kademeli * Vurgulanan Veriler Elektrikli el aletinin A-dereceli g\u00fcr\u00fclt\u00fc seviyesi tipik [&hellip;]<\/p>\n","protected":false},"featured_media":9312,"comment_status":"open","ping_status":"closed","template":"","meta":[],"product_brand":[],"product_cat":[15,52,65],"product_tag":[],"class_list":{"0":"post-9311","1":"product","2":"type-product","3":"status-publish","4":"has-post-thumbnail","6":"product_cat-genel","7":"product_cat-akulu-aletler","8":"product_cat-sarjli-aletler","10":"first","11":"instock","12":"shipping-taxable","13":"product-type-simple"},"_links":{"self":[{"href":"http:\/\/basakcilastik.com.tr\/index.php?rest_route=\/wp\/v2\/product\/9311","targetHints":{"allow":["GET"]}}],"collection":[{"href":"http:\/\/basakcilastik.com.tr\/index.php?rest_route=\/wp\/v2\/product"}],"about":[{"href":"http:\/\/basakcilastik.com.tr\/index.php?rest_route=\/wp\/v2\/types\/product"}],"replies":[{"embeddable":true,"href":"http:\/\/basakcilastik.com.tr\/index.php?rest_route=%2Fwp%2Fv2%2Fcomments&post=9311"}],"wp:featuredmedia":[{"embeddable":true,"href":"http:\/\/basakcilastik.com.tr\/index.php?rest_route=\/wp\/v2\/media\/9312"}],"wp:attachment":[{"href":"http:\/\/basakcilastik.com.tr\/index.php?rest_route=%2Fwp%2Fv2%2Fmedia&parent=9311"}],"wp:term":[{"taxonomy":"product_brand","embeddable":true,"href":"http:\/\/basakcilastik.com.tr\/index.php?rest_route=%2Fwp%2Fv2%2Fproduct_brand&post=9311"},{"taxonomy":"product_cat","embeddable":true,"href":"http:\/\/basakcilastik.com.tr\/index.php?rest_route=%2Fwp%2Fv2%2Fproduct_cat&post=9311"},{"taxonomy":"product_tag","embeddable":true,"href":"http:\/\/basakcilastik.com.tr\/index.php?rest_route=%2Fwp%2Fv2%2Fproduct_tag&post=9311"}],"curies":[{"name":"wp","href":"https:\/\/api.w.org\/{rel}","templated":true}]}}