{"id":9088,"date":"2020-07-15T22:48:08","date_gmt":"2020-07-15T22:48:08","guid":{"rendered":"https:\/\/basakcilastik.com.tr\/?post_type=product&#038;p=9088"},"modified":"2020-07-15T22:48:08","modified_gmt":"2020-07-15T22:48:08","slug":"grl-500-hv-lr-50-professional-rotasyon-lazerleri","status":"publish","type":"product","link":"http:\/\/basakcilastik.com.tr\/?product=grl-500-hv-lr-50-professional-rotasyon-lazerleri","title":{"rendered":"GRL 500 HV + LR 50 Professional Rotasyon lazerleri"},"content":{"rendered":"<p>Teknik veriler<\/p>\n<table width=\"750\">\n<thead>\n<tr>\n<td colspan=\"2\">Ek veriler<\/td>\n<\/tr>\n<\/thead>\n<tbody>\n<tr>\n<td><strong>Al\u0131c\u0131 ile \u00e7al\u0131\u015fma aral\u0131\u011f\u0131*<\/strong><\/td>\n<td><strong>500 m (\u00c7ap)<\/strong><\/td>\n<\/tr>\n<tr>\n<td><strong>Nivelman hassasl\u0131\u011f\u0131*<\/strong><\/td>\n<td><strong>\u00b1 0,05 mm\/m yatay, \u00b1 0,1 mm\/m dikey<\/strong><\/td>\n<\/tr>\n<tr>\n<td>Lazer diyodu<\/td>\n<td>635 nm, &lt; 1 mW<\/td>\n<\/tr>\n<tr>\n<td>Kullan\u0131m s\u0131cakl\u0131\u011f\u0131, -den<\/td>\n<td>-10\u00a0\u00b0C<\/td>\n<\/tr>\n<tr>\n<td>\u0130\u015fletim s\u0131cakl\u0131\u011f\u0131, maks.<\/td>\n<td>50\u00a0\u00b0C<\/td>\n<\/tr>\n<tr>\n<td>\u0130\u015fletme s\u0131cakl\u0131\u011f\u0131<\/td>\n<td>-10 \u2013 50\u00a0\u00b0C<\/td>\n<\/tr>\n<tr>\n<td>Depolama s\u0131cakl\u0131\u011f\u0131, -den<\/td>\n<td>-20\u00a0\u00b0C<\/td>\n<\/tr>\n<tr>\n<td>Depolama s\u0131cakl\u0131\u011f\u0131, maks.<\/td>\n<td>70\u00a0\u00b0C<\/td>\n<\/tr>\n<tr>\n<td>Saklama s\u0131cakl\u0131\u011f\u0131<\/td>\n<td>-20 \u2013 70\u00a0\u00b0C<\/td>\n<\/tr>\n<tr>\n<td>Lazer s\u0131n\u0131f\u0131<\/td>\n<td>2<\/td>\n<\/tr>\n<tr>\n<td>Al\u0131c\u0131 ile \u00e7al\u0131\u015fma aral\u0131\u011f\u0131, de\u011fer<\/td>\n<td>500\u00a0m<\/td>\n<\/tr>\n<tr>\n<td>Al\u0131c\u0131 ile \u00e7al\u0131\u015fma aral\u0131\u011f\u0131, ek<\/td>\n<td>(\u00c7ap)<\/td>\n<\/tr>\n<tr>\n<td>Al\u0131c\u0131 olmadan \u00e7al\u0131\u015fma aral\u0131\u011f\u0131, de\u011fer<\/td>\n<td>20\u00a0m<\/td>\n<\/tr>\n<tr>\n<td>Al\u0131c\u0131 olmadan \u00e7al\u0131\u015fma aral\u0131\u011f\u0131, ek<\/td>\n<td>(\u00c7ap)<\/td>\n<\/tr>\n<tr>\n<td>Al\u0131c\u0131 olmadan \u00e7al\u0131\u015fma aral\u0131\u011f\u0131<\/td>\n<td>20 m (\u00c7ap)<\/td>\n<\/tr>\n<tr>\n<td><strong>Otomatik nivelman alan\u0131*<\/strong><\/td>\n<td><strong>%\u00b18,5 (\u00b15\u00b0)<\/strong><\/td>\n<\/tr>\n<tr>\n<td>Nivelman s\u00fcresi<\/td>\n<td>15\u00a0sn<\/td>\n<\/tr>\n<tr>\n<td>Toza ve p\u00fcsk\u00fcrtme suyuna kar\u015f\u0131 koruma<\/td>\n<td>IP 56<\/td>\n<\/tr>\n<tr>\n<td>Rotasyon h\u0131z\u0131<\/td>\n<td>600 dev\/dak<\/td>\n<\/tr>\n<tr>\n<td>I\u015f\u0131n \u00e7ap\u0131<\/td>\n<td>5 mm<\/td>\n<\/tr>\n<tr>\n<td>Ak\u0131m beslemesi<\/td>\n<td>4 x 7,4 V Lityum \u0130yon<\/td>\n<\/tr>\n<tr>\n<td>\u00c7al\u0131\u015fma s\u00fcresi, maks.<\/td>\n<td>25 sa<\/td>\n<\/tr>\n<tr>\n<td>Statif di\u015f<\/td>\n<td>2 x 5\/8&#8243;<\/td>\n<\/tr>\n<tr>\n<td>A\u011f\u0131rl\u0131\u011f\u0131, yak.<\/td>\n<td>2,3\u00a0kg<\/td>\n<\/tr>\n<tr>\n<td>Lazer \u00e7izgisinin rengi<\/td>\n<td>k\u0131rm\u0131z\u0131<\/td>\n<\/tr>\n<tr>\n<td>Yans\u0131tma<\/td>\n<td>1 x 360\u00b0 \u00e7izgi<\/td>\n<\/tr>\n<tr>\n<td>Uyumlu lazer al\u0131c\u0131lar\u0131<\/td>\n<td>LR 50<\/td>\n<\/tr>\n<\/tbody>\n<\/table>\n<p>* Vurgulanan Veriler<\/p>\n","protected":false},"excerpt":{"rendered":"<p>Teknik veriler Ek veriler Al\u0131c\u0131 ile \u00e7al\u0131\u015fma aral\u0131\u011f\u0131* 500 m (\u00c7ap) Nivelman hassasl\u0131\u011f\u0131* \u00b1 0,05 mm\/m yatay, \u00b1 0,1 mm\/m dikey Lazer diyodu 635 nm, &lt; 1 mW Kullan\u0131m s\u0131cakl\u0131\u011f\u0131, -den -10\u00a0\u00b0C \u0130\u015fletim s\u0131cakl\u0131\u011f\u0131, maks. 50\u00a0\u00b0C \u0130\u015fletme s\u0131cakl\u0131\u011f\u0131 -10 \u2013 50\u00a0\u00b0C Depolama s\u0131cakl\u0131\u011f\u0131, -den -20\u00a0\u00b0C Depolama s\u0131cakl\u0131\u011f\u0131, maks. 70\u00a0\u00b0C Saklama s\u0131cakl\u0131\u011f\u0131 -20 \u2013 70\u00a0\u00b0C Lazer s\u0131n\u0131f\u0131 2 Al\u0131c\u0131 ile \u00e7al\u0131\u015fma [&hellip;]<\/p>\n","protected":false},"featured_media":9089,"comment_status":"open","ping_status":"closed","template":"","meta":[],"product_brand":[],"product_cat":[15,52,62],"product_tag":[],"class_list":{"0":"post-9088","1":"product","2":"type-product","3":"status-publish","4":"has-post-thumbnail","6":"product_cat-genel","7":"product_cat-akulu-aletler","8":"product_cat-olcme-aletleri","10":"first","11":"instock","12":"shipping-taxable","13":"product-type-simple"},"_links":{"self":[{"href":"http:\/\/basakcilastik.com.tr\/index.php?rest_route=\/wp\/v2\/product\/9088","targetHints":{"allow":["GET"]}}],"collection":[{"href":"http:\/\/basakcilastik.com.tr\/index.php?rest_route=\/wp\/v2\/product"}],"about":[{"href":"http:\/\/basakcilastik.com.tr\/index.php?rest_route=\/wp\/v2\/types\/product"}],"replies":[{"embeddable":true,"href":"http:\/\/basakcilastik.com.tr\/index.php?rest_route=%2Fwp%2Fv2%2Fcomments&post=9088"}],"wp:featuredmedia":[{"embeddable":true,"href":"http:\/\/basakcilastik.com.tr\/index.php?rest_route=\/wp\/v2\/media\/9089"}],"wp:attachment":[{"href":"http:\/\/basakcilastik.com.tr\/index.php?rest_route=%2Fwp%2Fv2%2Fmedia&parent=9088"}],"wp:term":[{"taxonomy":"product_brand","embeddable":true,"href":"http:\/\/basakcilastik.com.tr\/index.php?rest_route=%2Fwp%2Fv2%2Fproduct_brand&post=9088"},{"taxonomy":"product_cat","embeddable":true,"href":"http:\/\/basakcilastik.com.tr\/index.php?rest_route=%2Fwp%2Fv2%2Fproduct_cat&post=9088"},{"taxonomy":"product_tag","embeddable":true,"href":"http:\/\/basakcilastik.com.tr\/index.php?rest_route=%2Fwp%2Fv2%2Fproduct_tag&post=9088"}],"curies":[{"name":"wp","href":"https:\/\/api.w.org\/{rel}","templated":true}]}}