{"id":8917,"date":"2020-07-15T13:22:52","date_gmt":"2020-07-15T13:22:52","guid":{"rendered":"https:\/\/basakcilastik.com.tr\/?post_type=product&#038;p=8917"},"modified":"2020-07-15T13:22:53","modified_gmt":"2020-07-15T13:22:53","slug":"einhell-rt-id-651-darbeli-matkap","status":"publish","type":"product","link":"http:\/\/basakcilastik.com.tr\/?product=einhell-rt-id-651-darbeli-matkap","title":{"rendered":"Einhell RT-ID 651 Darbeli Matkap"},"content":{"rendered":"<p><strong>Darbeli Matkap<\/strong><\/p>\n<p><strong>RT-ID 65\/1<\/strong><\/p>\n<p>\u00dcr\u00fcn Kodu\u00a04259735<\/p>\n<ul>\n<li>Kilit fonksiyonlu kaliteli mandren<\/li>\n<li>&#8220;Bas ve kilitle&#8221; mil kilidi<\/li>\n<li>\u00d6n se\u00e7imli elektronik h\u0131z kontrol\u00fc<\/li>\n<li>Sa\u011f\/sol d\u00f6n\u00fc\u015f y\u00f6n\u00fc kabiliyeti<\/li>\n<li>2 fonskiyon: delme, darbeli delme<\/li>\n<li>Metal derinlik mesnedi<\/li>\n<li>Yumu\u015fak kaplamal\u0131 ergonomik tutamak ve yard\u0131mc\u0131 tutamak<\/li>\n<li>\u0130lave tutamak i\u00e7erisine konumlanm\u0131\u015f pratik matkap ucu deposu<\/li>\n<li>Burgu kilitli ilave tutamak<\/li>\n<li>Kablo klipsi<\/li>\n<li>Ta\u015f\u0131ma ve saklama \u00e7antas\u0131<\/li>\n<li><strong>\u00dcr\u00fcn a\u00e7\u0131klamas\u0131<\/strong>\n<p>Einhell RT-ID 65\/1 Darbeli Matkap y\u00fcksek kalitede, y\u00fcksek performans sunan i\u015fin uzmanlar\u0131 i\u00e7in delme, darbeli delme ve vidalama i\u015flerinde t\u00fcm gereksinimlerini kar\u015f\u0131layan at\u00f6lye ve \u015fantiye gibi yerlerde kullanabilece\u011finiz bir \u00fcr\u00fcnd\u00fcr. Kaliteli matkap mandreninde rehber halkas\u0131, kilitleme fonksiyonu ve mil kilidi ile kullan\u0131c\u0131 dostudur. Elektronik h\u0131z kontrolc\u00fcs\u00fc hassas \u015fekilde ayarlanabilir. Dayan\u0131kl\u0131, ayarlanabilen metal derinlik mesnedi ile istedi\u011finiz derinlikte, tekrarlayan delme i\u015flerinizde size h\u0131z ve kesinlik sa\u011flar. Kullan\u0131c\u0131 dostu ve g\u00fcvenli bir \u00e7al\u0131\u015fma i\u00e7in yumu\u015fak tutamak ve ilave tutamak vard\u0131r. \u0130lave tutamak yumu\u015fak kaplamal\u0131 olup burgu kilit \u00f6zelli\u011fine sahiptir. \u0130lave tutamakta de\u011fi\u015fik matkap u\u00e7lar\u0131n\u0131 tutman\u0131z i\u00e7in alan mevcuttur. Pratik ta\u015f\u0131ma ve saklama \u00e7antas\u0131 dahildir.<\/p>\n<p><strong>\u00d6zellikler<\/strong><\/p>\n<p>Darbeli Matkap RT-ID 65\/1 i\u00e7in detaylar, \u015fekiller ve bilgiler: burada ayr\u0131nt\u0131l\u0131 teknik veriler ve bu Einhell \u00fcr\u00fcn\u00fcn\u00fcn boyutlar\u0131, a\u011f\u0131rl\u0131\u011f\u0131 ve ambalaj\u0131 hakk\u0131nda \u00f6zel bilgiler bulacaks\u0131n\u0131z.<\/p>\n<table>\n<tbody>\n<tr>\n<td colspan=\"2\"><strong>Teknik \u00d6zellikler<\/strong><\/td>\n<\/tr>\n<tr>\n<td><strong>Giri\u015f voltaj\u0131<\/strong><\/td>\n<td>230-240 V | 50 Hz<\/td>\n<\/tr>\n<tr>\n<td><strong>G\u00fc\u00e7<\/strong><\/td>\n<td>650 W<\/td>\n<\/tr>\n<tr>\n<td><strong>Di\u015fli say\u0131s\u0131<\/strong><\/td>\n<td>1<\/td>\n<\/tr>\n<tr>\n<td><strong>Bo\u015fta \u00e7al\u0131\u015fma h\u0131z\u0131 (1. vites)<\/strong><\/td>\n<td>0-3000 min^-1<\/td>\n<\/tr>\n<tr>\n<td><strong>Darbe oran\u0131 (1. vites)<\/strong><\/td>\n<td>0-48000 min^-1<\/td>\n<\/tr>\n<tr>\n<td><strong>Mandren<\/strong><\/td>\n<td>1.5 mm &#8211; 13 mm<\/td>\n<\/tr>\n<tr>\n<td><strong>Ah\u015fap delme kapasitesi<\/strong><\/td>\n<td>25 mm<\/td>\n<\/tr>\n<tr>\n<td><strong>Metal delme kapasitesi<\/strong><\/td>\n<td>10 mm<\/td>\n<\/tr>\n<tr>\n<td><strong>Beton delme kapasitesi<\/strong><\/td>\n<td>13 mm<\/td>\n<\/tr>\n<\/tbody>\n<\/table>\n<\/li>\n<\/ul>\n","protected":false},"excerpt":{"rendered":"<p>Darbeli Matkap RT-ID 65\/1 \u00dcr\u00fcn Kodu\u00a04259735 Kilit fonksiyonlu kaliteli mandren &#8220;Bas ve kilitle&#8221; mil kilidi \u00d6n se\u00e7imli elektronik h\u0131z kontrol\u00fc Sa\u011f\/sol d\u00f6n\u00fc\u015f y\u00f6n\u00fc kabiliyeti 2 fonskiyon: delme, darbeli delme Metal derinlik mesnedi Yumu\u015fak kaplamal\u0131 ergonomik tutamak ve yard\u0131mc\u0131 tutamak \u0130lave tutamak i\u00e7erisine konumlanm\u0131\u015f pratik matkap ucu deposu Burgu kilitli ilave tutamak Kablo klipsi Ta\u015f\u0131ma ve saklama \u00e7antas\u0131 \u00dcr\u00fcn a\u00e7\u0131klamas\u0131 Einhell [&hellip;]<\/p>\n","protected":false},"featured_media":8918,"comment_status":"open","ping_status":"closed","template":"","meta":[],"product_brand":[],"product_cat":[15,52,61],"product_tag":[],"class_list":{"0":"post-8917","1":"product","2":"type-product","3":"status-publish","4":"has-post-thumbnail","6":"product_cat-genel","7":"product_cat-akulu-aletler","8":"product_cat-matkaplar","10":"first","11":"instock","12":"shipping-taxable","13":"product-type-simple"},"_links":{"self":[{"href":"http:\/\/basakcilastik.com.tr\/index.php?rest_route=\/wp\/v2\/product\/8917","targetHints":{"allow":["GET"]}}],"collection":[{"href":"http:\/\/basakcilastik.com.tr\/index.php?rest_route=\/wp\/v2\/product"}],"about":[{"href":"http:\/\/basakcilastik.com.tr\/index.php?rest_route=\/wp\/v2\/types\/product"}],"replies":[{"embeddable":true,"href":"http:\/\/basakcilastik.com.tr\/index.php?rest_route=%2Fwp%2Fv2%2Fcomments&post=8917"}],"wp:featuredmedia":[{"embeddable":true,"href":"http:\/\/basakcilastik.com.tr\/index.php?rest_route=\/wp\/v2\/media\/8918"}],"wp:attachment":[{"href":"http:\/\/basakcilastik.com.tr\/index.php?rest_route=%2Fwp%2Fv2%2Fmedia&parent=8917"}],"wp:term":[{"taxonomy":"product_brand","embeddable":true,"href":"http:\/\/basakcilastik.com.tr\/index.php?rest_route=%2Fwp%2Fv2%2Fproduct_brand&post=8917"},{"taxonomy":"product_cat","embeddable":true,"href":"http:\/\/basakcilastik.com.tr\/index.php?rest_route=%2Fwp%2Fv2%2Fproduct_cat&post=8917"},{"taxonomy":"product_tag","embeddable":true,"href":"http:\/\/basakcilastik.com.tr\/index.php?rest_route=%2Fwp%2Fv2%2Fproduct_tag&post=8917"}],"curies":[{"name":"wp","href":"https:\/\/api.w.org\/{rel}","templated":true}]}}