{"id":8875,"date":"2020-07-14T15:09:22","date_gmt":"2020-07-14T15:09:22","guid":{"rendered":"https:\/\/basakcilastik.com.tr\/?post_type=product&#038;p=8875"},"modified":"2020-07-14T15:09:22","modified_gmt":"2020-07-14T15:09:22","slug":"asm35-sanzimanli-matkap","status":"publish","type":"product","link":"http:\/\/basakcilastik.com.tr\/?product=asm35-sanzimanli-matkap","title":{"rendered":"ASM35 \u015eanz\u0131manl\u0131 Matkap"},"content":{"rendered":"<p>\u00dcr\u00fcn \u00d6zellikleri<\/p>\n<p><strong>Standart Donan\u0131mlar<\/strong><\/p>\n<p>&#8211; Manyetik Kavrama<\/p>\n<p>&#8211; Butonlu Otomatik Pinol Hareketi<\/p>\n<p>&#8211; Bor Ya\u011f Pompas\u0131<\/p>\n<p>&#8211; Ayd\u0131nlatma Lambas\u0131<\/p>\n<p>&nbsp;<\/p>\n<p><strong>Standart Aksesuarlar<\/strong><\/p>\n<p>&#8211; Morse Konik ve Kovan\u0131<\/p>\n<p>&#8211; Mandren<\/p>\n<p>&#8211; Tak\u0131m \u00c7antas\u0131 ve Avadanl\u0131klar\u0131<\/p>\n<p>&#8211; So\u011futma Tertibat\u0131<\/p>\n<p>&#8211; \u0130\u015f Mili Korumas\u0131<\/p>\n<p>Teknik \u00d6zellikler<\/p>\n<ul>\n<li>Maksimum Delme \u00c7ap\u0131mm35<\/li>\n<li>Maksimum Di\u015f A\u00e7ma KapasitesiM26<\/li>\n<li>\u0130\u015f Mili \u00d6l\u00e7\u00fcs\u00fcmmMT4<\/li>\n<li>\u0130\u015f Mili Kolon Aras\u0131 Mesafemm350<\/li>\n<li>\u0130\u015f Mili Tabla Aras\u0131 Mesafemm770<\/li>\n<li>\u0130\u015f Mili Taban Aras\u0131 Mesafemm1200<\/li>\n<li>Maksimum Mil Hareketimm180<\/li>\n<li>Mil Devridev\/dk50-1450<\/li>\n<li>Devir Say\u0131s\u013118<\/li>\n<li>Tabla \u00d6l\u00e7\u00fclerimm560x560<\/li>\n<li>Motor85\/1.5<\/li>\n<li>A\u011f\u0131rl\u0131kkg500<\/li>\n<\/ul>\n","protected":false},"excerpt":{"rendered":"<p>\u00dcr\u00fcn \u00d6zellikleri Standart Donan\u0131mlar &#8211; Manyetik Kavrama &#8211; Butonlu Otomatik Pinol Hareketi &#8211; Bor Ya\u011f Pompas\u0131 &#8211; Ayd\u0131nlatma Lambas\u0131 &nbsp; Standart Aksesuarlar &#8211; Morse Konik ve Kovan\u0131 &#8211; Mandren &#8211; Tak\u0131m \u00c7antas\u0131 ve Avadanl\u0131klar\u0131 &#8211; So\u011futma Tertibat\u0131 &#8211; \u0130\u015f Mili Korumas\u0131 Teknik \u00d6zellikler Maksimum Delme \u00c7ap\u0131mm35 Maksimum Di\u015f A\u00e7ma KapasitesiM26 \u0130\u015f Mili \u00d6l\u00e7\u00fcs\u00fcmmMT4 \u0130\u015f Mili Kolon Aras\u0131 Mesafemm350 \u0130\u015f Mili [&hellip;]<\/p>\n","protected":false},"featured_media":8876,"comment_status":"open","ping_status":"closed","template":"","meta":[],"product_brand":[],"product_cat":[15,52,61],"product_tag":[],"class_list":{"0":"post-8875","1":"product","2":"type-product","3":"status-publish","4":"has-post-thumbnail","6":"product_cat-genel","7":"product_cat-akulu-aletler","8":"product_cat-matkaplar","10":"first","11":"instock","12":"shipping-taxable","13":"product-type-simple"},"_links":{"self":[{"href":"http:\/\/basakcilastik.com.tr\/index.php?rest_route=\/wp\/v2\/product\/8875","targetHints":{"allow":["GET"]}}],"collection":[{"href":"http:\/\/basakcilastik.com.tr\/index.php?rest_route=\/wp\/v2\/product"}],"about":[{"href":"http:\/\/basakcilastik.com.tr\/index.php?rest_route=\/wp\/v2\/types\/product"}],"replies":[{"embeddable":true,"href":"http:\/\/basakcilastik.com.tr\/index.php?rest_route=%2Fwp%2Fv2%2Fcomments&post=8875"}],"wp:featuredmedia":[{"embeddable":true,"href":"http:\/\/basakcilastik.com.tr\/index.php?rest_route=\/wp\/v2\/media\/8876"}],"wp:attachment":[{"href":"http:\/\/basakcilastik.com.tr\/index.php?rest_route=%2Fwp%2Fv2%2Fmedia&parent=8875"}],"wp:term":[{"taxonomy":"product_brand","embeddable":true,"href":"http:\/\/basakcilastik.com.tr\/index.php?rest_route=%2Fwp%2Fv2%2Fproduct_brand&post=8875"},{"taxonomy":"product_cat","embeddable":true,"href":"http:\/\/basakcilastik.com.tr\/index.php?rest_route=%2Fwp%2Fv2%2Fproduct_cat&post=8875"},{"taxonomy":"product_tag","embeddable":true,"href":"http:\/\/basakcilastik.com.tr\/index.php?rest_route=%2Fwp%2Fv2%2Fproduct_tag&post=8875"}],"curies":[{"name":"wp","href":"https:\/\/api.w.org\/{rel}","templated":true}]}}