{"id":8705,"date":"2020-07-10T14:24:35","date_gmt":"2020-07-10T14:24:35","guid":{"rendered":"https:\/\/basakcilastik.com.tr\/?post_type=product&#038;p=8705"},"modified":"2020-07-10T14:24:35","modified_gmt":"2020-07-10T14:24:35","slug":"220-watt-straight-grinder-professional","status":"publish","type":"product","link":"http:\/\/basakcilastik.com.tr\/?product=220-watt-straight-grinder-professional","title":{"rendered":"220-watt straight grinder Professional"},"content":{"rendered":"<p>Teknik veriler<\/p>\n<table width=\"750\">\n<thead>\n<tr>\n<td colspan=\"2\">Ek veriler<\/td>\n<\/tr>\n<\/thead>\n<tbody>\n<tr>\n<td><strong>M\u00fcsaade edilen ta\u015flama\/z\u0131mparalama g\u00f6vdesi \u00e7ap\u0131*<\/strong><\/td>\n<td><strong>20<\/strong>\u00a0<strong>mm<\/strong><\/td>\n<\/tr>\n<tr>\n<td><strong>R\u00f6lanti devir say\u0131s\u0131*<\/strong><\/td>\n<td><strong>33.000<\/strong>\u00a0<strong>dev\/dak<\/strong><\/td>\n<\/tr>\n<tr>\n<td><strong>\u00c7\u0131k\u0131\u015f g\u00fcc\u00fc*<\/strong><\/td>\n<td><strong>220<\/strong>\u00a0<strong>W<\/strong><\/td>\n<\/tr>\n<tr>\n<td>R\u00f6lantide hava t\u00fcketimi<\/td>\n<td>8,0 \/ 17,0\u00a0lt\/sn\/cfm<\/td>\n<\/tr>\n<tr>\n<td>A\u011f\u0131rl\u0131k<\/td>\n<td>0,65\u00a0kg<\/td>\n<\/tr>\n<tr>\n<td>U\u00e7 tutucu\/s\u0131kma pensi<\/td>\n<td>6\u00a0mm<\/td>\n<\/tr>\n<tr>\n<td>Ba\u011flant\u0131 di\u015fi<\/td>\n<td>G 1\/8&#8243;<\/td>\n<\/tr>\n<tr>\n<td>Hortum i\u00e7 \u00e7ap\u0131<\/td>\n<td>6\u00a0mm<\/td>\n<\/tr>\n<\/tbody>\n<\/table>\n<p>* Vurgulanan Veriler<\/p>\n","protected":false},"excerpt":{"rendered":"<p>Teknik veriler Ek veriler M\u00fcsaade edilen ta\u015flama\/z\u0131mparalama g\u00f6vdesi \u00e7ap\u0131* 20\u00a0mm R\u00f6lanti devir say\u0131s\u0131* 33.000\u00a0dev\/dak \u00c7\u0131k\u0131\u015f g\u00fcc\u00fc* 220\u00a0W R\u00f6lantide hava t\u00fcketimi 8,0 \/ 17,0\u00a0lt\/sn\/cfm A\u011f\u0131rl\u0131k 0,65\u00a0kg U\u00e7 tutucu\/s\u0131kma pensi 6\u00a0mm Ba\u011flant\u0131 di\u015fi G 1\/8&#8243; Hortum i\u00e7 \u00e7ap\u0131 6\u00a0mm * Vurgulanan Veriler<\/p>\n","protected":false},"featured_media":8706,"comment_status":"open","ping_status":"closed","template":"","meta":[],"product_brand":[],"product_cat":[15,52,59],"product_tag":[],"class_list":{"0":"post-8705","1":"product","2":"type-product","3":"status-publish","4":"has-post-thumbnail","6":"product_cat-genel","7":"product_cat-akulu-aletler","8":"product_cat-kalipci-taslamalar","10":"first","11":"instock","12":"shipping-taxable","13":"product-type-simple"},"_links":{"self":[{"href":"http:\/\/basakcilastik.com.tr\/index.php?rest_route=\/wp\/v2\/product\/8705","targetHints":{"allow":["GET"]}}],"collection":[{"href":"http:\/\/basakcilastik.com.tr\/index.php?rest_route=\/wp\/v2\/product"}],"about":[{"href":"http:\/\/basakcilastik.com.tr\/index.php?rest_route=\/wp\/v2\/types\/product"}],"replies":[{"embeddable":true,"href":"http:\/\/basakcilastik.com.tr\/index.php?rest_route=%2Fwp%2Fv2%2Fcomments&post=8705"}],"wp:featuredmedia":[{"embeddable":true,"href":"http:\/\/basakcilastik.com.tr\/index.php?rest_route=\/wp\/v2\/media\/8706"}],"wp:attachment":[{"href":"http:\/\/basakcilastik.com.tr\/index.php?rest_route=%2Fwp%2Fv2%2Fmedia&parent=8705"}],"wp:term":[{"taxonomy":"product_brand","embeddable":true,"href":"http:\/\/basakcilastik.com.tr\/index.php?rest_route=%2Fwp%2Fv2%2Fproduct_brand&post=8705"},{"taxonomy":"product_cat","embeddable":true,"href":"http:\/\/basakcilastik.com.tr\/index.php?rest_route=%2Fwp%2Fv2%2Fproduct_cat&post=8705"},{"taxonomy":"product_tag","embeddable":true,"href":"http:\/\/basakcilastik.com.tr\/index.php?rest_route=%2Fwp%2Fv2%2Fproduct_tag&post=8705"}],"curies":[{"name":"wp","href":"https:\/\/api.w.org\/{rel}","templated":true}]}}

<p>Teknik veriler</p>
<table width="750">
<thead>
<tr>
<td colspan="2">Ek veriler</td>
</tr>
</thead>
<tbody>
<tr>
<td><strong>Müsaade edilen taşlama/zımparalama gövdesi çapı*</strong></td>
<td><strong>20</strong> <strong>mm</strong></td>
</tr>
<tr>
<td><strong>Rölanti devir sayısı*</strong></td>
<td><strong>33.000</strong> <strong>dev/dak</strong></td>
</tr>
<tr>
<td><strong>Çıkış gücü*</strong></td>
<td><strong>220</strong> <strong>W</strong></td>
</tr>
<tr>
<td>Rölantide hava tüketimi</td>
<td>8,0 / 17,0 lt/sn/cfm</td>
</tr>
<tr>
<td>Ağırlık</td>
<td>0,65 kg</td>
</tr>
<tr>
<td>Uç tutucu/sıkma pensi</td>
<td>6 mm</td>
</tr>
<tr>
<td>Bağlantı dişi</td>
<td>G 1/8&#8243;</td>
</tr>
<tr>
<td>Hortum iç çapı</td>
<td>6 mm</td>
</tr>
</tbody>
</table>
<p>* Vurgulanan Veriler</p>

<p>Teknik veriler Ek veriler Müsaade edilen taşlama/zımparalama gövdesi çapı* 20 mm Rölanti devir sayısı* 33.000 dev/dak Çıkış gücü* 220 W Rölantide hava tüketimi 8,0 / 17,0 lt/sn/cfm Ağırlık 0,65 kg Uç tutucu/sıkma pensi 6 mm Bağlantı dişi G 1/8&#8243; Hortum iç çapı 6 mm * Vurgulanan Veriler</p>
