{"id":8397,"date":"2020-07-02T10:05:45","date_gmt":"2020-07-02T10:05:45","guid":{"rendered":"https:\/\/basakcilastik.com.tr\/?post_type=product&#038;p=8397"},"modified":"2020-07-02T10:05:45","modified_gmt":"2020-07-02T10:05:45","slug":"dewalt-dwe4156-qs-900watt-115mm-profesyonel-avuc-taslama","status":"publish","type":"product","link":"http:\/\/basakcilastik.com.tr\/?product=dewalt-dwe4156-qs-900watt-115mm-profesyonel-avuc-taslama","title":{"rendered":"Dewalt DWE4156-QS 900Watt 115mm Profesyonel Avu\u00e7 Ta\u015flama"},"content":{"rendered":"<p><strong>Dewalt DWE4156-QS 900Watt 115mm Profesyonel Avu\u00e7 Ta\u015flama<\/strong><\/p>\n<p>Dewalt DWE4156 900Watt 115mm Profesyonel Avu\u00e7 Ta\u015flama Y\u00fcks\u00fcz h\u0131z\u0131 11800 dev\/dk Maksimum Disk \u00e7ap\u0131 115mm Mil ba\u011flant\u0131 di\u015fi M14 G\u00fc\u00e7l\u00fc motor ile \u00e7ok \u00e7e\u015fitli kesme ve ta\u015flama uygulamalar\u0131 Bas\u0131k \u015fanz\u0131man ba\u015f\u0131 ile dar alanlara eri\u015fim sa\u011flar Motor dayan\u0131kl\u0131l\u0131\u011f\u0131n\u0131 artt\u0131ran komple izolasyonlu yast\u0131k sarg\u0131lar\u0131 sayesinde uzun kullan\u0131m \u00f6mr\u00fc sa\u011flar Kompakt g\u00f6vde tasar\u0131m\u0131 sayesinde rahat kavran\u0131r ve ergonomi sa\u011flar Y\u00fcksek kaliteli kom\u00fctat\u00f6r ve dayan\u0131kl\u0131 k\u00f6m\u00fcr sayesinde uzun dayan\u0131kl\u0131l\u0131k sa\u011flar Spiral a\u00e7\u0131l\u0131 di\u015fliler daha az titre\u015fim, daha d\u00fc\u015f\u00fck g\u00fcr\u00fclt\u00fc ve daha uzun kullan\u0131m \u00f6mr\u00fc sa\u011flar En iyi so\u011futma i\u00e7in m\u00fckemmelle\u015ftirilmi\u015f hava kanallar\u0131 Tek elle \u00e7al\u0131\u015fma ve kullan\u0131c\u0131 g\u00fcvenli\u011fi i\u00e7in s\u00fcrg\u00fcl\u00fc a\u00e7ma \/ kapama d\u00fc\u011fmesi Mil kilidi ile kolay ve h\u0131zl\u0131 aksesuar de\u011fi\u015ftirme \u00c7atlamaya dayan\u0131kl\u0131 muhafaza maksimum kullan\u0131c\u0131 g\u00fcvenli\u011fi sa\u011flar Metal di\u015fli kutusu uzun kullan\u0131m \u00f6mr\u00fc ve dayan\u0131kl\u0131l\u0131k sa\u011flar Yan tutma kolu kullan\u0131m kolayl\u0131\u011f\u0131 sa\u011flar Metal ve ta\u015f, tu\u011fla, betonda kesme Metalde ta\u015flama, \u00e7apak alma Tel f\u0131r\u00e7alar ile metalde kaz\u0131ma Z\u0131mpara diskleri ile kaba z\u0131mparalama Profesyonel Kullan\u0131ma uygundur A\u011f\u0131rl\u0131k 2,0 Kg Standart Ekipman; 115 mm<\/p>\n","protected":false},"excerpt":{"rendered":"<p>Dewalt DWE4156-QS 900Watt 115mm Profesyonel Avu\u00e7 Ta\u015flama Dewalt DWE4156 900Watt 115mm Profesyonel Avu\u00e7 Ta\u015flama Y\u00fcks\u00fcz h\u0131z\u0131 11800 dev\/dk Maksimum Disk \u00e7ap\u0131 115mm Mil ba\u011flant\u0131 di\u015fi M14 G\u00fc\u00e7l\u00fc motor ile \u00e7ok \u00e7e\u015fitli kesme ve ta\u015flama uygulamalar\u0131 Bas\u0131k \u015fanz\u0131man ba\u015f\u0131 ile dar alanlara eri\u015fim sa\u011flar Motor dayan\u0131kl\u0131l\u0131\u011f\u0131n\u0131 artt\u0131ran komple izolasyonlu yast\u0131k sarg\u0131lar\u0131 sayesinde uzun kullan\u0131m \u00f6mr\u00fc sa\u011flar Kompakt g\u00f6vde tasar\u0131m\u0131 sayesinde rahat [&hellip;]<\/p>\n","protected":false},"featured_media":8390,"comment_status":"open","ping_status":"closed","template":"","meta":[],"product_brand":[],"product_cat":[15,52,54],"product_tag":[],"class_list":{"0":"post-8397","1":"product","2":"type-product","3":"status-publish","4":"has-post-thumbnail","6":"product_cat-genel","7":"product_cat-akulu-aletler","8":"product_cat-avuc-taslama","10":"first","11":"instock","12":"shipping-taxable","13":"product-type-simple"},"_links":{"self":[{"href":"http:\/\/basakcilastik.com.tr\/index.php?rest_route=\/wp\/v2\/product\/8397","targetHints":{"allow":["GET"]}}],"collection":[{"href":"http:\/\/basakcilastik.com.tr\/index.php?rest_route=\/wp\/v2\/product"}],"about":[{"href":"http:\/\/basakcilastik.com.tr\/index.php?rest_route=\/wp\/v2\/types\/product"}],"replies":[{"embeddable":true,"href":"http:\/\/basakcilastik.com.tr\/index.php?rest_route=%2Fwp%2Fv2%2Fcomments&post=8397"}],"wp:featuredmedia":[{"embeddable":true,"href":"http:\/\/basakcilastik.com.tr\/index.php?rest_route=\/wp\/v2\/media\/8390"}],"wp:attachment":[{"href":"http:\/\/basakcilastik.com.tr\/index.php?rest_route=%2Fwp%2Fv2%2Fmedia&parent=8397"}],"wp:term":[{"taxonomy":"product_brand","embeddable":true,"href":"http:\/\/basakcilastik.com.tr\/index.php?rest_route=%2Fwp%2Fv2%2Fproduct_brand&post=8397"},{"taxonomy":"product_cat","embeddable":true,"href":"http:\/\/basakcilastik.com.tr\/index.php?rest_route=%2Fwp%2Fv2%2Fproduct_cat&post=8397"},{"taxonomy":"product_tag","embeddable":true,"href":"http:\/\/basakcilastik.com.tr\/index.php?rest_route=%2Fwp%2Fv2%2Fproduct_tag&post=8397"}],"curies":[{"name":"wp","href":"https:\/\/api.w.org\/{rel}","templated":true}]}}