{"id":8378,"date":"2020-06-30T12:51:13","date_gmt":"2020-06-30T12:51:13","guid":{"rendered":"https:\/\/basakcilastik.com.tr\/?post_type=product&#038;p=8378"},"modified":"2020-06-30T12:51:13","modified_gmt":"2020-06-30T12:51:13","slug":"otomatik-toz-emme-kiti-professional","status":"publish","type":"product","link":"http:\/\/basakcilastik.com.tr\/?product=otomatik-toz-emme-kiti-professional","title":{"rendered":"Otomatik toz emme kiti Professional"},"content":{"rendered":"<p>Teknik veriler<\/p>\n<table width=\"750\">\n<thead>\n<tr>\n<td colspan=\"2\">Ek veriler<\/td>\n<\/tr>\n<\/thead>\n<tbody>\n<tr>\n<td>A\u011f\u0131rl\u0131k (Aksesuar hari\u00e7)<\/td>\n<td>2,9\u00a0kg<\/td>\n<\/tr>\n<\/tbody>\n<\/table>\n<p>* Vurgulanan Veriler<\/p>\n<p>Elektrikli el aletinin A-dereceli g\u00fcr\u00fclt\u00fc seviyesi tipik olarak \u015fu de\u011ferlere sahiptir: Ses bas\u0131nc\u0131 seviyesi dB(A); Ses performans\u0131 seviyesi dB(A). K belirsizli\u011fi= dB.<\/p>\n<p>Avantajlar<\/p>\n<p>\u0130lave aksesuarlar<\/p>\n<ul>\n<li>Depo veya ya\u011fmur tank\u0131 gibi su \u015febekesi harici kaynaklardan da su giri\u015fine olanak tan\u0131r<\/li>\n<li>Su, alet ile ayn\u0131 y\u00fcksekli\u011fe sahip veya bu seviyenin 50 cm alt\u0131nda kalan kaynaklardan al\u0131nabilir<\/li>\n<li>\u00dcr\u00fcn alette kir sonucu olu\u015facak zararlar\u0131 \u00f6nleyen entegre bir filtreye sahiptir<\/li>\n<\/ul>\n","protected":false},"excerpt":{"rendered":"<p>Teknik veriler Ek veriler A\u011f\u0131rl\u0131k (Aksesuar hari\u00e7) 2,9\u00a0kg * Vurgulanan Veriler Elektrikli el aletinin A-dereceli g\u00fcr\u00fclt\u00fc seviyesi tipik olarak \u015fu de\u011ferlere sahiptir: Ses bas\u0131nc\u0131 seviyesi dB(A); Ses performans\u0131 seviyesi dB(A). K belirsizli\u011fi= dB. Avantajlar \u0130lave aksesuarlar Depo veya ya\u011fmur tank\u0131 gibi su \u015febekesi harici kaynaklardan da su giri\u015fine olanak tan\u0131r Su, alet ile ayn\u0131 y\u00fcksekli\u011fe sahip veya bu seviyenin 50 [&hellip;]<\/p>\n","protected":false},"featured_media":8379,"comment_status":"open","ping_status":"closed","template":"","meta":[],"product_brand":[],"product_cat":[15,53,52],"product_tag":[],"class_list":{"0":"post-8378","1":"product","2":"type-product","3":"status-publish","4":"has-post-thumbnail","6":"product_cat-genel","7":"product_cat-aksesuarlar","8":"product_cat-akulu-aletler","10":"first","11":"instock","12":"shipping-taxable","13":"product-type-simple"},"_links":{"self":[{"href":"http:\/\/basakcilastik.com.tr\/index.php?rest_route=\/wp\/v2\/product\/8378","targetHints":{"allow":["GET"]}}],"collection":[{"href":"http:\/\/basakcilastik.com.tr\/index.php?rest_route=\/wp\/v2\/product"}],"about":[{"href":"http:\/\/basakcilastik.com.tr\/index.php?rest_route=\/wp\/v2\/types\/product"}],"replies":[{"embeddable":true,"href":"http:\/\/basakcilastik.com.tr\/index.php?rest_route=%2Fwp%2Fv2%2Fcomments&post=8378"}],"wp:featuredmedia":[{"embeddable":true,"href":"http:\/\/basakcilastik.com.tr\/index.php?rest_route=\/wp\/v2\/media\/8379"}],"wp:attachment":[{"href":"http:\/\/basakcilastik.com.tr\/index.php?rest_route=%2Fwp%2Fv2%2Fmedia&parent=8378"}],"wp:term":[{"taxonomy":"product_brand","embeddable":true,"href":"http:\/\/basakcilastik.com.tr\/index.php?rest_route=%2Fwp%2Fv2%2Fproduct_brand&post=8378"},{"taxonomy":"product_cat","embeddable":true,"href":"http:\/\/basakcilastik.com.tr\/index.php?rest_route=%2Fwp%2Fv2%2Fproduct_cat&post=8378"},{"taxonomy":"product_tag","embeddable":true,"href":"http:\/\/basakcilastik.com.tr\/index.php?rest_route=%2Fwp%2Fv2%2Fproduct_tag&post=8378"}],"curies":[{"name":"wp","href":"https:\/\/api.w.org\/{rel}","templated":true}]}}