{"id":8327,"date":"2020-06-29T14:31:58","date_gmt":"2020-06-29T14:31:58","guid":{"rendered":"https:\/\/basakcilastik.com.tr\/?post_type=product&#038;p=8327"},"modified":"2020-06-29T14:31:59","modified_gmt":"2020-06-29T14:31:59","slug":"gba-18v-5-0ah-professional-aku","status":"publish","type":"product","link":"http:\/\/basakcilastik.com.tr\/?product=gba-18v-5-0ah-professional-aku","title":{"rendered":"GBA 18V 5.0Ah Professional Ak\u00fc"},"content":{"rendered":"<p>Teknik veriler<\/p>\n<table width=\"750\">\n<thead>\n<tr>\n<td colspan=\"2\">Ek veriler<\/td>\n<\/tr>\n<\/thead>\n<tbody>\n<tr>\n<td><strong>Ak\u00fc gerilimi*<\/strong><\/td>\n<td><strong>18<\/strong>\u00a0<strong>V<\/strong><\/td>\n<\/tr>\n<tr>\n<td><strong>A\u011f\u0131rl\u0131k*<\/strong><\/td>\n<td><strong>620<\/strong>\u00a0<strong>g<\/strong><\/td>\n<\/tr>\n<\/tbody>\n<\/table>\n<p>* Vurgulanan Veriler<\/p>\n<p>Avantajlar<\/p>\n<p>COOLPACK teknolojisine sahip g\u00fc\u00e7l\u00fc 18 Volt 5,0 Ah ak\u00fc<\/p>\n<ul>\n<li>%25&#8217;e varan daha uzun \u00e7al\u0131\u015fma s\u00fcresi (4,0 Ah ak\u00fclere k\u0131yasla)<\/li>\n<li>%100&#8217;e varan daha uzun kullan\u0131m \u00f6mr\u00fc i\u00e7in COOLPACK teknolojisi (COOLPACK&#8217;e sahip olmayan ak\u00fcler ile kar\u015f\u0131la\u015ft\u0131rma)<\/li>\n<li>Profesyonel 18V sistemi: Bu ak\u00fcler ve \u015farj cihaz\u0131 t\u00fcm Bosch 18V aletlerde kullan\u0131labilir<\/li>\n<\/ul>\n","protected":false},"excerpt":{"rendered":"<p>Teknik veriler Ek veriler Ak\u00fc gerilimi* 18\u00a0V A\u011f\u0131rl\u0131k* 620\u00a0g * Vurgulanan Veriler Avantajlar COOLPACK teknolojisine sahip g\u00fc\u00e7l\u00fc 18 Volt 5,0 Ah ak\u00fc %25&#8217;e varan daha uzun \u00e7al\u0131\u015fma s\u00fcresi (4,0 Ah ak\u00fclere k\u0131yasla) %100&#8217;e varan daha uzun kullan\u0131m \u00f6mr\u00fc i\u00e7in COOLPACK teknolojisi (COOLPACK&#8217;e sahip olmayan ak\u00fcler ile kar\u015f\u0131la\u015ft\u0131rma) Profesyonel 18V sistemi: Bu ak\u00fcler ve \u015farj cihaz\u0131 t\u00fcm Bosch 18V aletlerde kullan\u0131labilir<\/p>\n","protected":false},"featured_media":8328,"comment_status":"open","ping_status":"closed","template":"","meta":[],"product_brand":[],"product_cat":[15,53,52],"product_tag":[],"class_list":{"0":"post-8327","1":"product","2":"type-product","3":"status-publish","4":"has-post-thumbnail","6":"product_cat-genel","7":"product_cat-aksesuarlar","8":"product_cat-akulu-aletler","10":"first","11":"instock","12":"shipping-taxable","13":"product-type-simple"},"_links":{"self":[{"href":"http:\/\/basakcilastik.com.tr\/index.php?rest_route=\/wp\/v2\/product\/8327","targetHints":{"allow":["GET"]}}],"collection":[{"href":"http:\/\/basakcilastik.com.tr\/index.php?rest_route=\/wp\/v2\/product"}],"about":[{"href":"http:\/\/basakcilastik.com.tr\/index.php?rest_route=\/wp\/v2\/types\/product"}],"replies":[{"embeddable":true,"href":"http:\/\/basakcilastik.com.tr\/index.php?rest_route=%2Fwp%2Fv2%2Fcomments&post=8327"}],"wp:featuredmedia":[{"embeddable":true,"href":"http:\/\/basakcilastik.com.tr\/index.php?rest_route=\/wp\/v2\/media\/8328"}],"wp:attachment":[{"href":"http:\/\/basakcilastik.com.tr\/index.php?rest_route=%2Fwp%2Fv2%2Fmedia&parent=8327"}],"wp:term":[{"taxonomy":"product_brand","embeddable":true,"href":"http:\/\/basakcilastik.com.tr\/index.php?rest_route=%2Fwp%2Fv2%2Fproduct_brand&post=8327"},{"taxonomy":"product_cat","embeddable":true,"href":"http:\/\/basakcilastik.com.tr\/index.php?rest_route=%2Fwp%2Fv2%2Fproduct_cat&post=8327"},{"taxonomy":"product_tag","embeddable":true,"href":"http:\/\/basakcilastik.com.tr\/index.php?rest_route=%2Fwp%2Fv2%2Fproduct_tag&post=8327"}],"curies":[{"name":"wp","href":"https:\/\/api.w.org\/{rel}","templated":true}]}}

GBA 18V 5.0Ah Professional Akü

<p>Teknik veriler</p>
<table width="750">
<thead>
<tr>
<td colspan="2">Ek veriler</td>
</tr>
</thead>
<tbody>
<tr>
<td><strong>Akü gerilimi*</strong></td>
<td><strong>18</strong> <strong>V</strong></td>
</tr>
<tr>
<td><strong>Ağırlık*</strong></td>
<td><strong>620</strong> <strong>g</strong></td>
</tr>
</tbody>
</table>
<p>* Vurgulanan Veriler</p>
<p>Avantajlar</p>
<p>COOLPACK teknolojisine sahip güçlü 18 Volt 5,0 Ah akü</p>
<ul>
<li>%25&#8217;e varan daha uzun çalışma süresi (4,0 Ah akülere kıyasla)</li>
<li>%100&#8217;e varan daha uzun kullanım ömrü için COOLPACK teknolojisi (COOLPACK&#8217;e sahip olmayan aküler ile karşılaştırma)</li>
<li>Profesyonel 18V sistemi: Bu aküler ve şarj cihazı tüm Bosch 18V aletlerde kullanılabilir</li>
</ul>

<p>Teknik veriler Ek veriler Akü gerilimi* 18 V Ağırlık* 620 g * Vurgulanan Veriler Avantajlar COOLPACK teknolojisine sahip güçlü 18 Volt 5,0 Ah akü %25&#8217;e varan daha uzun çalışma süresi (4,0 Ah akülere kıyasla) %100&#8217;e varan daha uzun kullanım ömrü için COOLPACK teknolojisi (COOLPACK&#8217;e sahip olmayan aküler ile karşılaştırma) Profesyonel 18V sistemi: Bu aküler ve şarj cihazı tüm Bosch 18V aletlerde kullanılabilir</p>
