{"id":8321,"date":"2020-06-29T14:28:36","date_gmt":"2020-06-29T14:28:36","guid":{"rendered":"https:\/\/basakcilastik.com.tr\/?post_type=product&#038;p=8321"},"modified":"2020-06-29T14:28:36","modified_gmt":"2020-06-29T14:28:36","slug":"gba-18v-2-0ah-professional-aku","status":"publish","type":"product","link":"http:\/\/basakcilastik.com.tr\/?product=gba-18v-2-0ah-professional-aku","title":{"rendered":"GBA 18V 2.0Ah Professional Ak\u00fc"},"content":{"rendered":"<p>Teknik veriler<\/p>\n<table width=\"750\">\n<thead>\n<tr>\n<td colspan=\"2\">Ek veriler<\/td>\n<\/tr>\n<\/thead>\n<tbody>\n<tr>\n<td><strong>Ak\u00fc gerilimi*<\/strong><\/td>\n<td><strong>18<\/strong>\u00a0<strong>V<\/strong><\/td>\n<\/tr>\n<tr>\n<td><strong>A\u011f\u0131rl\u0131k*<\/strong><\/td>\n<td><strong>350<\/strong>\u00a0<strong>g<\/strong><\/td>\n<\/tr>\n<\/tbody>\n<\/table>\n<p>* Vurgulanan Veriler<\/p>\n<p>Avantajlar<\/p>\n<p>2,0 Ah ve COOLPACK teknolojisi ile hafif 18 volt kompakt ak\u00fc<\/p>\n<ul>\n<li>%100&#8217;e varan daha uzun kullan\u0131m \u00f6mr\u00fc i\u00e7in COOLPACK teknolojisi (COOLPACK&#8217;e sahip olmayan ak\u00fcler ile kar\u015f\u0131la\u015ft\u0131rma)<\/li>\n<li>\u00d6zellikle ba\u015f \u00fcst\u00fc uygulamalarda daha rahat \u00e7al\u0131\u015fma i\u00e7in d\u00fc\u015f\u00fck a\u011f\u0131rl\u0131k<\/li>\n<li>Profesyonel 18V sistemi: Bu ak\u00fcler ve \u015farj cihaz\u0131 t\u00fcm Bosch 18V aletlerde kullan\u0131labilir<\/li>\n<\/ul>\n","protected":false},"excerpt":{"rendered":"<p>Teknik veriler Ek veriler Ak\u00fc gerilimi* 18\u00a0V A\u011f\u0131rl\u0131k* 350\u00a0g * Vurgulanan Veriler Avantajlar 2,0 Ah ve COOLPACK teknolojisi ile hafif 18 volt kompakt ak\u00fc %100&#8217;e varan daha uzun kullan\u0131m \u00f6mr\u00fc i\u00e7in COOLPACK teknolojisi (COOLPACK&#8217;e sahip olmayan ak\u00fcler ile kar\u015f\u0131la\u015ft\u0131rma) \u00d6zellikle ba\u015f \u00fcst\u00fc uygulamalarda daha rahat \u00e7al\u0131\u015fma i\u00e7in d\u00fc\u015f\u00fck a\u011f\u0131rl\u0131k Profesyonel 18V sistemi: Bu ak\u00fcler ve \u015farj cihaz\u0131 t\u00fcm Bosch 18V [&hellip;]<\/p>\n","protected":false},"featured_media":8322,"comment_status":"open","ping_status":"closed","template":"","meta":[],"product_brand":[],"product_cat":[15,53,52],"product_tag":[],"class_list":{"0":"post-8321","1":"product","2":"type-product","3":"status-publish","4":"has-post-thumbnail","6":"product_cat-genel","7":"product_cat-aksesuarlar","8":"product_cat-akulu-aletler","10":"first","11":"instock","12":"shipping-taxable","13":"product-type-simple"},"_links":{"self":[{"href":"http:\/\/basakcilastik.com.tr\/index.php?rest_route=\/wp\/v2\/product\/8321","targetHints":{"allow":["GET"]}}],"collection":[{"href":"http:\/\/basakcilastik.com.tr\/index.php?rest_route=\/wp\/v2\/product"}],"about":[{"href":"http:\/\/basakcilastik.com.tr\/index.php?rest_route=\/wp\/v2\/types\/product"}],"replies":[{"embeddable":true,"href":"http:\/\/basakcilastik.com.tr\/index.php?rest_route=%2Fwp%2Fv2%2Fcomments&post=8321"}],"wp:featuredmedia":[{"embeddable":true,"href":"http:\/\/basakcilastik.com.tr\/index.php?rest_route=\/wp\/v2\/media\/8322"}],"wp:attachment":[{"href":"http:\/\/basakcilastik.com.tr\/index.php?rest_route=%2Fwp%2Fv2%2Fmedia&parent=8321"}],"wp:term":[{"taxonomy":"product_brand","embeddable":true,"href":"http:\/\/basakcilastik.com.tr\/index.php?rest_route=%2Fwp%2Fv2%2Fproduct_brand&post=8321"},{"taxonomy":"product_cat","embeddable":true,"href":"http:\/\/basakcilastik.com.tr\/index.php?rest_route=%2Fwp%2Fv2%2Fproduct_cat&post=8321"},{"taxonomy":"product_tag","embeddable":true,"href":"http:\/\/basakcilastik.com.tr\/index.php?rest_route=%2Fwp%2Fv2%2Fproduct_tag&post=8321"}],"curies":[{"name":"wp","href":"https:\/\/api.w.org\/{rel}","templated":true}]}}