{"id":28652,"date":"2020-09-09T13:23:20","date_gmt":"2020-09-09T13:23:20","guid":{"rendered":"https:\/\/basakcilastik.com.tr\/?post_type=product&#038;p=28652"},"modified":"2020-09-09T13:23:23","modified_gmt":"2020-09-09T13:23:23","slug":"baglanti-elemanlari-pf","status":"publish","type":"product","link":"http:\/\/basakcilastik.com.tr\/?product=baglanti-elemanlari-pf","title":{"rendered":"Ba\u011flant\u0131 Elemanlar\u0131 PF"},"content":{"rendered":"<p><strong>\u00dcr\u00fcn Teknik Bilgileri<\/strong><\/p>\n<table width=\"100%\">\n<tbody>\n<tr>\n<td width=\"257\"><strong>Mal Cinsi<\/strong><\/td>\n<td width=\"283\"><strong>\u00d6l\u00e7\u00fcs\u00fc<\/strong><\/td>\n<\/tr>\n<tr>\n<td><strong>PF-20<\/strong><\/td>\n<td><strong>1\/4&#8221; Di\u015fi<\/strong><\/td>\n<\/tr>\n<tr>\n<td><strong>PF-30<\/strong><\/td>\n<td><strong>3\/8&#8221; Di\u015fi<\/strong><\/td>\n<\/tr>\n<tr>\n<td><strong>PF-40<\/strong><\/td>\n<td><strong>1\/2&#8221; Di\u015fi<\/strong><\/td>\n<\/tr>\n<tr>\n<td><strong>PH-20<\/strong><\/td>\n<td><strong>5\/16&#8221; Hortum Rakoru<\/strong><\/td>\n<\/tr>\n<\/tbody>\n<\/table>\n<p>&nbsp;<\/p>\n","protected":false},"excerpt":{"rendered":"<p>\u00dcr\u00fcn Teknik Bilgileri Mal Cinsi \u00d6l\u00e7\u00fcs\u00fc PF-20 1\/4&#8221; Di\u015fi PF-30 3\/8&#8221; Di\u015fi PF-40 1\/2&#8221; Di\u015fi PH-20 5\/16&#8221; Hortum Rakoru &nbsp;<\/p>\n","protected":false},"featured_media":28655,"comment_status":"open","ping_status":"closed","template":"","meta":[],"product_brand":[],"product_cat":[15,169,181],"product_tag":[],"class_list":{"0":"post-28652","1":"product","2":"type-product","3":"status-publish","4":"has-post-thumbnail","6":"product_cat-genel","7":"product_cat-yaglama-makinalari","8":"product_cat-yardimci-aksamlar","10":"first","11":"instock","12":"shipping-taxable","13":"product-type-simple"},"_links":{"self":[{"href":"http:\/\/basakcilastik.com.tr\/index.php?rest_route=\/wp\/v2\/product\/28652","targetHints":{"allow":["GET"]}}],"collection":[{"href":"http:\/\/basakcilastik.com.tr\/index.php?rest_route=\/wp\/v2\/product"}],"about":[{"href":"http:\/\/basakcilastik.com.tr\/index.php?rest_route=\/wp\/v2\/types\/product"}],"replies":[{"embeddable":true,"href":"http:\/\/basakcilastik.com.tr\/index.php?rest_route=%2Fwp%2Fv2%2Fcomments&post=28652"}],"wp:featuredmedia":[{"embeddable":true,"href":"http:\/\/basakcilastik.com.tr\/index.php?rest_route=\/wp\/v2\/media\/28655"}],"wp:attachment":[{"href":"http:\/\/basakcilastik.com.tr\/index.php?rest_route=%2Fwp%2Fv2%2Fmedia&parent=28652"}],"wp:term":[{"taxonomy":"product_brand","embeddable":true,"href":"http:\/\/basakcilastik.com.tr\/index.php?rest_route=%2Fwp%2Fv2%2Fproduct_brand&post=28652"},{"taxonomy":"product_cat","embeddable":true,"href":"http:\/\/basakcilastik.com.tr\/index.php?rest_route=%2Fwp%2Fv2%2Fproduct_cat&post=28652"},{"taxonomy":"product_tag","embeddable":true,"href":"http:\/\/basakcilastik.com.tr\/index.php?rest_route=%2Fwp%2Fv2%2Fproduct_tag&post=28652"}],"curies":[{"name":"wp","href":"https:\/\/api.w.org\/{rel}","templated":true}]}}