{"id":28578,"date":"2020-09-09T12:33:39","date_gmt":"2020-09-09T12:33:39","guid":{"rendered":"https:\/\/basakcilastik.com.tr\/?post_type=product&#038;p=28578"},"modified":"2020-09-09T12:33:41","modified_gmt":"2020-09-09T12:33:41","slug":"1135-duvar-tipi-havali-sivi-transfer-pompasi","status":"publish","type":"product","link":"http:\/\/basakcilastik.com.tr\/?product=1135-duvar-tipi-havali-sivi-transfer-pompasi","title":{"rendered":"1135 duvar tipi haval\u0131 s\u0131v\u0131 transfer pompas\u0131"},"content":{"rendered":"<p>1135 duvar tipi haval\u0131 s\u0131v\u0131 transfer pompas\u0131<\/p>\n","protected":false},"excerpt":{"rendered":"<p>1135 duvar tipi haval\u0131 s\u0131v\u0131 transfer pompas\u0131<\/p>\n","protected":false},"featured_media":28581,"comment_status":"open","ping_status":"closed","template":"","meta":[],"product_brand":[],"product_cat":[15,177,169],"product_tag":[],"class_list":{"0":"post-28578","1":"product","2":"type-product","3":"status-publish","4":"has-post-thumbnail","6":"product_cat-genel","7":"product_cat-sivi-transfer-pompalari","8":"product_cat-yaglama-makinalari","10":"first","11":"instock","12":"shipping-taxable","13":"product-type-simple"},"_links":{"self":[{"href":"http:\/\/basakcilastik.com.tr\/index.php?rest_route=\/wp\/v2\/product\/28578","targetHints":{"allow":["GET"]}}],"collection":[{"href":"http:\/\/basakcilastik.com.tr\/index.php?rest_route=\/wp\/v2\/product"}],"about":[{"href":"http:\/\/basakcilastik.com.tr\/index.php?rest_route=\/wp\/v2\/types\/product"}],"replies":[{"embeddable":true,"href":"http:\/\/basakcilastik.com.tr\/index.php?rest_route=%2Fwp%2Fv2%2Fcomments&post=28578"}],"wp:featuredmedia":[{"embeddable":true,"href":"http:\/\/basakcilastik.com.tr\/index.php?rest_route=\/wp\/v2\/media\/28581"}],"wp:attachment":[{"href":"http:\/\/basakcilastik.com.tr\/index.php?rest_route=%2Fwp%2Fv2%2Fmedia&parent=28578"}],"wp:term":[{"taxonomy":"product_brand","embeddable":true,"href":"http:\/\/basakcilastik.com.tr\/index.php?rest_route=%2Fwp%2Fv2%2Fproduct_brand&post=28578"},{"taxonomy":"product_cat","embeddable":true,"href":"http:\/\/basakcilastik.com.tr\/index.php?rest_route=%2Fwp%2Fv2%2Fproduct_cat&post=28578"},{"taxonomy":"product_tag","embeddable":true,"href":"http:\/\/basakcilastik.com.tr\/index.php?rest_route=%2Fwp%2Fv2%2Fproduct_tag&post=28578"}],"curies":[{"name":"wp","href":"https:\/\/api.w.org\/{rel}","templated":true}]}}