{"id":28430,"date":"2020-09-09T10:52:10","date_gmt":"2020-09-09T10:52:10","guid":{"rendered":"https:\/\/basakcilastik.com.tr\/?post_type=product&#038;p=28430"},"modified":"2020-09-09T10:52:11","modified_gmt":"2020-09-09T10:52:11","slug":"kopuk-puskurtme-ve-yag-toplamalari","status":"publish","type":"product","link":"http:\/\/basakcilastik.com.tr\/?product=kopuk-puskurtme-ve-yag-toplamalari","title":{"rendered":"K\u00d6P\u00dcK P\u00dcSK\u00dcRTME VE YA\u011e TOPLAMALARI"},"content":{"rendered":"<p>K\u00d6P\u00dcK P\u00dcSK\u00dcRTME VE YA\u011e TOPLAMALARI<\/p>\n","protected":false},"excerpt":{"rendered":"<p>K\u00d6P\u00dcK P\u00dcSK\u00dcRTME VE YA\u011e TOPLAMALARI<\/p>\n","protected":false},"featured_media":28433,"comment_status":"open","ping_status":"closed","template":"","meta":[],"product_brand":[],"product_cat":[15,174,169],"product_tag":[],"class_list":{"0":"post-28430","1":"product","2":"type-product","3":"status-publish","4":"has-post-thumbnail","6":"product_cat-genel","7":"product_cat-karterden-yag-emme-hunili","8":"product_cat-yaglama-makinalari","10":"first","11":"instock","12":"shipping-taxable","13":"product-type-simple"},"_links":{"self":[{"href":"http:\/\/basakcilastik.com.tr\/index.php?rest_route=\/wp\/v2\/product\/28430","targetHints":{"allow":["GET"]}}],"collection":[{"href":"http:\/\/basakcilastik.com.tr\/index.php?rest_route=\/wp\/v2\/product"}],"about":[{"href":"http:\/\/basakcilastik.com.tr\/index.php?rest_route=\/wp\/v2\/types\/product"}],"replies":[{"embeddable":true,"href":"http:\/\/basakcilastik.com.tr\/index.php?rest_route=%2Fwp%2Fv2%2Fcomments&post=28430"}],"wp:featuredmedia":[{"embeddable":true,"href":"http:\/\/basakcilastik.com.tr\/index.php?rest_route=\/wp\/v2\/media\/28433"}],"wp:attachment":[{"href":"http:\/\/basakcilastik.com.tr\/index.php?rest_route=%2Fwp%2Fv2%2Fmedia&parent=28430"}],"wp:term":[{"taxonomy":"product_brand","embeddable":true,"href":"http:\/\/basakcilastik.com.tr\/index.php?rest_route=%2Fwp%2Fv2%2Fproduct_brand&post=28430"},{"taxonomy":"product_cat","embeddable":true,"href":"http:\/\/basakcilastik.com.tr\/index.php?rest_route=%2Fwp%2Fv2%2Fproduct_cat&post=28430"},{"taxonomy":"product_tag","embeddable":true,"href":"http:\/\/basakcilastik.com.tr\/index.php?rest_route=%2Fwp%2Fv2%2Fproduct_tag&post=28430"}],"curies":[{"name":"wp","href":"https:\/\/api.w.org\/{rel}","templated":true}]}}