{"id":28017,"date":"2020-09-08T12:31:46","date_gmt":"2020-09-08T12:31:46","guid":{"rendered":"https:\/\/basakcilastik.com.tr\/?post_type=product&#038;p=28017"},"modified":"2020-09-08T12:31:47","modified_gmt":"2020-09-08T12:31:47","slug":"1263-l-takim-cantasi-3-gozlu-bos","status":"publish","type":"product","link":"http:\/\/basakcilastik.com.tr\/?product=1263-l-takim-cantasi-3-gozlu-bos","title":{"rendered":"1263 L Tak\u0131m \u00c7antas\u0131 3 G\u00f6zl\u00fc &#8211; Bo\u015f"},"content":{"rendered":"<p>1263 L<\/p>\n<p>TAKIM \u00c7ANTASI 3 g\u00f6zl\u00fc-BO\u015e<\/p>\n<ul>\n<li>Per\u00e7inli mente\u015feleriyle<\/li>\n<li>\u00dcr\u00fcn g\u00f6zleri tam olarak a\u00e7\u0131labilir<\/li>\n<li>\u00c7ekmecelerin tek y\u00f6ne a\u00e7\u0131lmas\u0131 durumunda bile dengeli ve olduk\u00e7a sa\u011flam<\/li>\n<li>GEDOR\u0130T mavisi<\/li>\n<li>Boyutlar: Y\u00fckseklik 158 x Geni\u015flik 420 x Derinlik 225 mm<\/li>\n<li>\u00d6zellike S 1150, S 1151 ve S 1151 A \u00fcr\u00fcn \u00e7e\u015fitleri i\u00e7in uygundur.<\/li>\n<li>Teslimat i\u00e7eri\u011finde \u00fcr\u00fcn bulunmaz.<\/li>\n<\/ul>\n","protected":false},"excerpt":{"rendered":"<p>1263 L TAKIM \u00c7ANTASI 3 g\u00f6zl\u00fc-BO\u015e Per\u00e7inli mente\u015feleriyle \u00dcr\u00fcn g\u00f6zleri tam olarak a\u00e7\u0131labilir \u00c7ekmecelerin tek y\u00f6ne a\u00e7\u0131lmas\u0131 durumunda bile dengeli ve olduk\u00e7a sa\u011flam GEDOR\u0130T mavisi Boyutlar: Y\u00fckseklik 158 x Geni\u015flik 420 x Derinlik 225 mm \u00d6zellike S 1150, S 1151 ve S 1151 A \u00fcr\u00fcn \u00e7e\u015fitleri i\u00e7in uygundur. Teslimat i\u00e7eri\u011finde \u00fcr\u00fcn bulunmaz.<\/p>\n","protected":false},"featured_media":28020,"comment_status":"open","ping_status":"closed","template":"","meta":[],"product_brand":[],"product_cat":[15,50,44],"product_tag":[],"class_list":{"0":"post-28017","1":"product","2":"type-product","3":"status-publish","4":"has-post-thumbnail","6":"product_cat-genel","7":"product_cat-takim-cantalari","8":"product_cat-takim-dolaplari-takim-cantalari-calisma-tezgahlari","10":"first","11":"instock","12":"shipping-taxable","13":"product-type-simple"},"_links":{"self":[{"href":"http:\/\/basakcilastik.com.tr\/index.php?rest_route=\/wp\/v2\/product\/28017","targetHints":{"allow":["GET"]}}],"collection":[{"href":"http:\/\/basakcilastik.com.tr\/index.php?rest_route=\/wp\/v2\/product"}],"about":[{"href":"http:\/\/basakcilastik.com.tr\/index.php?rest_route=\/wp\/v2\/types\/product"}],"replies":[{"embeddable":true,"href":"http:\/\/basakcilastik.com.tr\/index.php?rest_route=%2Fwp%2Fv2%2Fcomments&post=28017"}],"wp:featuredmedia":[{"embeddable":true,"href":"http:\/\/basakcilastik.com.tr\/index.php?rest_route=\/wp\/v2\/media\/28020"}],"wp:attachment":[{"href":"http:\/\/basakcilastik.com.tr\/index.php?rest_route=%2Fwp%2Fv2%2Fmedia&parent=28017"}],"wp:term":[{"taxonomy":"product_brand","embeddable":true,"href":"http:\/\/basakcilastik.com.tr\/index.php?rest_route=%2Fwp%2Fv2%2Fproduct_brand&post=28017"},{"taxonomy":"product_cat","embeddable":true,"href":"http:\/\/basakcilastik.com.tr\/index.php?rest_route=%2Fwp%2Fv2%2Fproduct_cat&post=28017"},{"taxonomy":"product_tag","embeddable":true,"href":"http:\/\/basakcilastik.com.tr\/index.php?rest_route=%2Fwp%2Fv2%2Fproduct_tag&post=28017"}],"curies":[{"name":"wp","href":"https:\/\/api.w.org\/{rel}","templated":true}]}}