{"id":28001,"date":"2020-09-08T12:26:15","date_gmt":"2020-09-08T12:26:15","guid":{"rendered":"https:\/\/basakcilastik.com.tr\/?post_type=product&#038;p=28001"},"modified":"2020-09-08T12:26:17","modified_gmt":"2020-09-08T12:26:17","slug":"3-gozlu-takim-cantasi","status":"publish","type":"product","link":"http:\/\/basakcilastik.com.tr\/?product=3-gozlu-takim-cantasi","title":{"rendered":"3 G\u00f6zl\u00fc Tak\u0131m \u00c7antas\u0131"},"content":{"rendered":"<table>\n<tbody>\n<tr>\n<td rowspan=\"2\">AT\u00c7-03<br \/>\n3 g\u00f6zl\u00fc tak\u0131m \u00e7antas\u0131<\/td>\n<td colspan=\"2\" width=\"17\">&nbsp;<\/td>\n<td width=\"0\"><\/td>\n<\/tr>\n<tr>\n<td width=\"10\"><\/td>\n<td width=\"10\"><\/td>\n<td width=\"0\">&nbsp;<\/td>\n<\/tr>\n<\/tbody>\n<\/table>\n<p>&nbsp;<\/p>\n<table width=\"633\">\n<thead>\n<tr>\n<td><strong>Stok Kodu<\/strong><\/td>\n<td><strong>mm<\/strong><\/td>\n<td><strong>Adet<\/strong><\/td>\n<\/tr>\n<\/thead>\n<tbody>\n<tr>\n<td>AT\u00c7-0330<\/td>\n<td>300x200x150<\/td>\n<td>4<\/td>\n<\/tr>\n<tr>\n<td>AT\u00c7-0340<\/td>\n<td>420x200x150<\/td>\n<td>4<\/td>\n<\/tr>\n<tr>\n<td>AT\u00c7-0350<\/td>\n<td>510x200x150<\/td>\n<td>4<\/td>\n<\/tr>\n<\/tbody>\n<\/table>\n<p>&nbsp;<\/p>\n","protected":false},"excerpt":{"rendered":"<p>AT\u00c7-03 3 g\u00f6zl\u00fc tak\u0131m \u00e7antas\u0131 &nbsp; &nbsp; &nbsp; Stok Kodu mm Adet AT\u00c7-0330 300x200x150 4 AT\u00c7-0340 420x200x150 4 AT\u00c7-0350 510x200x150 4 &nbsp;<\/p>\n","protected":false},"featured_media":28004,"comment_status":"open","ping_status":"closed","template":"","meta":[],"product_brand":[],"product_cat":[15,50,44],"product_tag":[],"class_list":{"0":"post-28001","1":"product","2":"type-product","3":"status-publish","4":"has-post-thumbnail","6":"product_cat-genel","7":"product_cat-takim-cantalari","8":"product_cat-takim-dolaplari-takim-cantalari-calisma-tezgahlari","10":"first","11":"instock","12":"shipping-taxable","13":"product-type-simple"},"_links":{"self":[{"href":"http:\/\/basakcilastik.com.tr\/index.php?rest_route=\/wp\/v2\/product\/28001","targetHints":{"allow":["GET"]}}],"collection":[{"href":"http:\/\/basakcilastik.com.tr\/index.php?rest_route=\/wp\/v2\/product"}],"about":[{"href":"http:\/\/basakcilastik.com.tr\/index.php?rest_route=\/wp\/v2\/types\/product"}],"replies":[{"embeddable":true,"href":"http:\/\/basakcilastik.com.tr\/index.php?rest_route=%2Fwp%2Fv2%2Fcomments&post=28001"}],"wp:featuredmedia":[{"embeddable":true,"href":"http:\/\/basakcilastik.com.tr\/index.php?rest_route=\/wp\/v2\/media\/28004"}],"wp:attachment":[{"href":"http:\/\/basakcilastik.com.tr\/index.php?rest_route=%2Fwp%2Fv2%2Fmedia&parent=28001"}],"wp:term":[{"taxonomy":"product_brand","embeddable":true,"href":"http:\/\/basakcilastik.com.tr\/index.php?rest_route=%2Fwp%2Fv2%2Fproduct_brand&post=28001"},{"taxonomy":"product_cat","embeddable":true,"href":"http:\/\/basakcilastik.com.tr\/index.php?rest_route=%2Fwp%2Fv2%2Fproduct_cat&post=28001"},{"taxonomy":"product_tag","embeddable":true,"href":"http:\/\/basakcilastik.com.tr\/index.php?rest_route=%2Fwp%2Fv2%2Fproduct_tag&post=28001"}],"curies":[{"name":"wp","href":"https:\/\/api.w.org\/{rel}","templated":true}]}}