{"id":27975,"date":"2020-09-08T12:16:11","date_gmt":"2020-09-08T12:16:11","guid":{"rendered":"https:\/\/basakcilastik.com.tr\/?post_type=product&#038;p=27975"},"modified":"2020-09-08T12:16:13","modified_gmt":"2020-09-08T12:16:13","slug":"beta-c24s5-takim-arabasi-5-cekmeceli","status":"publish","type":"product","link":"http:\/\/basakcilastik.com.tr\/?product=beta-c24s5-takim-arabasi-5-cekmeceli","title":{"rendered":"BETA C24S5 Tak\u0131m Arabas\u0131 5 \u00c7ekmeceli"},"content":{"rendered":"<p><strong>Ana \u00f6zellikleri:<\/strong><\/p>\n<p>Rulman kayd\u0131rakl\u0131 \u2022 Be\u015f \u00e7ekmece (588&#215;367 mm): 2 \u00e7ekmece, 2 \u00e7ekmece y\u00fcksek 70 mm, 1 \u00e7ekmece y\u00fcksek 140 mm, y\u00fcksek 290 mm<\/p>\n<p>Taraf\u0131ndan korunan \u2022 \u00c7ekmece tabanlar\u0131 kau\u00e7uk paspaslar k\u00f6p\u00fckl\u00fc.<\/p>\n<ul>\n<li>D\u00f6rt tekerlek \u00d8 125 mm: 2 sabit ve 2 direksiyon (fren ile).<\/li>\n<li>\u00d6n merkezi emniyet kilidi.<\/li>\n<li>Statik y\u00fck kapasitesi: 800 kg.<\/li>\n<li>Termoplastik tezgah arac\u0131 sand\u0131klar\u0131 C22S, C23S, C23SC ve C23ST ma\u00e7 i\u00e7in tasarlanm\u0131\u015ft\u0131r<\/li>\n<li>Entegre edilmi\u015f yan \u015fi\u015fe tutucu.<\/li>\n<li>Ka\u011f\u0131t rulosu tutucu madde 2400S-R\/PC da dahil edilebilir.<\/li>\n<\/ul>\n<p>52 kg&#8221;<\/p>\n<p>&nbsp;<\/p>\n","protected":false},"excerpt":{"rendered":"<p>Ana \u00f6zellikleri: Rulman kayd\u0131rakl\u0131 \u2022 Be\u015f \u00e7ekmece (588&#215;367 mm): 2 \u00e7ekmece, 2 \u00e7ekmece y\u00fcksek 70 mm, 1 \u00e7ekmece y\u00fcksek 140 mm, y\u00fcksek 290 mm Taraf\u0131ndan korunan \u2022 \u00c7ekmece tabanlar\u0131 kau\u00e7uk paspaslar k\u00f6p\u00fckl\u00fc. D\u00f6rt tekerlek \u00d8 125 mm: 2 sabit ve 2 direksiyon (fren ile). \u00d6n merkezi emniyet kilidi. Statik y\u00fck kapasitesi: 800 kg. Termoplastik tezgah arac\u0131 sand\u0131klar\u0131 C22S, C23S, C23SC [&hellip;]<\/p>\n","protected":false},"featured_media":27978,"comment_status":"open","ping_status":"closed","template":"","meta":[],"product_brand":[],"product_cat":[15,49,44],"product_tag":[],"class_list":{"0":"post-27975","1":"product","2":"type-product","3":"status-publish","4":"has-post-thumbnail","6":"product_cat-genel","7":"product_cat-takim-arabalari","8":"product_cat-takim-dolaplari-takim-cantalari-calisma-tezgahlari","10":"first","11":"instock","12":"shipping-taxable","13":"product-type-simple"},"_links":{"self":[{"href":"http:\/\/basakcilastik.com.tr\/index.php?rest_route=\/wp\/v2\/product\/27975","targetHints":{"allow":["GET"]}}],"collection":[{"href":"http:\/\/basakcilastik.com.tr\/index.php?rest_route=\/wp\/v2\/product"}],"about":[{"href":"http:\/\/basakcilastik.com.tr\/index.php?rest_route=\/wp\/v2\/types\/product"}],"replies":[{"embeddable":true,"href":"http:\/\/basakcilastik.com.tr\/index.php?rest_route=%2Fwp%2Fv2%2Fcomments&post=27975"}],"wp:featuredmedia":[{"embeddable":true,"href":"http:\/\/basakcilastik.com.tr\/index.php?rest_route=\/wp\/v2\/media\/27978"}],"wp:attachment":[{"href":"http:\/\/basakcilastik.com.tr\/index.php?rest_route=%2Fwp%2Fv2%2Fmedia&parent=27975"}],"wp:term":[{"taxonomy":"product_brand","embeddable":true,"href":"http:\/\/basakcilastik.com.tr\/index.php?rest_route=%2Fwp%2Fv2%2Fproduct_brand&post=27975"},{"taxonomy":"product_cat","embeddable":true,"href":"http:\/\/basakcilastik.com.tr\/index.php?rest_route=%2Fwp%2Fv2%2Fproduct_cat&post=27975"},{"taxonomy":"product_tag","embeddable":true,"href":"http:\/\/basakcilastik.com.tr\/index.php?rest_route=%2Fwp%2Fv2%2Fproduct_tag&post=27975"}],"curies":[{"name":"wp","href":"https:\/\/api.w.org\/{rel}","templated":true}]}}