{"id":27272,"date":"2020-09-06T16:46:02","date_gmt":"2020-09-06T16:46:02","guid":{"rendered":"https:\/\/basakcilastik.com.tr\/?post_type=product&#038;p=27272"},"modified":"2020-09-06T16:46:04","modified_gmt":"2020-09-06T16:46:04","slug":"ln-25x-kaynak-makinasi","status":"publish","type":"product","link":"http:\/\/basakcilastik.com.tr\/?product=ln-25x-kaynak-makinasi","title":{"rendered":"LN-25X Kaynak Makinas\u0131"},"content":{"rendered":"<p>\u00dcr\u00fcn \u00d6zellikleri<\/p>\n<ul>\n<li>Kumanda kablosu olmadan \u00f6n ayarl\u0131 ger ilimi uzaktan kumanda eder.<\/li>\n<li>End\u00fcstri kan\u0131tl\u0131 Maxtrac Tel Tahrik Sistemi g\u00fcvenilir besleme ve kolay de\u011fi\u015ftirmeler sa\u011flar.<\/li>\n<li>Tetikli kilitleme anahtar\u0131 operat\u00f6re uzun kaynaklar s\u00fcrecinde rahatl\u0131k sa\u011flar.<\/li>\n<li>Bak\u0131m ve \u00fcretkenli\u011fi takip etmek i\u00e7in Ark Saati sayac\u0131<\/li>\n<li>Dijital \u00d6l\u00e7erler gerilim, ak\u0131m ve tel be sleme h\u0131z\u0131n\u0131 g\u00f6sterir.<\/li>\n<li>Tam korumal\u0131 kasa hem besleme \u00fcnitesi par\u00e7alar\u0131n\u0131 hem de kaynak telini kirleticilere kar\u015f\u0131 korur.<\/li>\n<li>Havaleli kumanda kablolar\u0131n\u0131 ortadan kald\u0131rarak i\u015f sahas\u0131 kar\u0131\u015f\u0131kl\u0131\u011f\u0131n\u0131 azalt\u0131r.<\/li>\n<li>Saha etraf\u0131nda kumanda kablolar\u0131n\u0131 s\u00fcr\u00fckleme ihtiyac\u0131n\u0131 ortadan kald\u0131r\u0131r.<\/li>\n<li>Besleme \u00fcnitesindeki tam gerilim kontrol\u00fc her kaynak i\u00e7in do\u011fru ayarlar\u0131 sa\u011flar.<\/li>\n<li>\u0130stemd\u0131\u015f\u0131 makine ayarlamalar\u0131n\u0131 ortadan kald\u0131r\u0131r.<\/li>\n<li>Daha az kablo ba\u011flant\u0131lar\u0131 ile daha az kurulum.<\/li>\n<li>Ayarlar\u0131 yaparken yard\u0131mc\u0131lar\u0131 veya g\u00fc\u00e7 kayna\u011f\u0131na gitmeleri ortadan kald\u0131r\u0131r.<\/li>\n<li>Kolay ayarlamalar ile tekrarlanan i\u015fleri minimuma indirir.<\/li>\n<li>Tam kaps\u00fcll\u00fc ve \u00e7evre korumal\u0131 elektronikler.<\/li>\n<li>De\u011fi\u015ftirilebilir aleve dayan\u0131kl\u0131 kasa be\u015f dakikadan k\u0131sa s\u00fcrede monte edilebilir.<\/li>\n<li>Personelin i\u015f sahas\u0131nda gereksiz hareketlerini ortadan kald\u0131r\u0131r.<\/li>\n<\/ul>\n<p>CrossLinc ile ilave bir kumanda kablosu olmadan besleme \u00fcnitesinde gerilim kontrol\u00fcne sahip olursunuz.<\/p>\n<p>Teknik \u00d6zellikler<\/p>\n<ul>\n<li>G\u00fc\u00e7 Kapasitesi Ak\u0131m\/\u00c7al\u0131\u015fma \u00c7evrimi450A\/%60<\/li>\n<li>Ak\u0131\u015f \u00d6l\u00e7erEvet<\/li>\n<li>Giri\u015f G\u00fcc\u00fcV DC15-110<\/li>\n<li>Tel Besleme H\u0131z\u0131 Aral\u0131\u011f\u0131m\/dak1.3-17.7<\/li>\n<li>Tel Boyutu Aral\u0131\u011f\u0131mmDolu: 0.6-1.6 &#8211; \u00d6zl\u00fc: 0.8-2.0 &#8211; Al\u00fcminyum: 0.9-1.6<\/li>\n<li>A\u011f\u0131rl\u0131kkg18,37<\/li>\n<li>Boyutlar(YxGxD)mm381 x 221 x 589<\/li>\n<\/ul>\n<p>&nbsp;<\/p>\n","protected":false},"excerpt":{"rendered":"<p>\u00dcr\u00fcn \u00d6zellikleri Kumanda kablosu olmadan \u00f6n ayarl\u0131 ger ilimi uzaktan kumanda eder. End\u00fcstri kan\u0131tl\u0131 Maxtrac Tel Tahrik Sistemi g\u00fcvenilir besleme ve kolay de\u011fi\u015ftirmeler sa\u011flar. Tetikli kilitleme anahtar\u0131 operat\u00f6re uzun kaynaklar s\u00fcrecinde rahatl\u0131k sa\u011flar. Bak\u0131m ve \u00fcretkenli\u011fi takip etmek i\u00e7in Ark Saati sayac\u0131 Dijital \u00d6l\u00e7erler gerilim, ak\u0131m ve tel be sleme h\u0131z\u0131n\u0131 g\u00f6sterir. Tam korumal\u0131 kasa hem besleme \u00fcnitesi par\u00e7alar\u0131n\u0131 hem [&hellip;]<\/p>\n","protected":false},"featured_media":27275,"comment_status":"open","ping_status":"closed","template":"","meta":[],"product_brand":[],"product_cat":[15,164,167],"product_tag":[],"class_list":{"0":"post-27272","1":"product","2":"type-product","3":"status-publish","4":"has-post-thumbnail","6":"product_cat-genel","7":"product_cat-kaynak-ekipmanlari","8":"product_cat-kaynak-makina-ve-ekipmanlari","10":"first","11":"instock","12":"shipping-taxable","13":"product-type-simple"},"_links":{"self":[{"href":"http:\/\/basakcilastik.com.tr\/index.php?rest_route=\/wp\/v2\/product\/27272","targetHints":{"allow":["GET"]}}],"collection":[{"href":"http:\/\/basakcilastik.com.tr\/index.php?rest_route=\/wp\/v2\/product"}],"about":[{"href":"http:\/\/basakcilastik.com.tr\/index.php?rest_route=\/wp\/v2\/types\/product"}],"replies":[{"embeddable":true,"href":"http:\/\/basakcilastik.com.tr\/index.php?rest_route=%2Fwp%2Fv2%2Fcomments&post=27272"}],"wp:featuredmedia":[{"embeddable":true,"href":"http:\/\/basakcilastik.com.tr\/index.php?rest_route=\/wp\/v2\/media\/27275"}],"wp:attachment":[{"href":"http:\/\/basakcilastik.com.tr\/index.php?rest_route=%2Fwp%2Fv2%2Fmedia&parent=27272"}],"wp:term":[{"taxonomy":"product_brand","embeddable":true,"href":"http:\/\/basakcilastik.com.tr\/index.php?rest_route=%2Fwp%2Fv2%2Fproduct_brand&post=27272"},{"taxonomy":"product_cat","embeddable":true,"href":"http:\/\/basakcilastik.com.tr\/index.php?rest_route=%2Fwp%2Fv2%2Fproduct_cat&post=27272"},{"taxonomy":"product_tag","embeddable":true,"href":"http:\/\/basakcilastik.com.tr\/index.php?rest_route=%2Fwp%2Fv2%2Fproduct_tag&post=27272"}],"curies":[{"name":"wp","href":"https:\/\/api.w.org\/{rel}","templated":true}]}}