{"id":27157,"date":"2020-09-06T15:23:44","date_gmt":"2020-09-06T15:23:44","guid":{"rendered":"https:\/\/basakcilastik.com.tr\/?post_type=product&#038;p=27157"},"modified":"2020-09-06T15:23:45","modified_gmt":"2020-09-06T15:23:45","slug":"kobatek-tig-91","status":"publish","type":"product","link":"http:\/\/basakcilastik.com.tr\/?product=kobatek-tig-91","title":{"rendered":"Kobatek TIG 91"},"content":{"rendered":"<p>Kobalt esasl\u0131 TIG telleri i\u00e7erisinde en y\u00fcksek sertli\u011fe sahip olan\u0131d\u0131r. Y\u00fcksek ala\u015f\u0131ml\u0131 \u00e7elikler, s\u0131cak i\u015f \u00e7elikleri, kendili\u011finden sertle\u015febilen \u00e7elikler, y\u00fcksek manganl\u0131 \u00e7elikler ve nikel ala\u015f\u0131mlar\u0131n\u0131n sertdolgu kayna\u011f\u0131nda kullan\u0131l\u0131r.<\/p>\n<p>Elde edilen dolgu metali y\u00fcksek oranda &#8220;Co&#8221; (kobalt) i\u00e7ermekte olup 800\u00b0C&#8217;a kadarki \u0131s\u0131l \u015foklar, korozyon, oksidasyon ve bas\u0131n\u00e7 ile birlikte g\u00f6r\u00fclen metal-metal s\u00fcrt\u00fcnmesine kar\u015f\u0131 m\u00fckemmel dayan\u0131m g\u00f6sterir. Sertli\u011fini y\u00fcksek \u00e7al\u0131\u015fma s\u0131cakl\u0131klar\u0131nda bile korur. Kavitasyon a\u015f\u0131nmas\u0131na kar\u015f\u0131 g\u00f6sterdi\u011fi y\u00fcksek dayan\u0131m bir di\u011fer \u00f6nemli \u00f6zelli\u011fidir.<\/p>\n<p>&nbsp;<\/p>\n<p>Kaynak Metalinin Mekanik \u00d6zellikleri<\/p>\n<table>\n<tbody>\n<tr>\n<td><strong>Sertlik<\/strong><\/td>\n<td width=\"1\">:<\/td>\n<td>53 &#8211; 56<\/td>\n<td>(HRC)<\/td>\n<td>(+20\u00b0C&#8217;da)<\/td>\n<td>&nbsp;<\/td>\n<\/tr>\n<tr>\n<td><\/td>\n<td width=\"1\">:<\/td>\n<td>42 &#8211; 46<\/td>\n<td>(HRC)<\/td>\n<td>(+600\u00b0C&#8217;da)<\/td>\n<td>&nbsp;<\/td>\n<\/tr>\n<\/tbody>\n<\/table>\n<p>&nbsp;<\/p>\n<p>Koruyucu Gazlar (EN 439)<\/p>\n<p>I1 : %100 Ar<\/p>\n<p>&nbsp;<\/p>\n<p>Kullan\u0131m Alanlar\u0131<\/p>\n<p><strong>1\u00a0ki\u015fi bu \u00fcr\u00fcn\u00fc inceledi<\/strong><\/p>\n<p>&nbsp;<\/p>\n<ul>\n<li>Mekanik salmastralar<\/li>\n<li>S\u0131cak kesme b\u0131\u00e7aklar\u0131 ve tak\u0131mlar\u0131<\/li>\n<li>Y\u00fcksek \u0131s\u0131da \u00e7al\u0131\u015fan pompa milleri<\/li>\n<li>Plastik ekstr\u00fczyon vidalar\u0131<\/li>\n<li>Raylar\u0131n ve y\u00fcksek \u0131s\u0131da \u00e7al\u0131\u015fan makaralar\u0131n y\u00fczey dolgu i\u015flemleri<\/li>\n<li>\u0130ngot tutucu sivri \u00e7ene u\u00e7lar\u0131<\/li>\n<li>Musluklar\u0131n conta yata\u011f\u0131nda bulunan koruyucu z\u0131rhlar\u0131n dolgusu<\/li>\n<li>Ka\u011f\u0131t ve karton kesme b\u0131\u00e7aklar\u0131 (u\u00e7ar b\u0131\u00e7aklar)<\/li>\n<li>S\u00fcrt\u00fcnmeli \u00e7al\u0131\u015fan yatak y\u00fczeylerinin dolgusu<\/li>\n<\/ul>\n<p>&nbsp;<\/p>\n<p>\u00c7ap ve Ambalaj Bilgileri<\/p>\n<table width=\"630\">\n<thead>\n<tr>\n<td width=\"100\"><strong>\u00c7ap (mm)<\/strong><\/td>\n<td><strong>0,8<\/strong><\/td>\n<td><strong>1,0<\/strong><\/td>\n<td><strong>1,2<\/strong><\/td>\n<td><strong>1,6<\/strong><\/td>\n<td><strong>2,0<\/strong><\/td>\n<td><strong>2,4<\/strong><\/td>\n<td><strong>3,2<\/strong><\/td>\n<td><strong>4,0<\/strong><\/td>\n<td><strong>5,0<\/strong><\/td>\n<td width=\"150\"><strong>Kutu A\u011f\u0131rl\u0131\u011f\u0131 (kg)<\/strong><\/td>\n<\/tr>\n<tr>\n<td>TIG Teli<\/td>\n<td>&#8211;<\/td>\n<td>&#8211;<\/td>\n<td>&#8211;<\/td>\n<td>&#8211;<\/td>\n<td>&#8211;<\/td>\n<td>&#8211;<\/td>\n<td>X<\/td>\n<td>&#8211;<\/td>\n<td>&#8211;<\/td>\n<td>10<\/td>\n<\/tr>\n<\/thead>\n<\/table>\n<p>&nbsp;<\/p>\n","protected":false},"excerpt":{"rendered":"<p>Kobalt esasl\u0131 TIG telleri i\u00e7erisinde en y\u00fcksek sertli\u011fe sahip olan\u0131d\u0131r. Y\u00fcksek ala\u015f\u0131ml\u0131 \u00e7elikler, s\u0131cak i\u015f \u00e7elikleri, kendili\u011finden sertle\u015febilen \u00e7elikler, y\u00fcksek manganl\u0131 \u00e7elikler ve nikel ala\u015f\u0131mlar\u0131n\u0131n sertdolgu kayna\u011f\u0131nda kullan\u0131l\u0131r. Elde edilen dolgu metali y\u00fcksek oranda &#8220;Co&#8221; (kobalt) i\u00e7ermekte olup 800\u00b0C&#8217;a kadarki \u0131s\u0131l \u015foklar, korozyon, oksidasyon ve bas\u0131n\u00e7 ile birlikte g\u00f6r\u00fclen metal-metal s\u00fcrt\u00fcnmesine kar\u015f\u0131 m\u00fckemmel dayan\u0131m g\u00f6sterir. Sertli\u011fini y\u00fcksek \u00e7al\u0131\u015fma s\u0131cakl\u0131klar\u0131nda bile [&hellip;]<\/p>\n","protected":false},"featured_media":27160,"comment_status":"open","ping_status":"closed","template":"","meta":[],"product_brand":[],"product_cat":[15,164,166],"product_tag":[],"class_list":{"0":"post-27157","1":"product","2":"type-product","3":"status-publish","4":"has-post-thumbnail","6":"product_cat-genel","7":"product_cat-kaynak-ekipmanlari","8":"product_cat-kaynak-elektrodlari-telleri-ve-tozlari","10":"first","11":"instock","12":"shipping-taxable","13":"product-type-simple"},"_links":{"self":[{"href":"http:\/\/basakcilastik.com.tr\/index.php?rest_route=\/wp\/v2\/product\/27157","targetHints":{"allow":["GET"]}}],"collection":[{"href":"http:\/\/basakcilastik.com.tr\/index.php?rest_route=\/wp\/v2\/product"}],"about":[{"href":"http:\/\/basakcilastik.com.tr\/index.php?rest_route=\/wp\/v2\/types\/product"}],"replies":[{"embeddable":true,"href":"http:\/\/basakcilastik.com.tr\/index.php?rest_route=%2Fwp%2Fv2%2Fcomments&post=27157"}],"wp:featuredmedia":[{"embeddable":true,"href":"http:\/\/basakcilastik.com.tr\/index.php?rest_route=\/wp\/v2\/media\/27160"}],"wp:attachment":[{"href":"http:\/\/basakcilastik.com.tr\/index.php?rest_route=%2Fwp%2Fv2%2Fmedia&parent=27157"}],"wp:term":[{"taxonomy":"product_brand","embeddable":true,"href":"http:\/\/basakcilastik.com.tr\/index.php?rest_route=%2Fwp%2Fv2%2Fproduct_brand&post=27157"},{"taxonomy":"product_cat","embeddable":true,"href":"http:\/\/basakcilastik.com.tr\/index.php?rest_route=%2Fwp%2Fv2%2Fproduct_cat&post=27157"},{"taxonomy":"product_tag","embeddable":true,"href":"http:\/\/basakcilastik.com.tr\/index.php?rest_route=%2Fwp%2Fv2%2Fproduct_tag&post=27157"}],"curies":[{"name":"wp","href":"https:\/\/api.w.org\/{rel}","templated":true}]}}