{"id":26978,"date":"2020-09-05T23:05:51","date_gmt":"2020-09-05T23:05:51","guid":{"rendered":"https:\/\/basakcilastik.com.tr\/?post_type=product&#038;p=26978"},"modified":"2020-09-05T23:05:52","modified_gmt":"2020-09-05T23:05:52","slug":"eltos-kaynak-pensesi-lastik-250-amper","status":"publish","type":"product","link":"http:\/\/basakcilastik.com.tr\/?product=eltos-kaynak-pensesi-lastik-250-amper","title":{"rendered":"ELTOS KAYNAK PENSES\u0130 LAST\u0130K 250 AMPER"},"content":{"rendered":"<p>ELTOS KAYNAK PENSES\u0130 LAST\u0130K 250 AMPER<\/p>\n","protected":false},"excerpt":{"rendered":"<p>ELTOS KAYNAK PENSES\u0130 LAST\u0130K 250 AMPER<\/p>\n","protected":false},"featured_media":26981,"comment_status":"open","ping_status":"closed","template":"","meta":[],"product_brand":[],"product_cat":[15,165,164],"product_tag":[],"class_list":{"0":"post-26978","1":"product","2":"type-product","3":"status-publish","4":"has-post-thumbnail","6":"product_cat-genel","7":"product_cat-kaynak-ekipmanlari-kaynak-ekipmanlari","8":"product_cat-kaynak-ekipmanlari","10":"first","11":"instock","12":"shipping-taxable","13":"product-type-simple"},"_links":{"self":[{"href":"http:\/\/basakcilastik.com.tr\/index.php?rest_route=\/wp\/v2\/product\/26978","targetHints":{"allow":["GET"]}}],"collection":[{"href":"http:\/\/basakcilastik.com.tr\/index.php?rest_route=\/wp\/v2\/product"}],"about":[{"href":"http:\/\/basakcilastik.com.tr\/index.php?rest_route=\/wp\/v2\/types\/product"}],"replies":[{"embeddable":true,"href":"http:\/\/basakcilastik.com.tr\/index.php?rest_route=%2Fwp%2Fv2%2Fcomments&post=26978"}],"wp:featuredmedia":[{"embeddable":true,"href":"http:\/\/basakcilastik.com.tr\/index.php?rest_route=\/wp\/v2\/media\/26981"}],"wp:attachment":[{"href":"http:\/\/basakcilastik.com.tr\/index.php?rest_route=%2Fwp%2Fv2%2Fmedia&parent=26978"}],"wp:term":[{"taxonomy":"product_brand","embeddable":true,"href":"http:\/\/basakcilastik.com.tr\/index.php?rest_route=%2Fwp%2Fv2%2Fproduct_brand&post=26978"},{"taxonomy":"product_cat","embeddable":true,"href":"http:\/\/basakcilastik.com.tr\/index.php?rest_route=%2Fwp%2Fv2%2Fproduct_cat&post=26978"},{"taxonomy":"product_tag","embeddable":true,"href":"http:\/\/basakcilastik.com.tr\/index.php?rest_route=%2Fwp%2Fv2%2Fproduct_tag&post=26978"}],"curies":[{"name":"wp","href":"https:\/\/api.w.org\/{rel}","templated":true}]}}