{"id":26957,"date":"2020-09-05T22:58:09","date_gmt":"2020-09-05T22:58:09","guid":{"rendered":"https:\/\/basakcilastik.com.tr\/?post_type=product&#038;p=26957"},"modified":"2020-09-05T22:58:10","modified_gmt":"2020-09-05T22:58:10","slug":"mv3-duz-agir-tip-motor-indirme-vinci","status":"publish","type":"product","link":"http:\/\/basakcilastik.com.tr\/?product=mv3-duz-agir-tip-motor-indirme-vinci","title":{"rendered":"MV3 D\u00dcZ A\u011eIR T\u0130P MOTOR \u0130ND\u0130RME V\u0130NC\u0130"},"content":{"rendered":"<p>MV3 D\u00dcZ A\u011eIR T\u0130P MOTOR \u0130ND\u0130RME V\u0130NC\u0130<\/p>\n","protected":false},"excerpt":{"rendered":"<p>MV3 D\u00dcZ A\u011eIR T\u0130P MOTOR \u0130ND\u0130RME V\u0130NC\u0130<\/p>\n","protected":false},"featured_media":26960,"comment_status":"open","ping_status":"closed","template":"","meta":[],"product_brand":[],"product_cat":[15,140,154],"product_tag":[],"class_list":{"0":"post-26957","1":"product","2":"type-product","3":"status-publish","4":"has-post-thumbnail","6":"product_cat-genel","7":"product_cat-kaldirma-ekipmanlari","8":"product_cat-vincler","10":"first","11":"instock","12":"shipping-taxable","13":"product-type-simple"},"_links":{"self":[{"href":"http:\/\/basakcilastik.com.tr\/index.php?rest_route=\/wp\/v2\/product\/26957","targetHints":{"allow":["GET"]}}],"collection":[{"href":"http:\/\/basakcilastik.com.tr\/index.php?rest_route=\/wp\/v2\/product"}],"about":[{"href":"http:\/\/basakcilastik.com.tr\/index.php?rest_route=\/wp\/v2\/types\/product"}],"replies":[{"embeddable":true,"href":"http:\/\/basakcilastik.com.tr\/index.php?rest_route=%2Fwp%2Fv2%2Fcomments&post=26957"}],"wp:featuredmedia":[{"embeddable":true,"href":"http:\/\/basakcilastik.com.tr\/index.php?rest_route=\/wp\/v2\/media\/26960"}],"wp:attachment":[{"href":"http:\/\/basakcilastik.com.tr\/index.php?rest_route=%2Fwp%2Fv2%2Fmedia&parent=26957"}],"wp:term":[{"taxonomy":"product_brand","embeddable":true,"href":"http:\/\/basakcilastik.com.tr\/index.php?rest_route=%2Fwp%2Fv2%2Fproduct_brand&post=26957"},{"taxonomy":"product_cat","embeddable":true,"href":"http:\/\/basakcilastik.com.tr\/index.php?rest_route=%2Fwp%2Fv2%2Fproduct_cat&post=26957"},{"taxonomy":"product_tag","embeddable":true,"href":"http:\/\/basakcilastik.com.tr\/index.php?rest_route=%2Fwp%2Fv2%2Fproduct_tag&post=26957"}],"curies":[{"name":"wp","href":"https:\/\/api.w.org\/{rel}","templated":true}]}}