{"id":26935,"date":"2020-09-05T22:38:25","date_gmt":"2020-09-05T22:38:25","guid":{"rendered":"https:\/\/basakcilastik.com.tr\/?post_type=product&#038;p=26935"},"modified":"2020-09-05T22:38:26","modified_gmt":"2020-09-05T22:38:26","slug":"katlanir-hidrolik-garaj-vincleri","status":"publish","type":"product","link":"http:\/\/basakcilastik.com.tr\/?product=katlanir-hidrolik-garaj-vincleri","title":{"rendered":"Katlan\u0131r Hidrolik Garaj Vin\u00e7leri"},"content":{"rendered":"<p>Katlan\u0131r Hidrolik Garaj Vin\u00e7leri<\/p>\n<p><strong>STOK KODU :\u00a0<\/strong>B\u015eR &#8211; 250 -254<\/p>\n<h4><strong>\u00dcR\u00dcN A\u00c7IKLAMASI<\/strong><\/h4>\n<table width=\"500\">\n<tbody>\n<tr>\n<td>Kod<\/td>\n<td>Kapasite<\/td>\n<td>Model<\/td>\n<td>A<br \/>\n(mm)<\/td>\n<td>B<br \/>\n(mm)<\/td>\n<td>D<br \/>\n(mm)<\/td>\n<td>E<br \/>\n(mm)<\/td>\n<td>F<br \/>\n(mm)<\/td>\n<td>H<br \/>\n(mm)<\/td>\n<td>I<br \/>\n(mm)<\/td>\n<td>A\u011f\u0131rl\u0131k<\/td>\n<\/tr>\n<tr>\n<td>B\u015eR-250<\/td>\n<td>\u00a0 \u00a01 Ton<\/td>\n<td>\u00a0Katlan\u0131r<\/td>\n<td>\u00a01800<\/td>\n<td>\u00a01650<\/td>\n<td>\u00a02800<\/td>\n<td>\u00a0160<\/td>\n<td>\u00a0650<\/td>\n<td>1040<\/td>\n<td>1250<\/td>\n<td>105kg<\/td>\n<\/tr>\n<tr>\n<td>B\u015eR-254<\/td>\n<td>\u00a0 \u00a02 Ton<\/td>\n<td>\u00a0Katlan\u0131r<\/td>\n<td>2000<\/td>\n<td>2000<\/td>\n<td>2800<\/td>\n<td>230<\/td>\n<td>1000<\/td>\n<td>1720<\/td>\n<td>1920<\/td>\n<td>200kg<\/td>\n<\/tr>\n<\/tbody>\n<\/table>\n<p>&nbsp;<\/p>\n<p>&nbsp;<\/p>\n","protected":false},"excerpt":{"rendered":"<p>Katlan\u0131r Hidrolik Garaj Vin\u00e7leri STOK KODU :\u00a0B\u015eR &#8211; 250 -254 \u00dcR\u00dcN A\u00c7IKLAMASI Kod Kapasite Model A (mm) B (mm) D (mm) E (mm) F (mm) H (mm) I (mm) A\u011f\u0131rl\u0131k B\u015eR-250 \u00a0 \u00a01 Ton \u00a0Katlan\u0131r \u00a01800 \u00a01650 \u00a02800 \u00a0160 \u00a0650 1040 1250 105kg B\u015eR-254 \u00a0 \u00a02 Ton \u00a0Katlan\u0131r 2000 2000 2800 230 1000 1720 1920 200kg &nbsp; &nbsp;<\/p>\n","protected":false},"featured_media":26938,"comment_status":"open","ping_status":"closed","template":"","meta":[],"product_brand":[],"product_cat":[15,140,154],"product_tag":[],"class_list":{"0":"post-26935","1":"product","2":"type-product","3":"status-publish","4":"has-post-thumbnail","6":"product_cat-genel","7":"product_cat-kaldirma-ekipmanlari","8":"product_cat-vincler","10":"first","11":"instock","12":"shipping-taxable","13":"product-type-simple"},"_links":{"self":[{"href":"http:\/\/basakcilastik.com.tr\/index.php?rest_route=\/wp\/v2\/product\/26935","targetHints":{"allow":["GET"]}}],"collection":[{"href":"http:\/\/basakcilastik.com.tr\/index.php?rest_route=\/wp\/v2\/product"}],"about":[{"href":"http:\/\/basakcilastik.com.tr\/index.php?rest_route=\/wp\/v2\/types\/product"}],"replies":[{"embeddable":true,"href":"http:\/\/basakcilastik.com.tr\/index.php?rest_route=%2Fwp%2Fv2%2Fcomments&post=26935"}],"wp:featuredmedia":[{"embeddable":true,"href":"http:\/\/basakcilastik.com.tr\/index.php?rest_route=\/wp\/v2\/media\/26938"}],"wp:attachment":[{"href":"http:\/\/basakcilastik.com.tr\/index.php?rest_route=%2Fwp%2Fv2%2Fmedia&parent=26935"}],"wp:term":[{"taxonomy":"product_brand","embeddable":true,"href":"http:\/\/basakcilastik.com.tr\/index.php?rest_route=%2Fwp%2Fv2%2Fproduct_brand&post=26935"},{"taxonomy":"product_cat","embeddable":true,"href":"http:\/\/basakcilastik.com.tr\/index.php?rest_route=%2Fwp%2Fv2%2Fproduct_cat&post=26935"},{"taxonomy":"product_tag","embeddable":true,"href":"http:\/\/basakcilastik.com.tr\/index.php?rest_route=%2Fwp%2Fv2%2Fproduct_tag&post=26935"}],"curies":[{"name":"wp","href":"https:\/\/api.w.org\/{rel}","templated":true}]}}