{"id":26532,"date":"2020-09-05T09:58:39","date_gmt":"2020-09-05T09:58:39","guid":{"rendered":"https:\/\/basakcilastik.com.tr\/?post_type=product&#038;p=26532"},"modified":"2020-09-05T09:58:41","modified_gmt":"2020-09-05T09:58:41","slug":"ms1030-manuel-istif","status":"publish","type":"product","link":"http:\/\/basakcilastik.com.tr\/?product=ms1030-manuel-istif","title":{"rendered":"MS1030 Manuel \u0130stif"},"content":{"rendered":"<p>MS1030 Manuel \u0130stif<\/p>\n<p>\u00dcr\u00fcn \u00d6zellikleri<\/p>\n<p>&#8211; 330mm-740mm Aras\u0131 Ayarlanabilir \u00c7atallar<\/p>\n<p>&#8211; C Formlu G\u00fc\u00e7l\u00fc Kolonlar<\/p>\n<p>&#8211; Sertle\u015ftirilmi\u015f Malzemeden Yap\u0131lma E\u011filmeye Dayan\u0131kl\u0131 Ayaklar<\/p>\n<p>&#8211; Ayak Freni<\/p>\n<p>&#8211; Poli\u00fcretan Tekerler<\/p>\n<p>&#8211; Ayak \u0130le Pompalama \u0130mkan\u0131<\/p>\n<p>&#8211; Ful Kafes Koruma<\/p>\n<p>Teknik \u00d6zellikler<\/p>\n<ul>\n<li>Kapasitekg1000<\/li>\n<li>Minimum \u00c7atal Y\u00fcksekli\u011fimm85<\/li>\n<li>Maksimum \u00c7atal Y\u00fcksekli\u011fimm3000<\/li>\n<li>\u00c7atal \u00d6l\u00e7\u00fcs\u00fcmm160x60<\/li>\n<li>\u00c7atal Uzunlu\u011fumm1150<\/li>\n<li>\u00c7atal Geni\u015fli\u011fi (Ayarlanabilir\/Sabit \u00c7atal)mm330-740 \/ 550<\/li>\n<li>D\u00f6nme \u00c7ap\u0131mm1000<\/li>\n<li>D\u00f6ner Teker \u00d6l\u00e7\u00fcs\u00fcmm180x50<\/li>\n<li>Y\u00fck Tekeri \u00d6l\u00e7\u00fcs\u00fcmm74x70<\/li>\n<li>A\u011f\u0131rl\u0131kkg352<\/li>\n<li>Toplam Geni\u015flikmm800<\/li>\n<li>Toplam Uzunlukmm1730<\/li>\n<li>Y\u00fckseklikmm2100<\/li>\n<\/ul>\n<p>&nbsp;<\/p>\n","protected":false},"excerpt":{"rendered":"<p>MS1030 Manuel \u0130stif \u00dcr\u00fcn \u00d6zellikleri &#8211; 330mm-740mm Aras\u0131 Ayarlanabilir \u00c7atallar &#8211; C Formlu G\u00fc\u00e7l\u00fc Kolonlar &#8211; Sertle\u015ftirilmi\u015f Malzemeden Yap\u0131lma E\u011filmeye Dayan\u0131kl\u0131 Ayaklar &#8211; Ayak Freni &#8211; Poli\u00fcretan Tekerler &#8211; Ayak \u0130le Pompalama \u0130mkan\u0131 &#8211; Ful Kafes Koruma Teknik \u00d6zellikler Kapasitekg1000 Minimum \u00c7atal Y\u00fcksekli\u011fimm85 Maksimum \u00c7atal Y\u00fcksekli\u011fimm3000 \u00c7atal \u00d6l\u00e7\u00fcs\u00fcmm160x60 \u00c7atal Uzunlu\u011fumm1150 \u00c7atal Geni\u015fli\u011fi (Ayarlanabilir\/Sabit \u00c7atal)mm330-740 \/ 550 D\u00f6nme \u00c7ap\u0131mm1000 D\u00f6ner Teker [&hellip;]<\/p>\n","protected":false},"featured_media":26535,"comment_status":"open","ping_status":"closed","template":"","meta":[],"product_brand":[],"product_cat":[15,146,140],"product_tag":[],"class_list":{"0":"post-26532","1":"product","2":"type-product","3":"status-publish","4":"has-post-thumbnail","6":"product_cat-genel","7":"product_cat-istifler","8":"product_cat-kaldirma-ekipmanlari","10":"first","11":"instock","12":"shipping-taxable","13":"product-type-simple"},"_links":{"self":[{"href":"http:\/\/basakcilastik.com.tr\/index.php?rest_route=\/wp\/v2\/product\/26532","targetHints":{"allow":["GET"]}}],"collection":[{"href":"http:\/\/basakcilastik.com.tr\/index.php?rest_route=\/wp\/v2\/product"}],"about":[{"href":"http:\/\/basakcilastik.com.tr\/index.php?rest_route=\/wp\/v2\/types\/product"}],"replies":[{"embeddable":true,"href":"http:\/\/basakcilastik.com.tr\/index.php?rest_route=%2Fwp%2Fv2%2Fcomments&post=26532"}],"wp:featuredmedia":[{"embeddable":true,"href":"http:\/\/basakcilastik.com.tr\/index.php?rest_route=\/wp\/v2\/media\/26535"}],"wp:attachment":[{"href":"http:\/\/basakcilastik.com.tr\/index.php?rest_route=%2Fwp%2Fv2%2Fmedia&parent=26532"}],"wp:term":[{"taxonomy":"product_brand","embeddable":true,"href":"http:\/\/basakcilastik.com.tr\/index.php?rest_route=%2Fwp%2Fv2%2Fproduct_brand&post=26532"},{"taxonomy":"product_cat","embeddable":true,"href":"http:\/\/basakcilastik.com.tr\/index.php?rest_route=%2Fwp%2Fv2%2Fproduct_cat&post=26532"},{"taxonomy":"product_tag","embeddable":true,"href":"http:\/\/basakcilastik.com.tr\/index.php?rest_route=%2Fwp%2Fv2%2Fproduct_tag&post=26532"}],"curies":[{"name":"wp","href":"https:\/\/api.w.org\/{rel}","templated":true}]}}

MS1030 Manuel İstif

<p>MS1030 Manuel İstif</p>
<p>Ürün Özellikleri</p>
<p>&#8211; 330mm-740mm Arası Ayarlanabilir Çatallar</p>
<p>&#8211; C Formlu Güçlü Kolonlar</p>
<p>&#8211; Sertleştirilmiş Malzemeden Yapılma Eğilmeye Dayanıklı Ayaklar</p>
<p>&#8211; Ayak Freni</p>
<p>&#8211; Poliüretan Tekerler</p>
<p>&#8211; Ayak İle Pompalama İmkanı</p>
<p>&#8211; Ful Kafes Koruma</p>
<p>Teknik Özellikler</p>
<ul>
<li>Kapasitekg1000</li>
<li>Minimum Çatal Yüksekliğimm85</li>
<li>Maksimum Çatal Yüksekliğimm3000</li>
<li>Çatal Ölçüsümm160x60</li>
<li>Çatal Uzunluğumm1150</li>
<li>Çatal Genişliği (Ayarlanabilir/Sabit Çatal)mm330-740 / 550</li>
<li>Dönme Çapımm1000</li>
<li>Döner Teker Ölçüsümm180x50</li>
<li>Yük Tekeri Ölçüsümm74x70</li>
<li>Ağırlıkkg352</li>
<li>Toplam Genişlikmm800</li>
<li>Toplam Uzunlukmm1730</li>
<li>Yükseklikmm2100</li>
</ul>
<p>&nbsp;</p>

<p>MS1030 Manuel İstif Ürün Özellikleri &#8211; 330mm-740mm Arası Ayarlanabilir Çatallar &#8211; C Formlu Güçlü Kolonlar &#8211; Sertleştirilmiş Malzemeden Yapılma Eğilmeye Dayanıklı Ayaklar &#8211; Ayak Freni &#8211; Poliüretan Tekerler &#8211; Ayak İle Pompalama İmkanı &#8211; Ful Kafes Koruma Teknik Özellikler Kapasitekg1000 Minimum Çatal Yüksekliğimm85 Maksimum Çatal Yüksekliğimm3000 Çatal Ölçüsümm160x60 Çatal Uzunluğumm1150 Çatal Genişliği (Ayarlanabilir/Sabit Çatal)mm330-740 / 550 Dönme Çapımm1000 Döner Teker [&hellip;]</p>
