{"id":26165,"date":"2020-09-03T21:23:55","date_gmt":"2020-09-03T21:23:55","guid":{"rendered":"https:\/\/basakcilastik.com.tr\/?post_type=product&#038;p=26165"},"modified":"2020-09-03T21:23:56","modified_gmt":"2020-09-03T21:23:56","slug":"agro-11-radyal-traktor-lastigi","status":"publish","type":"product","link":"http:\/\/basakcilastik.com.tr\/?product=agro-11-radyal-traktor-lastigi","title":{"rendered":"AGRO &#8211; 11 Radyal Trakt\u00f6r Lasti\u011fi"},"content":{"rendered":"<p><strong>AGRO &#8211; 11 Radyal Trakt\u00f6r Lasti\u011fi<\/strong><\/p>\n<ul>\n<li>Esnek yanak yap\u0131s\u0131 sayesinde konforlu s\u00fcr\u00fc\u015f<\/li>\n<li>G\u00fc\u00e7l\u00fc topuk yap\u0131s\u0131<\/li>\n<li>\u00d6zel tasar\u0131m di\u015f deseni sayesinde \u00e7amur tutmama \u00f6zelli\u011fi<\/li>\n<li>Derin di\u015fleri ve geni\u015f taban izi sayesinde topra\u011f\u0131 ezmeden y\u00fcksek performans<\/li>\n<\/ul>\n<p><strong>\u00c7eki\u015f g\u00fcc\u00fc<\/strong><\/p>\n<p><strong>Kendi kendini temizleme<\/strong><\/p>\n<p><strong>Dayan\u0131kl\u0131l\u0131k<\/strong><\/p>\n<p><strong>Konforlu s\u00fcr\u00fc\u015f<\/strong><\/p>\n<p><strong>Azalt\u0131lm\u0131\u015f toprak s\u0131k\u0131\u015ft\u0131r\u0131lmas\u0131<\/strong><\/p>\n<p><strong>Topuk korumas\u0131<\/strong><\/p>\n<p>&nbsp;<\/p>\n<p>&nbsp;<\/p>\n","protected":false},"excerpt":{"rendered":"<p>AGRO &#8211; 11 Radyal Trakt\u00f6r Lasti\u011fi Esnek yanak yap\u0131s\u0131 sayesinde konforlu s\u00fcr\u00fc\u015f G\u00fc\u00e7l\u00fc topuk yap\u0131s\u0131 \u00d6zel tasar\u0131m di\u015f deseni sayesinde \u00e7amur tutmama \u00f6zelli\u011fi Derin di\u015fleri ve geni\u015f taban izi sayesinde topra\u011f\u0131 ezmeden y\u00fcksek performans \u00c7eki\u015f g\u00fcc\u00fc Kendi kendini temizleme Dayan\u0131kl\u0131l\u0131k Konforlu s\u00fcr\u00fc\u015f Azalt\u0131lm\u0131\u015f toprak s\u0131k\u0131\u015ft\u0131r\u0131lmas\u0131 Topuk korumas\u0131 &nbsp; &nbsp;<\/p>\n","protected":false},"featured_media":26168,"comment_status":"open","ping_status":"closed","template":"","meta":[],"product_brand":[],"product_cat":[15,114,129],"product_tag":[],"class_list":{"0":"post-26165","1":"product","2":"type-product","3":"status-publish","4":"has-post-thumbnail","6":"product_cat-genel","7":"product_cat-ic-ve-dis-lastikler","8":"product_cat-tarim-lastikleri","10":"first","11":"instock","12":"shipping-taxable","13":"product-type-simple"},"_links":{"self":[{"href":"http:\/\/basakcilastik.com.tr\/index.php?rest_route=\/wp\/v2\/product\/26165","targetHints":{"allow":["GET"]}}],"collection":[{"href":"http:\/\/basakcilastik.com.tr\/index.php?rest_route=\/wp\/v2\/product"}],"about":[{"href":"http:\/\/basakcilastik.com.tr\/index.php?rest_route=\/wp\/v2\/types\/product"}],"replies":[{"embeddable":true,"href":"http:\/\/basakcilastik.com.tr\/index.php?rest_route=%2Fwp%2Fv2%2Fcomments&post=26165"}],"wp:featuredmedia":[{"embeddable":true,"href":"http:\/\/basakcilastik.com.tr\/index.php?rest_route=\/wp\/v2\/media\/26168"}],"wp:attachment":[{"href":"http:\/\/basakcilastik.com.tr\/index.php?rest_route=%2Fwp%2Fv2%2Fmedia&parent=26165"}],"wp:term":[{"taxonomy":"product_brand","embeddable":true,"href":"http:\/\/basakcilastik.com.tr\/index.php?rest_route=%2Fwp%2Fv2%2Fproduct_brand&post=26165"},{"taxonomy":"product_cat","embeddable":true,"href":"http:\/\/basakcilastik.com.tr\/index.php?rest_route=%2Fwp%2Fv2%2Fproduct_cat&post=26165"},{"taxonomy":"product_tag","embeddable":true,"href":"http:\/\/basakcilastik.com.tr\/index.php?rest_route=%2Fwp%2Fv2%2Fproduct_tag&post=26165"}],"curies":[{"name":"wp","href":"https:\/\/api.w.org\/{rel}","templated":true}]}}