{"id":25801,"date":"2020-09-01T21:12:52","date_gmt":"2020-09-01T21:12:52","guid":{"rendered":"https:\/\/basakcilastik.com.tr\/?post_type=product&#038;p=25801"},"modified":"2020-09-01T21:12:53","modified_gmt":"2020-09-01T21:12:53","slug":"knk-24-kamyonet-minibus-lastigi","status":"publish","type":"product","link":"http:\/\/basakcilastik.com.tr\/?product=knk-24-kamyonet-minibus-lastigi","title":{"rendered":"KNK-24 Kamyonet &#8211; Minib\u00fcs Lasti\u011fi"},"content":{"rendered":"<p><strong>KNK-24 Kamyonet &#8211; Minib\u00fcs Lasti\u011fi<\/strong><\/p>\n<ul>\n<li>\u00d6zel deseni sayesinde m\u00fckemmel yol tutu\u015fu ve dengeli bir s\u00fcr\u00fc\u015f hakimiyeti<\/li>\n<li>\u00c7evresel oluklar\u0131 sayesinde art\u0131r\u0131lm\u0131\u015f su ve \u00e7amur tahliyesi<\/li>\n<li>G\u00fc\u00e7l\u00fc karkas yap\u0131 ve y\u00fcksek a\u015f\u0131nma direnci<\/li>\n<li>Konforlu s\u00fcr\u00fc\u015f<\/li>\n<li>Kaplanabilirlik \u00f6zelli\u011fi<\/li>\n<\/ul>\n<p><strong>Y\u00fcksek \u00e7eki\u015f g\u00fcc\u00fc<\/strong><\/p>\n<p><strong>Dayan\u0131kl\u0131l\u0131k<\/strong><\/p>\n<p><strong>Konforlu s\u00fcr\u00fc\u015f<\/strong><\/p>\n<p><strong>UYUMLU ARA\u00c7 MODELLER\u0130<\/strong><\/p>\n<p>&nbsp;<\/p>\n","protected":false},"excerpt":{"rendered":"<p>KNK-24 Kamyonet &#8211; Minib\u00fcs Lasti\u011fi \u00d6zel deseni sayesinde m\u00fckemmel yol tutu\u015fu ve dengeli bir s\u00fcr\u00fc\u015f hakimiyeti \u00c7evresel oluklar\u0131 sayesinde art\u0131r\u0131lm\u0131\u015f su ve \u00e7amur tahliyesi G\u00fc\u00e7l\u00fc karkas yap\u0131 ve y\u00fcksek a\u015f\u0131nma direnci Konforlu s\u00fcr\u00fc\u015f Kaplanabilirlik \u00f6zelli\u011fi Y\u00fcksek \u00e7eki\u015f g\u00fcc\u00fc Dayan\u0131kl\u0131l\u0131k Konforlu s\u00fcr\u00fc\u015f UYUMLU ARA\u00c7 MODELLER\u0130 &nbsp;<\/p>\n","protected":false},"featured_media":25804,"comment_status":"open","ping_status":"closed","template":"","meta":[],"product_brand":[],"product_cat":[15,120,114],"product_tag":[],"class_list":{"0":"post-25801","1":"product","2":"type-product","3":"status-publish","4":"has-post-thumbnail","6":"product_cat-genel","7":"product_cat-hafif-ticari-lastikler","8":"product_cat-ic-ve-dis-lastikler","10":"first","11":"instock","12":"shipping-taxable","13":"product-type-simple"},"_links":{"self":[{"href":"http:\/\/basakcilastik.com.tr\/index.php?rest_route=\/wp\/v2\/product\/25801","targetHints":{"allow":["GET"]}}],"collection":[{"href":"http:\/\/basakcilastik.com.tr\/index.php?rest_route=\/wp\/v2\/product"}],"about":[{"href":"http:\/\/basakcilastik.com.tr\/index.php?rest_route=\/wp\/v2\/types\/product"}],"replies":[{"embeddable":true,"href":"http:\/\/basakcilastik.com.tr\/index.php?rest_route=%2Fwp%2Fv2%2Fcomments&post=25801"}],"wp:featuredmedia":[{"embeddable":true,"href":"http:\/\/basakcilastik.com.tr\/index.php?rest_route=\/wp\/v2\/media\/25804"}],"wp:attachment":[{"href":"http:\/\/basakcilastik.com.tr\/index.php?rest_route=%2Fwp%2Fv2%2Fmedia&parent=25801"}],"wp:term":[{"taxonomy":"product_brand","embeddable":true,"href":"http:\/\/basakcilastik.com.tr\/index.php?rest_route=%2Fwp%2Fv2%2Fproduct_brand&post=25801"},{"taxonomy":"product_cat","embeddable":true,"href":"http:\/\/basakcilastik.com.tr\/index.php?rest_route=%2Fwp%2Fv2%2Fproduct_cat&post=25801"},{"taxonomy":"product_tag","embeddable":true,"href":"http:\/\/basakcilastik.com.tr\/index.php?rest_route=%2Fwp%2Fv2%2Fproduct_tag&post=25801"}],"curies":[{"name":"wp","href":"https:\/\/api.w.org\/{rel}","templated":true}]}}