{"id":25618,"date":"2020-09-01T19:23:31","date_gmt":"2020-09-01T19:23:31","guid":{"rendered":"https:\/\/basakcilastik.com.tr\/?post_type=product&#038;p=25618"},"modified":"2020-09-01T19:23:34","modified_gmt":"2020-09-01T19:23:34","slug":"zirkonyum-f-kagit-cirtli-diskler","status":"publish","type":"product","link":"http:\/\/basakcilastik.com.tr\/?product=zirkonyum-f-kagit-cirtli-diskler","title":{"rendered":"Zirkonyum F Ka\u011f\u0131t C\u0131rtl\u0131 Diskler"},"content":{"rendered":"<h1>\u00a0Zirkonyum F Ka\u011f\u0131t C\u0131rtl\u0131 Diskler<\/h1>\n<p><strong>\u00dcr\u00fcn A\u00e7\u0131klamas\u0131<\/strong><\/p>\n<p>Karbosan F Ka\u011f\u0131t C\u0131rtl\u0131 Diskler (ZR) D\u00fc\u015f\u00fck ala\u015f\u0131ml\u0131 \u00e7elik, paslanmaz \u00e7elik (Inox), y\u00fcksek ala\u015f\u0131ml\u0131 \u00e7elik, al\u00fcminyum, zamak ve ah\u015fap malzemelerde kullan\u0131l\u0131r.<\/p>\n<p><strong>\u00dcr\u00fcn Kodu:\u00a0<\/strong>ZFR91<\/p>\n<p><strong>A\u015f\u0131nd\u0131r\u0131c\u0131:\u00a0<\/strong>Zirkonyum<\/p>\n<p><strong>Mesnet:\u00a0<\/strong>F Ka\u011f\u0131t<\/p>\n<p><strong>Kum Aral\u0131\u011f\u0131:\u00a0<\/strong>40 &#8211; 60 &#8211; 80 &#8211; 100 &#8211; 120 &#8211; 150 &#8211; 180 &#8211; 220 &#8211; 240 &#8211; 280 &#8211; 320 &#8211; 400<\/p>\n<p><strong><br \/>\n\u00d6zellik:\u00a0<\/strong>Antistatik \u00f6zelli\u011fe ve yar\u0131 a\u00e7\u0131k kaplama yap\u0131s\u0131na sahiptir.<\/p>\n<p><strong>Malzeme Tipine G\u00f6re \u00dcr\u00fcn Performans\u0131<\/strong><\/p>\n<p>Yap\u0131 \u00e7elikleri<\/p>\n<p>Yu\u0308ksek alas\u0327\u0131ml\u0131 \u00e7elikler<\/p>\n<p>Sert \u00e7elikler<\/p>\n<p>Ah\u015fap<\/p>\n<p>Paslanmaz C\u0327elik \/ Inox<\/p>\n<p>Al\u00fcminyum<\/p>\n<p>Tak\u0131m \u00e7elikleri<\/p>\n<p>Kal\u0131p \u00e7elikleri<\/p>\n<p>Rulman \u00e7elikleri<\/p>\n<p>Bak\u0131r<\/p>\n<p>Bronz<\/p>\n<p>Parke<\/p>\n<p>Du\u0308s\u0327u\u0308k alas\u0327\u0131ml\u0131 \u00e7elikler<\/p>\n<p>Pirinc\u0327<\/p>\n<p>Yumu\u015fak \u00e7elikler<\/p>\n<p>Demir i\u00e7ermeyen metaller<\/p>\n<p>&nbsp;<\/p>\n<p>DEL\u0130KS\u0130Z<\/p>\n<table width=\"1140\">\n<thead>\n<tr>\n<td><strong>Ebat<\/strong><\/td>\n<td><strong>Artikel<\/strong><\/td>\n<td><strong>Kum<\/strong><\/td>\n<td><strong>A\u015f\u0131nd\u0131r\u0131c\u0131 Tane<\/strong><\/td>\n<td><strong>Kaplama Cinsi<\/strong><\/td>\n<td><strong>Mesnet<\/strong><\/td>\n<td><strong>Ambalaj Miktar\u0131<\/strong><\/td>\n<td><strong>Koli Miktar\u0131<\/strong><\/td>\n<td><strong>Barkod<\/strong><\/td>\n<\/tr>\n<\/thead>\n<tbody>\n<tr>\n<td>115 x 22.23<\/td>\n<td>0<\/td>\n<td>40<\/td>\n<td>ZR<\/td>\n<td><\/td>\n<td>F A\u011f\u0131rl\u0131k Ka\u011f\u0131t<\/td>\n<td>50<\/td>\n<td>0<\/td>\n<td>0<\/td>\n<\/tr>\n<tr>\n<td>115 x 22.22<\/td>\n<td>0<\/td>\n<td>60<\/td>\n<td>ZR<\/td>\n<td><\/td>\n<td>F A\u011f\u0131rl\u0131k Ka\u011f\u0131t<\/td>\n<td>50<\/td>\n<td>0<\/td>\n<td>0<\/td>\n<\/tr>\n<tr>\n<td>115 x 22.22<\/td>\n<td>0<\/td>\n<td>80<\/td>\n<td>ZR<\/td>\n<td><\/td>\n<td>F A\u011f\u0131rl\u0131k Ka\u011f\u0131t<\/td>\n<td>50<\/td>\n<td>0<\/td>\n<td>0<\/td>\n<\/tr>\n<tr>\n<td>115 x 22.22<\/td>\n<td>0<\/td>\n<td>100<\/td>\n<td>ZR<\/td>\n<td><\/td>\n<td>F A\u011f\u0131rl\u0131k Ka\u011f\u0131t<\/td>\n<td>50<\/td>\n<td>0<\/td>\n<td>0<\/td>\n<\/tr>\n<tr>\n<td>115 x 22.22<\/td>\n<td>0<\/td>\n<td>120<\/td>\n<td>ZR<\/td>\n<td><\/td>\n<td>F A\u011f\u0131rl\u0131k Ka\u011f\u0131t<\/td>\n<td>50<\/td>\n<td>0<\/td>\n<td>0<\/td>\n<\/tr>\n<tr>\n<td>125 x 22.23<\/td>\n<td>0<\/td>\n<td>40<\/td>\n<td>ZR<\/td>\n<td><\/td>\n<td>F A\u011f\u0131rl\u0131k Ka\u011f\u0131t<\/td>\n<td>50<\/td>\n<td>0<\/td>\n<td>0<\/td>\n<\/tr>\n<tr>\n<td>125 x 22.23<\/td>\n<td>0<\/td>\n<td>60<\/td>\n<td>ZR<\/td>\n<td><\/td>\n<td>F A\u011f\u0131rl\u0131k Ka\u011f\u0131t<\/td>\n<td>50<\/td>\n<td>0<\/td>\n<td>0<\/td>\n<\/tr>\n<tr>\n<td>125 x 22.23<\/td>\n<td>0<\/td>\n<td>80<\/td>\n<td>ZR<\/td>\n<td><\/td>\n<td>F A\u011f\u0131rl\u0131k Ka\u011f\u0131t<\/td>\n<td>50<\/td>\n<td>0<\/td>\n<td>0<\/td>\n<\/tr>\n<tr>\n<td>125 x 22.23<\/td>\n<td>0<\/td>\n<td>100<\/td>\n<td>ZR<\/td>\n<td><\/td>\n<td>F A\u011f\u0131rl\u0131k Ka\u011f\u0131t<\/td>\n<td>50<\/td>\n<td>0<\/td>\n<td>0<\/td>\n<\/tr>\n<tr>\n<td>125 x 22.23<\/td>\n<td>0<\/td>\n<td>120<\/td>\n<td>ZR<\/td>\n<td><\/td>\n<td>F A\u011f\u0131rl\u0131k Ka\u011f\u0131t<\/td>\n<td>50<\/td>\n<td>0<\/td>\n<td>0<\/td>\n<\/tr>\n<tr>\n<td>150 x 22.23<\/td>\n<td>0<\/td>\n<td>40<\/td>\n<td>ZR<\/td>\n<td><\/td>\n<td>F A\u011f\u0131rl\u0131k Ka\u011f\u0131t<\/td>\n<td>50<\/td>\n<td>0<\/td>\n<td>0<\/td>\n<\/tr>\n<tr>\n<td>150 x 22.23<\/td>\n<td>0<\/td>\n<td>60<\/td>\n<td>ZR<\/td>\n<td><\/td>\n<td>F A\u011f\u0131rl\u0131k Ka\u011f\u0131t<\/td>\n<td>50<\/td>\n<td>0<\/td>\n<td>0<\/td>\n<\/tr>\n<tr>\n<td>150 x 22.23<\/td>\n<td>0<\/td>\n<td>80<\/td>\n<td>ZR<\/td>\n<td><\/td>\n<td>F A\u011f\u0131rl\u0131k Ka\u011f\u0131t<\/td>\n<td>50<\/td>\n<td>0<\/td>\n<td>0<\/td>\n<\/tr>\n<tr>\n<td>150 x 22.23<\/td>\n<td>0<\/td>\n<td>100<\/td>\n<td>ZR<\/td>\n<td><\/td>\n<td>F A\u011f\u0131rl\u0131k Ka\u011f\u0131t<\/td>\n<td>50<\/td>\n<td>0<\/td>\n<td>0<\/td>\n<\/tr>\n<tr>\n<td>150 x 22.23<\/td>\n<td>0<\/td>\n<td>120<\/td>\n<td>ZR<\/td>\n<td><\/td>\n<td>F A\u011f\u0131rl\u0131k Ka\u011f\u0131t<\/td>\n<td>50<\/td>\n<td>0<\/td>\n<td>0<\/td>\n<\/tr>\n<tr>\n<td>180 x 22.23<\/td>\n<td>0<\/td>\n<td>40<\/td>\n<td>ZR<\/td>\n<td><\/td>\n<td>F A\u011f\u0131rl\u0131k Ka\u011f\u0131t<\/td>\n<td>50<\/td>\n<td>0<\/td>\n<td>0<\/td>\n<\/tr>\n<tr>\n<td>180 x 22.23<\/td>\n<td>0<\/td>\n<td>60<\/td>\n<td>ZR<\/td>\n<td><\/td>\n<td>F A\u011f\u0131rl\u0131k Ka\u011f\u0131t<\/td>\n<td>50<\/td>\n<td>0<\/td>\n<td>0<\/td>\n<\/tr>\n<tr>\n<td>180 x 22.23<\/td>\n<td>0<\/td>\n<td>80<\/td>\n<td>ZR<\/td>\n<td><\/td>\n<td>F A\u011f\u0131rl\u0131k Ka\u011f\u0131t<\/td>\n<td>50<\/td>\n<td>0<\/td>\n<td>0<\/td>\n<\/tr>\n<tr>\n<td>180 x 22.23<\/td>\n<td>0<\/td>\n<td>100<\/td>\n<td>ZR<\/td>\n<td><\/td>\n<td>F A\u011f\u0131rl\u0131k Ka\u011f\u0131t<\/td>\n<td>50<\/td>\n<td>0<\/td>\n<td>0<\/td>\n<\/tr>\n<tr>\n<td>180 x 22.23<\/td>\n<td>0<\/td>\n<td>120<\/td>\n<td>ZR<\/td>\n<td><\/td>\n<td>F A\u011f\u0131rl\u0131k Ka\u011f\u0131t<\/td>\n<td>50<\/td>\n<td>0<\/td>\n<td>0<\/td>\n<\/tr>\n<\/tbody>\n<\/table>\n<p>8 DEL\u0130KL\u0130<\/p>\n<table width=\"1140\">\n<thead>\n<tr>\n<td><strong>Ebat<\/strong><\/td>\n<td><strong>Artikel<\/strong><\/td>\n<td><strong>Kum<\/strong><\/td>\n<td><strong>A\u015f\u0131nd\u0131r\u0131c\u0131 Tane<\/strong><\/td>\n<td><strong>Kaplama Cinsi<\/strong><\/td>\n<td><strong>Mesnet<\/strong><\/td>\n<td><strong>Ambalaj Miktar\u0131<\/strong><\/td>\n<td><strong>Koli Miktar\u0131<\/strong><\/td>\n<td><strong>Barkod<\/strong><\/td>\n<\/tr>\n<\/thead>\n<tbody>\n<tr>\n<td>125 x 22.23<\/td>\n<td>0<\/td>\n<td>40<\/td>\n<td>ZR<\/td>\n<td><\/td>\n<td>F A\u011f\u0131rl\u0131k Ka\u011f\u0131t<\/td>\n<td>50<\/td>\n<td>0<\/td>\n<td>0<\/td>\n<\/tr>\n<tr>\n<td>125 x 22.23<\/td>\n<td>0<\/td>\n<td>60<\/td>\n<td>ZR<\/td>\n<td><\/td>\n<td>F A\u011f\u0131rl\u0131k Ka\u011f\u0131t<\/td>\n<td>50<\/td>\n<td>0<\/td>\n<td>0<\/td>\n<\/tr>\n<tr>\n<td>125 x 22.23<\/td>\n<td>0<\/td>\n<td>80<\/td>\n<td>ZR<\/td>\n<td><\/td>\n<td>F A\u011f\u0131rl\u0131k Ka\u011f\u0131t<\/td>\n<td>50<\/td>\n<td>0<\/td>\n<td>0<\/td>\n<\/tr>\n<tr>\n<td>125 x 22.23<\/td>\n<td>0<\/td>\n<td>100<\/td>\n<td>ZR<\/td>\n<td><\/td>\n<td>F A\u011f\u0131rl\u0131k Ka\u011f\u0131t<\/td>\n<td>50<\/td>\n<td>0<\/td>\n<td>0<\/td>\n<\/tr>\n<tr>\n<td>125 x 22.23<\/td>\n<td>0<\/td>\n<td>120<\/td>\n<td>ZR<\/td>\n<td><\/td>\n<td>F A\u011f\u0131rl\u0131k Ka\u011f\u0131t<\/td>\n<td>50<\/td>\n<td>0<\/td>\n<td>0<\/td>\n<\/tr>\n<tr>\n<td>150 x 22.23<\/td>\n<td>0<\/td>\n<td>40<\/td>\n<td>ZR<\/td>\n<td><\/td>\n<td>F A\u011f\u0131rl\u0131k Ka\u011f\u0131t<\/td>\n<td>50<\/td>\n<td>0<\/td>\n<td>0<\/td>\n<\/tr>\n<tr>\n<td>150 x 22.23<\/td>\n<td>0<\/td>\n<td>60<\/td>\n<td>ZR<\/td>\n<td><\/td>\n<td>F A\u011f\u0131rl\u0131k Ka\u011f\u0131t<\/td>\n<td>50<\/td>\n<td>0<\/td>\n<td>0<\/td>\n<\/tr>\n<tr>\n<td>150 x 22.23<\/td>\n<td>0<\/td>\n<td>80<\/td>\n<td>ZR<\/td>\n<td><\/td>\n<td>F A\u011f\u0131rl\u0131k Ka\u011f\u0131t<\/td>\n<td>50<\/td>\n<td>0<\/td>\n<td>0<\/td>\n<\/tr>\n<tr>\n<td>150 x 22.23<\/td>\n<td>0<\/td>\n<td>100<\/td>\n<td>ZR<\/td>\n<td><\/td>\n<td>F A\u011f\u0131rl\u0131k Ka\u011f\u0131t<\/td>\n<td>50<\/td>\n<td>0<\/td>\n<td>0<\/td>\n<\/tr>\n<tr>\n<td>150 x 22.23<\/td>\n<td>0<\/td>\n<td>120<\/td>\n<td>ZR<\/td>\n<td><\/td>\n<td>F A\u011f\u0131rl\u0131k Ka\u011f\u0131t<\/td>\n<td>50<\/td>\n<td>0<\/td>\n<td>0<\/td>\n<\/tr>\n<\/tbody>\n<\/table>\n<p>9 DEL\u0130KL\u0130<\/p>\n<table width=\"1140\">\n<thead>\n<tr>\n<td><strong>Ebat<\/strong><\/td>\n<td><strong>Artikel<\/strong><\/td>\n<td><strong>Kum<\/strong><\/td>\n<td><strong>A\u015f\u0131nd\u0131r\u0131c\u0131 Tane<\/strong><\/td>\n<td><strong>Kaplama Cinsi<\/strong><\/td>\n<td><strong>Mesnet<\/strong><\/td>\n<td><strong>Ambalaj Miktar\u0131<\/strong><\/td>\n<td><strong>Koli Miktar\u0131<\/strong><\/td>\n<td><strong>Barkod<\/strong><\/td>\n<\/tr>\n<\/thead>\n<tbody>\n<tr>\n<td>125 x 22.23<\/td>\n<td>0<\/td>\n<td>40<\/td>\n<td>ZR<\/td>\n<td><\/td>\n<td>F A\u011f\u0131rl\u0131k Ka\u011f\u0131t<\/td>\n<td>50<\/td>\n<td>0<\/td>\n<td>0<\/td>\n<\/tr>\n<tr>\n<td>125 x 22.23<\/td>\n<td>0<\/td>\n<td>60<\/td>\n<td>ZR<\/td>\n<td><\/td>\n<td>F A\u011f\u0131rl\u0131k Ka\u011f\u0131t<\/td>\n<td>50<\/td>\n<td>0<\/td>\n<td>0<\/td>\n<\/tr>\n<tr>\n<td>125 x 22.23<\/td>\n<td>0<\/td>\n<td>80<\/td>\n<td>ZR<\/td>\n<td><\/td>\n<td>F A\u011f\u0131rl\u0131k Ka\u011f\u0131t<\/td>\n<td>50<\/td>\n<td>0<\/td>\n<td>0<\/td>\n<\/tr>\n<tr>\n<td>125 x 22.23<\/td>\n<td>0<\/td>\n<td>100<\/td>\n<td>ZR<\/td>\n<td><\/td>\n<td>F A\u011f\u0131rl\u0131k Ka\u011f\u0131t<\/td>\n<td>50<\/td>\n<td>0<\/td>\n<td>0<\/td>\n<\/tr>\n<tr>\n<td>125 x 22.23<\/td>\n<td>0<\/td>\n<td>120<\/td>\n<td>ZR<\/td>\n<td><\/td>\n<td>F A\u011f\u0131rl\u0131k Ka\u011f\u0131t<\/td>\n<td>50<\/td>\n<td>0<\/td>\n<td>0<\/td>\n<\/tr>\n<tr>\n<td>150 x 22.23<\/td>\n<td>0<\/td>\n<td>40<\/td>\n<td>ZR<\/td>\n<td><\/td>\n<td>F A\u011f\u0131rl\u0131k Ka\u011f\u0131t<\/td>\n<td>50<\/td>\n<td>0<\/td>\n<td>0<\/td>\n<\/tr>\n<tr>\n<td>150 x 22.23<\/td>\n<td>0<\/td>\n<td>60<\/td>\n<td>ZR<\/td>\n<td><\/td>\n<td>F A\u011f\u0131rl\u0131k Ka\u011f\u0131t<\/td>\n<td>50<\/td>\n<td>0<\/td>\n<td>0<\/td>\n<\/tr>\n<tr>\n<td>150 x 22.23<\/td>\n<td>0<\/td>\n<td>80<\/td>\n<td>ZR<\/td>\n<td><\/td>\n<td>F A\u011f\u0131rl\u0131k Ka\u011f\u0131t<\/td>\n<td>50<\/td>\n<td>0<\/td>\n<td>0<\/td>\n<\/tr>\n<tr>\n<td>150 x 22.23<\/td>\n<td>0<\/td>\n<td>100<\/td>\n<td>ZR<\/td>\n<td><\/td>\n<td>F A\u011f\u0131rl\u0131k Ka\u011f\u0131t<\/td>\n<td>50<\/td>\n<td>0<\/td>\n<td>0<\/td>\n<\/tr>\n<tr>\n<td>150 x 22.23<\/td>\n<td>0<\/td>\n<td>120<\/td>\n<td>ZR<\/td>\n<td><\/td>\n<td>F A\u011f\u0131rl\u0131k Ka\u011f\u0131t<\/td>\n<td>50<\/td>\n<td>0<\/td>\n<td>0<\/td>\n<\/tr>\n<\/tbody>\n<\/table>\n<p>6 DEL\u0130KL\u0130<\/p>\n<table width=\"1140\">\n<thead>\n<tr>\n<td><strong>Ebat<\/strong><\/td>\n<td><strong>Artikel<\/strong><\/td>\n<td><strong>Kum<\/strong><\/td>\n<td><strong>A\u015f\u0131nd\u0131r\u0131c\u0131 Tane<\/strong><\/td>\n<td><strong>Kaplama Cinsi<\/strong><\/td>\n<td><strong>Mesnet<\/strong><\/td>\n<td><strong>Ambalaj Miktar\u0131<\/strong><\/td>\n<td><strong>Koli Miktar\u0131<\/strong><\/td>\n<td><strong>Barkod<\/strong><\/td>\n<\/tr>\n<\/thead>\n<tbody>\n<tr>\n<td>150 x 22.23<\/td>\n<td>0<\/td>\n<td>40<\/td>\n<td>ZR<\/td>\n<td><\/td>\n<td>F A\u011f\u0131rl\u0131k Ka\u011f\u0131t<\/td>\n<td>50<\/td>\n<td>0<\/td>\n<td>0<\/td>\n<\/tr>\n<tr>\n<td>150 x 22.23<\/td>\n<td>0<\/td>\n<td>60<\/td>\n<td>ZR<\/td>\n<td><\/td>\n<td>F A\u011f\u0131rl\u0131k Ka\u011f\u0131t<\/td>\n<td>50<\/td>\n<td>0<\/td>\n<td>0<\/td>\n<\/tr>\n<tr>\n<td>150 x 22.23<\/td>\n<td>0<\/td>\n<td>80<\/td>\n<td>ZR<\/td>\n<td><\/td>\n<td>F A\u011f\u0131rl\u0131k Ka\u011f\u0131t<\/td>\n<td>50<\/td>\n<td>0<\/td>\n<td>0<\/td>\n<\/tr>\n<tr>\n<td>150 x 22.23<\/td>\n<td>0<\/td>\n<td>100<\/td>\n<td>ZR<\/td>\n<td><\/td>\n<td>F A\u011f\u0131rl\u0131k Ka\u011f\u0131t<\/td>\n<td>50<\/td>\n<td>0<\/td>\n<td>0<\/td>\n<\/tr>\n<tr>\n<td>150 x 22.23<\/td>\n<td>0<\/td>\n<td>120<\/td>\n<td>ZR<\/td>\n<td><\/td>\n<td>F A\u011f\u0131rl\u0131k Ka\u011f\u0131t<\/td>\n<td>50<\/td>\n<td>0<\/td>\n<td>0<\/td>\n<\/tr>\n<\/tbody>\n<\/table>\n<p>7 DEL\u0130KL\u0130<\/p>\n<table width=\"1140\">\n<thead>\n<tr>\n<td><strong>Ebat<\/strong><\/td>\n<td><strong>Artikel<\/strong><\/td>\n<td><strong>Kum<\/strong><\/td>\n<td><strong>A\u015f\u0131nd\u0131r\u0131c\u0131 Tane<\/strong><\/td>\n<td><strong>Kaplama Cinsi<\/strong><\/td>\n<td><strong>Mesnet<\/strong><\/td>\n<td><strong>Ambalaj Miktar\u0131<\/strong><\/td>\n<td><strong>Koli Miktar\u0131<\/strong><\/td>\n<td><strong>Barkod<\/strong><\/td>\n<\/tr>\n<\/thead>\n<tbody>\n<tr>\n<td>150 x 22.23<\/td>\n<td>0<\/td>\n<td>40<\/td>\n<td>ZR<\/td>\n<td><\/td>\n<td>F A\u011f\u0131rl\u0131k Ka\u011f\u0131t<\/td>\n<td>50<\/td>\n<td>0<\/td>\n<td>0<\/td>\n<\/tr>\n<tr>\n<td>150 x 22.23<\/td>\n<td>0<\/td>\n<td>60<\/td>\n<td>ZR<\/td>\n<td><\/td>\n<td>F A\u011f\u0131rl\u0131k Ka\u011f\u0131t<\/td>\n<td>50<\/td>\n<td>0<\/td>\n<td>0<\/td>\n<\/tr>\n<tr>\n<td>150 x 22.23<\/td>\n<td>0<\/td>\n<td>80<\/td>\n<td>ZR<\/td>\n<td><\/td>\n<td>F A\u011f\u0131rl\u0131k Ka\u011f\u0131t<\/td>\n<td>50<\/td>\n<td>0<\/td>\n<td>0<\/td>\n<\/tr>\n<tr>\n<td>150 x 22.23<\/td>\n<td>0<\/td>\n<td>100<\/td>\n<td>ZR<\/td>\n<td><\/td>\n<td>F A\u011f\u0131rl\u0131k Ka\u011f\u0131t<\/td>\n<td>50<\/td>\n<td>0<\/td>\n<td>0<\/td>\n<\/tr>\n<tr>\n<td>150 x 22.23<\/td>\n<td>0<\/td>\n<td>120<\/td>\n<td>ZR<\/td>\n<td><\/td>\n<td>F A\u011f\u0131rl\u0131k Ka\u011f\u0131t<\/td>\n<td>50<\/td>\n<td>0<\/td>\n<td>0<\/td>\n<\/tr>\n<\/tbody>\n<\/table>\n<p>15 DEL\u0130KL\u0130<\/p>\n<table width=\"1140\">\n<thead>\n<tr>\n<td><strong>Ebat<\/strong><\/td>\n<td><strong>Artikel<\/strong><\/td>\n<td><strong>Kum<\/strong><\/td>\n<td><strong>A\u015f\u0131nd\u0131r\u0131c\u0131 Tane<\/strong><\/td>\n<td><strong>Kaplama Cinsi<\/strong><\/td>\n<td><strong>Mesnet<\/strong><\/td>\n<td><strong>Ambalaj Miktar\u0131<\/strong><\/td>\n<td><strong>Koli Miktar\u0131<\/strong><\/td>\n<td><strong>Barkod<\/strong><\/td>\n<\/tr>\n<\/thead>\n<tbody>\n<tr>\n<td>150 x 22.23<\/td>\n<td>0<\/td>\n<td>40<\/td>\n<td>ZR<\/td>\n<td><\/td>\n<td>F A\u011f\u0131rl\u0131k Ka\u011f\u0131t<\/td>\n<td>50<\/td>\n<td>0<\/td>\n<td>0<\/td>\n<\/tr>\n<tr>\n<td>150 x 22.23<\/td>\n<td>0<\/td>\n<td>60<\/td>\n<td>ZR<\/td>\n<td><\/td>\n<td>F A\u011f\u0131rl\u0131k Ka\u011f\u0131t<\/td>\n<td>50<\/td>\n<td>0<\/td>\n<td>0<\/td>\n<\/tr>\n<tr>\n<td>150 x 22.23<\/td>\n<td>0<\/td>\n<td>80<\/td>\n<td>ZR<\/td>\n<td><\/td>\n<td>F A\u011f\u0131rl\u0131k Ka\u011f\u0131t<\/td>\n<td>50<\/td>\n<td>0<\/td>\n<td>0<\/td>\n<\/tr>\n<tr>\n<td>150 x 22.23<\/td>\n<td>0<\/td>\n<td>100<\/td>\n<td>ZR<\/td>\n<td><\/td>\n<td>F A\u011f\u0131rl\u0131k Ka\u011f\u0131t<\/td>\n<td>50<\/td>\n<td>0<\/td>\n<td>0<\/td>\n<\/tr>\n<tr>\n<td>150 x 22.23<\/td>\n<td>0<\/td>\n<td>120<\/td>\n<td>ZR<\/td>\n<td><\/td>\n<td>F A\u011f\u0131rl\u0131k Ka\u011f\u0131t<\/td>\n<td>50<\/td>\n<td>0<\/td>\n<td>0<\/td>\n<\/tr>\n<\/tbody>\n<\/table>\n<p>17 DEL\u0130KL\u0130<\/p>\n<table width=\"1140\">\n<thead>\n<tr>\n<td><strong>Ebat<\/strong><\/td>\n<td><strong>Artikel<\/strong><\/td>\n<td><strong>Kum<\/strong><\/td>\n<td><strong>A\u015f\u0131nd\u0131r\u0131c\u0131 Tane<\/strong><\/td>\n<td><strong>Kaplama Cinsi<\/strong><\/td>\n<td><strong>Mesnet<\/strong><\/td>\n<td><strong>Ambalaj Miktar\u0131<\/strong><\/td>\n<td><strong>Koli Miktar\u0131<\/strong><\/td>\n<td><strong>Barkod<\/strong><\/td>\n<\/tr>\n<\/thead>\n<tbody>\n<tr>\n<td>150 x 22.23<\/td>\n<td>0<\/td>\n<td>40<\/td>\n<td>ZR<\/td>\n<td><\/td>\n<td>F A\u011f\u0131rl\u0131k Ka\u011f\u0131t<\/td>\n<td>50<\/td>\n<td>0<\/td>\n<td>0<\/td>\n<\/tr>\n<tr>\n<td>150 x 22.23<\/td>\n<td>0<\/td>\n<td>60<\/td>\n<td>ZR<\/td>\n<td><\/td>\n<td>F A\u011f\u0131rl\u0131k Ka\u011f\u0131t<\/td>\n<td>50<\/td>\n<td>0<\/td>\n<td>0<\/td>\n<\/tr>\n<tr>\n<td>150 x 22.23<\/td>\n<td>0<\/td>\n<td>80<\/td>\n<td>ZR<\/td>\n<td><\/td>\n<td>F A\u011f\u0131rl\u0131k Ka\u011f\u0131t<\/td>\n<td>50<\/td>\n<td>0<\/td>\n<td>0<\/td>\n<\/tr>\n<tr>\n<td>150 x 22.23<\/td>\n<td>0<\/td>\n<td>100<\/td>\n<td>ZR<\/td>\n<td><\/td>\n<td>F A\u011f\u0131rl\u0131k Ka\u011f\u0131t<\/td>\n<td>50<\/td>\n<td>0<\/td>\n<td>0<\/td>\n<\/tr>\n<tr>\n<td>150 x 22.23<\/td>\n<td>0<\/td>\n<td>120<\/td>\n<td>ZR<\/td>\n<td><\/td>\n<td>F A\u011f\u0131rl\u0131k Ka\u011f\u0131t<\/td>\n<td>50<\/td>\n<td>0<\/td>\n<td>0<\/td>\n<\/tr>\n<\/tbody>\n<\/table>\n<p>&nbsp;<\/p>\n","protected":false},"excerpt":{"rendered":"<p>\u00a0Zirkonyum F Ka\u011f\u0131t C\u0131rtl\u0131 Diskler \u00dcr\u00fcn A\u00e7\u0131klamas\u0131 Karbosan F Ka\u011f\u0131t C\u0131rtl\u0131 Diskler (ZR) D\u00fc\u015f\u00fck ala\u015f\u0131ml\u0131 \u00e7elik, paslanmaz \u00e7elik (Inox), y\u00fcksek ala\u015f\u0131ml\u0131 \u00e7elik, al\u00fcminyum, zamak ve ah\u015fap malzemelerde kullan\u0131l\u0131r. \u00dcr\u00fcn Kodu:\u00a0ZFR91 A\u015f\u0131nd\u0131r\u0131c\u0131:\u00a0Zirkonyum Mesnet:\u00a0F Ka\u011f\u0131t Kum Aral\u0131\u011f\u0131:\u00a040 &#8211; 60 &#8211; 80 &#8211; 100 &#8211; 120 &#8211; 150 &#8211; 180 &#8211; 220 &#8211; 240 &#8211; 280 &#8211; 320 &#8211; 400 \u00d6zellik:\u00a0Antistatik \u00f6zelli\u011fe ve [&hellip;]<\/p>\n","protected":false},"featured_media":25622,"comment_status":"open","ping_status":"closed","template":"","meta":[],"product_brand":[],"product_cat":[15,72,262,89],"product_tag":[],"class_list":{"0":"post-25618","1":"product","2":"type-product","3":"status-publish","4":"has-post-thumbnail","6":"product_cat-genel","7":"product_cat-hirdavat","8":"product_cat-zimpara-taslari","9":"product_cat-zimparalar-ve-taslar","11":"first","12":"instock","13":"shipping-taxable","14":"product-type-simple"},"_links":{"self":[{"href":"http:\/\/basakcilastik.com.tr\/index.php?rest_route=\/wp\/v2\/product\/25618","targetHints":{"allow":["GET"]}}],"collection":[{"href":"http:\/\/basakcilastik.com.tr\/index.php?rest_route=\/wp\/v2\/product"}],"about":[{"href":"http:\/\/basakcilastik.com.tr\/index.php?rest_route=\/wp\/v2\/types\/product"}],"replies":[{"embeddable":true,"href":"http:\/\/basakcilastik.com.tr\/index.php?rest_route=%2Fwp%2Fv2%2Fcomments&post=25618"}],"wp:featuredmedia":[{"embeddable":true,"href":"http:\/\/basakcilastik.com.tr\/index.php?rest_route=\/wp\/v2\/media\/25622"}],"wp:attachment":[{"href":"http:\/\/basakcilastik.com.tr\/index.php?rest_route=%2Fwp%2Fv2%2Fmedia&parent=25618"}],"wp:term":[{"taxonomy":"product_brand","embeddable":true,"href":"http:\/\/basakcilastik.com.tr\/index.php?rest_route=%2Fwp%2Fv2%2Fproduct_brand&post=25618"},{"taxonomy":"product_cat","embeddable":true,"href":"http:\/\/basakcilastik.com.tr\/index.php?rest_route=%2Fwp%2Fv2%2Fproduct_cat&post=25618"},{"taxonomy":"product_tag","embeddable":true,"href":"http:\/\/basakcilastik.com.tr\/index.php?rest_route=%2Fwp%2Fv2%2Fproduct_tag&post=25618"}],"curies":[{"name":"wp","href":"https:\/\/api.w.org\/{rel}","templated":true}]}}