{"id":24738,"date":"2020-08-28T14:40:57","date_gmt":"2020-08-28T14:40:57","guid":{"rendered":"https:\/\/basakcilastik.com.tr\/?post_type=product&#038;p=24738"},"modified":"2020-08-28T14:41:00","modified_gmt":"2020-08-28T14:41:00","slug":"yuksek-kuvvetli-sokulemeyen-baglantilar-icin","status":"publish","type":"product","link":"http:\/\/basakcilastik.com.tr\/?product=yuksek-kuvvetli-sokulemeyen-baglantilar-icin","title":{"rendered":"Y\u00dcKSEK KUVVETL\u0130 S\u00d6K\u00dcLEMEYEN BA\u011eLANTILAR \u0130\u00c7\u0130N"},"content":{"rendered":"<p>EC-07 Yu\u0308ksek kuvvetli s\u00f6ku\u0308lmeyen ba\u011flant\u0131lar i\u00e7indir. Motor ba\u011flant\u0131lar\u0131 (saplama) gibi titre\u015fim g\u00f6ren yerler i\u00e7indir.<\/p>\n<table width=\"100%\">\n<thead>\n<tr>\n<td><strong>\u00dcR\u00dcN KODU<\/strong><\/td>\n<td><strong>B\u0130R\u0130M<\/strong><\/td>\n<td><strong>Seri<\/strong><\/td>\n<td><strong>\u00d6zellikler<\/strong><\/td>\n<td><strong>A\u011f\u0131rl\u0131k (ml)<\/strong><\/td>\n<td><strong>Paketleme Bilgisi Miktar<\/strong><\/td>\n<td><strong>En<\/strong><\/td>\n<td><strong>Boy<\/strong><\/td>\n<td><strong>Y\u00fckseklik<\/strong><\/td>\n<td><strong>Net A\u011f\u0131rl\u0131k<\/strong><\/td>\n<td><strong>Br\u00fct A\u011f\u0131rl\u0131k<\/strong><\/td>\n<\/tr>\n<\/thead>\n<tbody>\n<tr>\n<td>03.02.02.01.07050<\/td>\n<td>AD<\/td>\n<td>70\/EC-07<\/td>\n<td>Plastik T\u00fcp<\/td>\n<td>50<\/td>\n<td>1<\/td>\n<td>0<\/td>\n<td>0<\/td>\n<td>0<\/td>\n<td>0<\/td>\n<td>0<\/td>\n<\/tr>\n<tr>\n<td>03.02.02.01.07050<\/td>\n<td>PK<\/td>\n<td>70\/EC-07<\/td>\n<td>Plastik T\u00fcp<\/td>\n<td>50<\/td>\n<td>10<\/td>\n<td>0<\/td>\n<td>0<\/td>\n<td>0<\/td>\n<td>0<\/td>\n<td>0<\/td>\n<\/tr>\n<tr>\n<td>03.02.02.01.07050<\/td>\n<td>KL<\/td>\n<td>70\/EC-07<\/td>\n<td>Plastik T\u00fcp<\/td>\n<td>50<\/td>\n<td>180<\/td>\n<td>40<\/td>\n<td>46.5<\/td>\n<td>36<\/td>\n<td>15<\/td>\n<td>16.55<\/td>\n<\/tr>\n<\/tbody>\n<\/table>\n<p>&nbsp;<\/p>\n","protected":false},"excerpt":{"rendered":"<p>EC-07 Yu\u0308ksek kuvvetli s\u00f6ku\u0308lmeyen ba\u011flant\u0131lar i\u00e7indir. Motor ba\u011flant\u0131lar\u0131 (saplama) gibi titre\u015fim g\u00f6ren yerler i\u00e7indir. \u00dcR\u00dcN KODU B\u0130R\u0130M Seri \u00d6zellikler A\u011f\u0131rl\u0131k (ml) Paketleme Bilgisi Miktar En Boy Y\u00fckseklik Net A\u011f\u0131rl\u0131k Br\u00fct A\u011f\u0131rl\u0131k 03.02.02.01.07050 AD 70\/EC-07 Plastik T\u00fcp 50 1 0 0 0 0 0 03.02.02.01.07050 PK 70\/EC-07 Plastik T\u00fcp 50 10 0 0 0 0 0 03.02.02.01.07050 KL 70\/EC-07 Plastik T\u00fcp [&hellip;]<\/p>\n","protected":false},"featured_media":24741,"comment_status":"open","ping_status":"closed","template":"","meta":[],"product_brand":[],"product_cat":[15,72,88,253],"product_tag":[],"class_list":{"0":"post-24738","1":"product","2":"type-product","3":"status-publish","4":"has-post-thumbnail","6":"product_cat-genel","7":"product_cat-hirdavat","8":"product_cat-yapistirici-ve-bantlar","9":"product_cat-yapistiricilar","11":"first","12":"instock","13":"shipping-taxable","14":"product-type-simple"},"_links":{"self":[{"href":"http:\/\/basakcilastik.com.tr\/index.php?rest_route=\/wp\/v2\/product\/24738","targetHints":{"allow":["GET"]}}],"collection":[{"href":"http:\/\/basakcilastik.com.tr\/index.php?rest_route=\/wp\/v2\/product"}],"about":[{"href":"http:\/\/basakcilastik.com.tr\/index.php?rest_route=\/wp\/v2\/types\/product"}],"replies":[{"embeddable":true,"href":"http:\/\/basakcilastik.com.tr\/index.php?rest_route=%2Fwp%2Fv2%2Fcomments&post=24738"}],"wp:featuredmedia":[{"embeddable":true,"href":"http:\/\/basakcilastik.com.tr\/index.php?rest_route=\/wp\/v2\/media\/24741"}],"wp:attachment":[{"href":"http:\/\/basakcilastik.com.tr\/index.php?rest_route=%2Fwp%2Fv2%2Fmedia&parent=24738"}],"wp:term":[{"taxonomy":"product_brand","embeddable":true,"href":"http:\/\/basakcilastik.com.tr\/index.php?rest_route=%2Fwp%2Fv2%2Fproduct_brand&post=24738"},{"taxonomy":"product_cat","embeddable":true,"href":"http:\/\/basakcilastik.com.tr\/index.php?rest_route=%2Fwp%2Fv2%2Fproduct_cat&post=24738"},{"taxonomy":"product_tag","embeddable":true,"href":"http:\/\/basakcilastik.com.tr\/index.php?rest_route=%2Fwp%2Fv2%2Fproduct_tag&post=24738"}],"curies":[{"name":"wp","href":"https:\/\/api.w.org\/{rel}","templated":true}]}}