{"id":24617,"date":"2020-08-26T22:34:08","date_gmt":"2020-08-26T22:34:08","guid":{"rendered":"https:\/\/basakcilastik.com.tr\/?post_type=product&#038;p=24617"},"modified":"2020-08-26T22:34:10","modified_gmt":"2020-08-26T22:34:10","slug":"koli-bandi","status":"publish","type":"product","link":"http:\/\/basakcilastik.com.tr\/?product=koli-bandi","title":{"rendered":"KOL\u0130 BANDI"},"content":{"rendered":"<p>Koli bantlar\u0131m\u0131z her \u00e7e\u015fit koli ve ambalaj malzemelerinin kapat\u0131lmas\u0131nda kullan\u0131l\u0131r \u015feffaf ve kahverengi renk se\u00e7enekleri mevcuttur.<\/p>\n<table width=\"100%\">\n<thead>\n<tr>\n<td><strong>\u00dcR\u00dcN KODU<\/strong><\/td>\n<td><strong>B\u0130R\u0130M<\/strong><\/td>\n<td><strong>\u00d6l\u00e7\u00fcler (mmxmt)<\/strong><\/td>\n<td><strong>Renk<\/strong><\/td>\n<td><strong>Paketleme Bilgisi Miktar<\/strong><\/td>\n<td><strong>En<\/strong><\/td>\n<td><strong>Boy<\/strong><\/td>\n<td><strong>Y\u00fckseklik<\/strong><\/td>\n<td><strong>Net A\u011f\u0131rl\u0131k<\/strong><\/td>\n<td><strong>Br\u00fct A\u011f\u0131rl\u0131k<\/strong><\/td>\n<\/tr>\n<\/thead>\n<tbody>\n<tr>\n<td>09.02.03.00.04530<\/td>\n<td>AD<\/td>\n<td>45&#215;30<\/td>\n<td>\u015eeffaf<\/td>\n<td>1<\/td>\n<td>0<\/td>\n<td>0<\/td>\n<td>0<\/td>\n<td>0<\/td>\n<td>0<\/td>\n<\/tr>\n<tr>\n<td>09.02.03.00.04530<\/td>\n<td>PK<\/td>\n<td>45&#215;30<\/td>\n<td>\u015eeffaf<\/td>\n<td>6<\/td>\n<td>0<\/td>\n<td>0<\/td>\n<td>0<\/td>\n<td>0<\/td>\n<td>0<\/td>\n<\/tr>\n<tr>\n<td>09.02.03.00.04530<\/td>\n<td>KL<\/td>\n<td>45&#215;30<\/td>\n<td>\u015eeffaf<\/td>\n<td>72<\/td>\n<td>28<\/td>\n<td>38<\/td>\n<td>28<\/td>\n<td>5.4<\/td>\n<td>5.8<\/td>\n<\/tr>\n<tr>\n<td>09.02.03.00.04531<\/td>\n<td>AD<\/td>\n<td>45&#215;30<\/td>\n<td>Kahve<\/td>\n<td>1<\/td>\n<td>0<\/td>\n<td>0<\/td>\n<td>0<\/td>\n<td>0<\/td>\n<td>0<\/td>\n<\/tr>\n<tr>\n<td>09.02.03.00.04531<\/td>\n<td>PK<\/td>\n<td>45&#215;30<\/td>\n<td>Kahve<\/td>\n<td>6<\/td>\n<td>0<\/td>\n<td>0<\/td>\n<td>0<\/td>\n<td>0<\/td>\n<td>0<\/td>\n<\/tr>\n<tr>\n<td>09.02.03.00.04531<\/td>\n<td>KL<\/td>\n<td>45&#215;30<\/td>\n<td>Kahve<\/td>\n<td>72<\/td>\n<td>28<\/td>\n<td>38<\/td>\n<td>28<\/td>\n<td>6.1<\/td>\n<td>6.4<\/td>\n<\/tr>\n<tr>\n<td>09.02.03.00.04540<\/td>\n<td>AD<\/td>\n<td>45&#215;40<\/td>\n<td>\u015eeffaf<\/td>\n<td>1<\/td>\n<td>0<\/td>\n<td>0<\/td>\n<td>0<\/td>\n<td>0<\/td>\n<td>0<\/td>\n<\/tr>\n<tr>\n<td>09.02.03.00.04540<\/td>\n<td>PK<\/td>\n<td>45&#215;40<\/td>\n<td>\u015eeffaf<\/td>\n<td>6<\/td>\n<td>0<\/td>\n<td>0<\/td>\n<td>0<\/td>\n<td>0<\/td>\n<td>0<\/td>\n<\/tr>\n<tr>\n<td>09.02.03.00.04540<\/td>\n<td>KL<\/td>\n<td>45&#215;40<\/td>\n<td>\u015eeffaf<\/td>\n<td>72<\/td>\n<td>29<\/td>\n<td>38.3<\/td>\n<td>28<\/td>\n<td>6.5<\/td>\n<td>6.8<\/td>\n<\/tr>\n<tr>\n<td>09.02.03.00.04541<\/td>\n<td>AD<\/td>\n<td>45&#215;40<\/td>\n<td>Kahve<\/td>\n<td>1<\/td>\n<td>0<\/td>\n<td>0<\/td>\n<td>0<\/td>\n<td>0<\/td>\n<td>0<\/td>\n<\/tr>\n<tr>\n<td>09.02.03.00.04541<\/td>\n<td>PK<\/td>\n<td>45&#215;40<\/td>\n<td>Kahve<\/td>\n<td>6<\/td>\n<td>0<\/td>\n<td>0<\/td>\n<td>0<\/td>\n<td>0<\/td>\n<td>0<\/td>\n<\/tr>\n<tr>\n<td>09.02.03.00.04541<\/td>\n<td>KL<\/td>\n<td>45&#215;40<\/td>\n<td>Kahve<\/td>\n<td>72<\/td>\n<td>29<\/td>\n<td>38.3<\/td>\n<td>28<\/td>\n<td>6.5<\/td>\n<td>6.8<\/td>\n<\/tr>\n<tr>\n<td>09.02.03.00.04580<\/td>\n<td>AD<\/td>\n<td>45&#215;80<\/td>\n<td>\u015eeffaf<\/td>\n<td>1<\/td>\n<td>0<\/td>\n<td>0<\/td>\n<td>0<\/td>\n<td>0<\/td>\n<td>0<\/td>\n<\/tr>\n<tr>\n<td>09.02.03.00.04580<\/td>\n<td>PK<\/td>\n<td>45&#215;80<\/td>\n<td>\u015eeffaf<\/td>\n<td>6<\/td>\n<td>0<\/td>\n<td>0<\/td>\n<td>0<\/td>\n<td>0<\/td>\n<td>0<\/td>\n<\/tr>\n<tr>\n<td>09.02.03.00.04580<\/td>\n<td>KL<\/td>\n<td>45&#215;80<\/td>\n<td>\u015eeffaf<\/td>\n<td>36<\/td>\n<td>0<\/td>\n<td>0<\/td>\n<td>0<\/td>\n<td>0<\/td>\n<td>0<\/td>\n<\/tr>\n<tr>\n<td>09.02.03.00.45100<\/td>\n<td>AD<\/td>\n<td>45&#215;100<\/td>\n<td>\u015eeffaf<\/td>\n<td>1<\/td>\n<td>0<\/td>\n<td>0<\/td>\n<td>0<\/td>\n<td>0<\/td>\n<td>0<\/td>\n<\/tr>\n<tr>\n<td>09.02.03.00.45100<\/td>\n<td>PK<\/td>\n<td>45&#215;100<\/td>\n<td>\u015eeffaf<\/td>\n<td>6<\/td>\n<td>0<\/td>\n<td>0<\/td>\n<td>0<\/td>\n<td>0<\/td>\n<td>0<\/td>\n<\/tr>\n<tr>\n<td>09.02.03.00.45100<\/td>\n<td>KL<\/td>\n<td>45&#215;100<\/td>\n<td>\u015eeffaf<\/td>\n<td>36<\/td>\n<td>22<\/td>\n<td>33<\/td>\n<td>28<\/td>\n<td>6.7<\/td>\n<td>7<\/td>\n<\/tr>\n<tr>\n<td>09.02.03.00.45101<\/td>\n<td>AD<\/td>\n<td>45&#215;100<\/td>\n<td>Kahve<\/td>\n<td>1<\/td>\n<td>0<\/td>\n<td>0<\/td>\n<td>0<\/td>\n<td>0<\/td>\n<td>0<\/td>\n<\/tr>\n<tr>\n<td>09.02.03.00.45101<\/td>\n<td>PK<\/td>\n<td>45&#215;100<\/td>\n<td>Kahve<\/td>\n<td>6<\/td>\n<td>0<\/td>\n<td>0<\/td>\n<td>0<\/td>\n<td>0<\/td>\n<td>0<\/td>\n<\/tr>\n<tr>\n<td>09.02.03.00.45101<\/td>\n<td>KL<\/td>\n<td>45&#215;100<\/td>\n<td>Kahve<\/td>\n<td>36<\/td>\n<td>22<\/td>\n<td>33<\/td>\n<td>28<\/td>\n<td>6.7<\/td>\n<td>7<\/td>\n<\/tr>\n<\/tbody>\n<\/table>\n<p>&nbsp;<\/p>\n","protected":false},"excerpt":{"rendered":"<p>Koli bantlar\u0131m\u0131z her \u00e7e\u015fit koli ve ambalaj malzemelerinin kapat\u0131lmas\u0131nda kullan\u0131l\u0131r \u015feffaf ve kahverengi renk se\u00e7enekleri mevcuttur. \u00dcR\u00dcN KODU B\u0130R\u0130M \u00d6l\u00e7\u00fcler (mmxmt) Renk Paketleme Bilgisi Miktar En Boy Y\u00fckseklik Net A\u011f\u0131rl\u0131k Br\u00fct A\u011f\u0131rl\u0131k 09.02.03.00.04530 AD 45&#215;30 \u015eeffaf 1 0 0 0 0 0 09.02.03.00.04530 PK 45&#215;30 \u015eeffaf 6 0 0 0 0 0 09.02.03.00.04530 KL 45&#215;30 \u015eeffaf 72 28 38 28 [&hellip;]<\/p>\n","protected":false},"featured_media":24620,"comment_status":"open","ping_status":"closed","template":"","meta":[],"product_brand":[],"product_cat":[15,249,72,88],"product_tag":[],"class_list":{"0":"post-24617","1":"product","2":"type-product","3":"status-publish","4":"has-post-thumbnail","6":"product_cat-genel","7":"product_cat-bantlar","8":"product_cat-hirdavat","9":"product_cat-yapistirici-ve-bantlar","11":"first","12":"instock","13":"shipping-taxable","14":"product-type-simple"},"_links":{"self":[{"href":"http:\/\/basakcilastik.com.tr\/index.php?rest_route=\/wp\/v2\/product\/24617","targetHints":{"allow":["GET"]}}],"collection":[{"href":"http:\/\/basakcilastik.com.tr\/index.php?rest_route=\/wp\/v2\/product"}],"about":[{"href":"http:\/\/basakcilastik.com.tr\/index.php?rest_route=\/wp\/v2\/types\/product"}],"replies":[{"embeddable":true,"href":"http:\/\/basakcilastik.com.tr\/index.php?rest_route=%2Fwp%2Fv2%2Fcomments&post=24617"}],"wp:featuredmedia":[{"embeddable":true,"href":"http:\/\/basakcilastik.com.tr\/index.php?rest_route=\/wp\/v2\/media\/24620"}],"wp:attachment":[{"href":"http:\/\/basakcilastik.com.tr\/index.php?rest_route=%2Fwp%2Fv2%2Fmedia&parent=24617"}],"wp:term":[{"taxonomy":"product_brand","embeddable":true,"href":"http:\/\/basakcilastik.com.tr\/index.php?rest_route=%2Fwp%2Fv2%2Fproduct_brand&post=24617"},{"taxonomy":"product_cat","embeddable":true,"href":"http:\/\/basakcilastik.com.tr\/index.php?rest_route=%2Fwp%2Fv2%2Fproduct_cat&post=24617"},{"taxonomy":"product_tag","embeddable":true,"href":"http:\/\/basakcilastik.com.tr\/index.php?rest_route=%2Fwp%2Fv2%2Fproduct_tag&post=24617"}],"curies":[{"name":"wp","href":"https:\/\/api.w.org\/{rel}","templated":true}]}}