{"id":24572,"date":"2020-08-26T22:07:15","date_gmt":"2020-08-26T22:07:15","guid":{"rendered":"https:\/\/basakcilastik.com.tr\/?post_type=product&#038;p=24572"},"modified":"2020-08-26T22:07:17","modified_gmt":"2020-08-26T22:07:17","slug":"aluminyum-folyo-bant-duz","status":"publish","type":"product","link":"http:\/\/basakcilastik.com.tr\/?product=aluminyum-folyo-bant-duz","title":{"rendered":"AL\u00dcM\u0130NYUM FOLYO BANT (D\u00dcZ)"},"content":{"rendered":"<p>Is\u0131, ses, yal\u0131t\u0131m, in\u015faat alev dayan\u0131mlar\u0131 elektro kaplamalarda kullan\u0131lan bantlard\u0131r. 12 mikron &#8211; 80 mikron aras\u0131nda \u00f6zg\u00fcl ag\u0131rl\u0131klar\u0131 vard\u0131r. Al\u00fcminyum bantlar kendi aralar\u0131nda ikiye ayr\u0131l\u0131r. \u2022 Al\u00fcminyum folyo d\u00fcz bant \u2022 Al\u00fcminyum folyo takviyeli bant<\/p>\n<table width=\"100%\">\n<thead>\n<tr>\n<td><strong>\u00dcR\u00dcN KODU<\/strong><\/td>\n<td><strong>B\u0130R\u0130M<\/strong><\/td>\n<td><strong>\u00d6l\u00e7\u00fcler (mm x mt)<\/strong><\/td>\n<td><strong>Paketleme Bilgisi Miktar<\/strong><\/td>\n<td><strong>En<\/strong><\/td>\n<td><strong>Boy<\/strong><\/td>\n<td><strong>Y\u00fckseklik<\/strong><\/td>\n<td><strong>Net A\u011f\u0131rl\u0131k<\/strong><\/td>\n<td><strong>Br\u00fct A\u011f\u0131rl\u0131k<\/strong><\/td>\n<\/tr>\n<\/thead>\n<tbody>\n<tr>\n<td>09.02.08.00.04405<\/td>\n<td>AD<\/td>\n<td>44&#215;5<\/td>\n<td>1<\/td>\n<td>0<\/td>\n<td>0<\/td>\n<td>0<\/td>\n<td>0<\/td>\n<td>0<\/td>\n<\/tr>\n<tr>\n<td>09.02.08.00.04405<\/td>\n<td>PK<\/td>\n<td>44&#215;5<\/td>\n<td>1<\/td>\n<td>0<\/td>\n<td>0<\/td>\n<td>0<\/td>\n<td>0<\/td>\n<td>0<\/td>\n<\/tr>\n<tr>\n<td>09.02.08.00.04405<\/td>\n<td>KL<\/td>\n<td>44&#215;5<\/td>\n<td>96<\/td>\n<td>0<\/td>\n<td>0<\/td>\n<td>0<\/td>\n<td>0<\/td>\n<td>0<\/td>\n<\/tr>\n<tr>\n<td>09.02.08.00.04410<\/td>\n<td>AD<\/td>\n<td>44&#215;10<\/td>\n<td>1<\/td>\n<td>0<\/td>\n<td>0<\/td>\n<td>0<\/td>\n<td>0<\/td>\n<td>0<\/td>\n<\/tr>\n<tr>\n<td>09.02.08.00.04410<\/td>\n<td>PK<\/td>\n<td>44&#215;10<\/td>\n<td>1<\/td>\n<td>0<\/td>\n<td>0<\/td>\n<td>0<\/td>\n<td>0<\/td>\n<td>0<\/td>\n<\/tr>\n<tr>\n<td>09.02.08.00.04410<\/td>\n<td>KL<\/td>\n<td>44&#215;10<\/td>\n<td>96<\/td>\n<td>0<\/td>\n<td>0<\/td>\n<td>0<\/td>\n<td>0<\/td>\n<td>0<\/td>\n<\/tr>\n<tr>\n<td>09.02.08.00.04420<\/td>\n<td>AD<\/td>\n<td>44&#215;20<\/td>\n<td>1<\/td>\n<td>0<\/td>\n<td>0<\/td>\n<td>0<\/td>\n<td>0<\/td>\n<td>0<\/td>\n<\/tr>\n<tr>\n<td>09.02.08.00.04420<\/td>\n<td>PK<\/td>\n<td>44&#215;20<\/td>\n<td>1<\/td>\n<td>0<\/td>\n<td>0<\/td>\n<td>0<\/td>\n<td>0<\/td>\n<td>0<\/td>\n<\/tr>\n<tr>\n<td>09.02.08.00.04420<\/td>\n<td>KL<\/td>\n<td>44&#215;20<\/td>\n<td>96<\/td>\n<td>0<\/td>\n<td>0<\/td>\n<td>0<\/td>\n<td>0<\/td>\n<td>0<\/td>\n<\/tr>\n<tr>\n<td>09.02.08.00.04825<\/td>\n<td>AD<\/td>\n<td>48&#215;25<\/td>\n<td>1<\/td>\n<td>0<\/td>\n<td>0<\/td>\n<td>0<\/td>\n<td>0<\/td>\n<td>0<\/td>\n<\/tr>\n<tr>\n<td>09.02.08.00.04825<\/td>\n<td>PK<\/td>\n<td>48&#215;25<\/td>\n<td>1<\/td>\n<td>0<\/td>\n<td>0<\/td>\n<td>0<\/td>\n<td>0<\/td>\n<td>0<\/td>\n<\/tr>\n<tr>\n<td>09.02.08.00.04825<\/td>\n<td>KL<\/td>\n<td>48&#215;25<\/td>\n<td>96<\/td>\n<td>0<\/td>\n<td>0<\/td>\n<td>0<\/td>\n<td>0<\/td>\n<td>0<\/td>\n<\/tr>\n<\/tbody>\n<\/table>\n<p>&nbsp;<\/p>\n","protected":false},"excerpt":{"rendered":"<p>Is\u0131, ses, yal\u0131t\u0131m, in\u015faat alev dayan\u0131mlar\u0131 elektro kaplamalarda kullan\u0131lan bantlard\u0131r. 12 mikron &#8211; 80 mikron aras\u0131nda \u00f6zg\u00fcl ag\u0131rl\u0131klar\u0131 vard\u0131r. Al\u00fcminyum bantlar kendi aralar\u0131nda ikiye ayr\u0131l\u0131r. \u2022 Al\u00fcminyum folyo d\u00fcz bant \u2022 Al\u00fcminyum folyo takviyeli bant \u00dcR\u00dcN KODU B\u0130R\u0130M \u00d6l\u00e7\u00fcler (mm x mt) Paketleme Bilgisi Miktar En Boy Y\u00fckseklik Net A\u011f\u0131rl\u0131k Br\u00fct A\u011f\u0131rl\u0131k 09.02.08.00.04405 AD 44&#215;5 1 0 0 0 0 [&hellip;]<\/p>\n","protected":false},"featured_media":24574,"comment_status":"open","ping_status":"closed","template":"","meta":[],"product_brand":[],"product_cat":[15,249,72,88],"product_tag":[],"class_list":{"0":"post-24572","1":"product","2":"type-product","3":"status-publish","4":"has-post-thumbnail","6":"product_cat-genel","7":"product_cat-bantlar","8":"product_cat-hirdavat","9":"product_cat-yapistirici-ve-bantlar","11":"first","12":"instock","13":"shipping-taxable","14":"product-type-simple"},"_links":{"self":[{"href":"http:\/\/basakcilastik.com.tr\/index.php?rest_route=\/wp\/v2\/product\/24572","targetHints":{"allow":["GET"]}}],"collection":[{"href":"http:\/\/basakcilastik.com.tr\/index.php?rest_route=\/wp\/v2\/product"}],"about":[{"href":"http:\/\/basakcilastik.com.tr\/index.php?rest_route=\/wp\/v2\/types\/product"}],"replies":[{"embeddable":true,"href":"http:\/\/basakcilastik.com.tr\/index.php?rest_route=%2Fwp%2Fv2%2Fcomments&post=24572"}],"wp:featuredmedia":[{"embeddable":true,"href":"http:\/\/basakcilastik.com.tr\/index.php?rest_route=\/wp\/v2\/media\/24574"}],"wp:attachment":[{"href":"http:\/\/basakcilastik.com.tr\/index.php?rest_route=%2Fwp%2Fv2%2Fmedia&parent=24572"}],"wp:term":[{"taxonomy":"product_brand","embeddable":true,"href":"http:\/\/basakcilastik.com.tr\/index.php?rest_route=%2Fwp%2Fv2%2Fproduct_brand&post=24572"},{"taxonomy":"product_cat","embeddable":true,"href":"http:\/\/basakcilastik.com.tr\/index.php?rest_route=%2Fwp%2Fv2%2Fproduct_cat&post=24572"},{"taxonomy":"product_tag","embeddable":true,"href":"http:\/\/basakcilastik.com.tr\/index.php?rest_route=%2Fwp%2Fv2%2Fproduct_tag&post=24572"}],"curies":[{"name":"wp","href":"https:\/\/api.w.org\/{rel}","templated":true}]}}