{"id":24560,"date":"2020-08-26T21:58:04","date_gmt":"2020-08-26T21:58:04","guid":{"rendered":"https:\/\/basakcilastik.com.tr\/?post_type=product&#038;p=24560"},"modified":"2020-08-26T21:58:06","modified_gmt":"2020-08-26T21:58:06","slug":"wert-2295-tornavida-yildiz-ph3x150mm","status":"publish","type":"product","link":"http:\/\/basakcilastik.com.tr\/?product=wert-2295-tornavida-yildiz-ph3x150mm","title":{"rendered":"WERT 2295 Tornavida &#8211; Y\u0131ld\u0131z (PH3x150mm)"},"content":{"rendered":"<p>Y\u0131ld\u0131z Tornavida<\/p>\n<p>&nbsp;<\/p>\n<ul>\n<li>Sertle\u015ftirilmi\u015f, \u0131s\u0131l i\u015flemden ge\u00e7irilmi\u015f krom vanadyum \u00e7elik<br \/>\n\u25cf Kum p\u00fcsk\u00fcrtme cilal\u0131, m\u0131knat\u0131sl\u0131 u\u00e7<br \/>\n\u25cf Satin krom kaplama cilal\u0131<br \/>\n\u25cf Darbelere dayan\u0131kl\u0131 yumu\u015fak kavray\u0131\u015fl\u0131 polipropilen sapl\u0131<br \/>\n\u25cf Plastik ask\u0131l\u0131<\/li>\n<\/ul>\n<p><strong>A\u011f\u0131rl\u0131k(Kg)<\/strong><\/p>\n<p><strong>:<\/strong><\/p>\n<p>0.16<\/p>\n<p>&nbsp;<\/p>\n","protected":false},"excerpt":{"rendered":"<p>Y\u0131ld\u0131z Tornavida &nbsp; Sertle\u015ftirilmi\u015f, \u0131s\u0131l i\u015flemden ge\u00e7irilmi\u015f krom vanadyum \u00e7elik \u25cf Kum p\u00fcsk\u00fcrtme cilal\u0131, m\u0131knat\u0131sl\u0131 u\u00e7 \u25cf Satin krom kaplama cilal\u0131 \u25cf Darbelere dayan\u0131kl\u0131 yumu\u015fak kavray\u0131\u015fl\u0131 polipropilen sapl\u0131 \u25cf Plastik ask\u0131l\u0131 A\u011f\u0131rl\u0131k(Kg) : 0.16 &nbsp;<\/p>\n","protected":false},"featured_media":24563,"comment_status":"open","ping_status":"closed","template":"","meta":[],"product_brand":[],"product_cat":[15,72,87,248],"product_tag":[],"class_list":{"0":"post-24560","1":"product","2":"type-product","3":"status-publish","4":"has-post-thumbnail","6":"product_cat-genel","7":"product_cat-hirdavat","8":"product_cat-tornavida-ve-allen-anahtarlar","9":"product_cat-tornavidalar-tornavida-ve-allen-anahtarlar","11":"first","12":"instock","13":"shipping-taxable","14":"product-type-simple"},"_links":{"self":[{"href":"http:\/\/basakcilastik.com.tr\/index.php?rest_route=\/wp\/v2\/product\/24560","targetHints":{"allow":["GET"]}}],"collection":[{"href":"http:\/\/basakcilastik.com.tr\/index.php?rest_route=\/wp\/v2\/product"}],"about":[{"href":"http:\/\/basakcilastik.com.tr\/index.php?rest_route=\/wp\/v2\/types\/product"}],"replies":[{"embeddable":true,"href":"http:\/\/basakcilastik.com.tr\/index.php?rest_route=%2Fwp%2Fv2%2Fcomments&post=24560"}],"wp:featuredmedia":[{"embeddable":true,"href":"http:\/\/basakcilastik.com.tr\/index.php?rest_route=\/wp\/v2\/media\/24563"}],"wp:attachment":[{"href":"http:\/\/basakcilastik.com.tr\/index.php?rest_route=%2Fwp%2Fv2%2Fmedia&parent=24560"}],"wp:term":[{"taxonomy":"product_brand","embeddable":true,"href":"http:\/\/basakcilastik.com.tr\/index.php?rest_route=%2Fwp%2Fv2%2Fproduct_brand&post=24560"},{"taxonomy":"product_cat","embeddable":true,"href":"http:\/\/basakcilastik.com.tr\/index.php?rest_route=%2Fwp%2Fv2%2Fproduct_cat&post=24560"},{"taxonomy":"product_tag","embeddable":true,"href":"http:\/\/basakcilastik.com.tr\/index.php?rest_route=%2Fwp%2Fv2%2Fproduct_tag&post=24560"}],"curies":[{"name":"wp","href":"https:\/\/api.w.org\/{rel}","templated":true}]}}