{"id":23723,"date":"2020-08-24T19:57:02","date_gmt":"2020-08-24T19:57:02","guid":{"rendered":"https:\/\/basakcilastik.com.tr\/?post_type=product&#038;p=23723"},"modified":"2020-08-24T19:57:04","modified_gmt":"2020-08-24T19:57:04","slug":"006-rc1020-cemberli-filtre-anahtari-ayarli-buyuk","status":"publish","type":"product","link":"http:\/\/basakcilastik.com.tr\/?product=006-rc1020-cemberli-filtre-anahtari-ayarli-buyuk","title":{"rendered":"006-RC1020 \u00c7EMBERL\u0130 F\u0130LTRE ANAHTARI AYARLI B\u00dcY\u00dcK"},"content":{"rendered":"<p>006-RC1020 \u00c7EMBERL\u0130 F\u0130LTRE ANAHTARI AYARLI B\u00dcY\u00dcK<\/p>\n","protected":false},"excerpt":{"rendered":"<p>006-RC1020 \u00c7EMBERL\u0130 F\u0130LTRE ANAHTARI AYARLI B\u00dcY\u00dcK<\/p>\n","protected":false},"featured_media":23724,"comment_status":"open","ping_status":"closed","template":"","meta":[],"product_brand":[],"product_cat":[15,72,245],"product_tag":[],"class_list":{"0":"post-23723","1":"product","2":"type-product","3":"status-publish","4":"has-post-thumbnail","6":"product_cat-genel","7":"product_cat-hirdavat","8":"product_cat-yag-filtresi-aparatlari","10":"first","11":"instock","12":"shipping-taxable","13":"product-type-simple"},"_links":{"self":[{"href":"http:\/\/basakcilastik.com.tr\/index.php?rest_route=\/wp\/v2\/product\/23723","targetHints":{"allow":["GET"]}}],"collection":[{"href":"http:\/\/basakcilastik.com.tr\/index.php?rest_route=\/wp\/v2\/product"}],"about":[{"href":"http:\/\/basakcilastik.com.tr\/index.php?rest_route=\/wp\/v2\/types\/product"}],"replies":[{"embeddable":true,"href":"http:\/\/basakcilastik.com.tr\/index.php?rest_route=%2Fwp%2Fv2%2Fcomments&post=23723"}],"wp:featuredmedia":[{"embeddable":true,"href":"http:\/\/basakcilastik.com.tr\/index.php?rest_route=\/wp\/v2\/media\/23724"}],"wp:attachment":[{"href":"http:\/\/basakcilastik.com.tr\/index.php?rest_route=%2Fwp%2Fv2%2Fmedia&parent=23723"}],"wp:term":[{"taxonomy":"product_brand","embeddable":true,"href":"http:\/\/basakcilastik.com.tr\/index.php?rest_route=%2Fwp%2Fv2%2Fproduct_brand&post=23723"},{"taxonomy":"product_cat","embeddable":true,"href":"http:\/\/basakcilastik.com.tr\/index.php?rest_route=%2Fwp%2Fv2%2Fproduct_cat&post=23723"},{"taxonomy":"product_tag","embeddable":true,"href":"http:\/\/basakcilastik.com.tr\/index.php?rest_route=%2Fwp%2Fv2%2Fproduct_tag&post=23723"}],"curies":[{"name":"wp","href":"https:\/\/api.w.org\/{rel}","templated":true}]}}