{"id":22277,"date":"2020-08-20T11:19:57","date_gmt":"2020-08-20T11:19:57","guid":{"rendered":"https:\/\/basakcilastik.com.tr\/?post_type=product&#038;p=22277"},"modified":"2020-08-20T11:19:58","modified_gmt":"2020-08-20T11:19:58","slug":"mannesmann-335-kil-testere-150mm","status":"publish","type":"product","link":"http:\/\/basakcilastik.com.tr\/?product=mannesmann-335-kil-testere-150mm","title":{"rendered":"Mannesmann 335 K\u0131l Testere, 150mm"},"content":{"rendered":"<p>Mannesmann 335 K\u0131l Testere<\/p>\n<p>&nbsp;<\/p>\n<ul>\n<li>Metal kesimi i\u00e7in uygun, dayan\u0131kl\u0131 profilli k\u0131l testere<br \/>\n\u25cf K\u0131sa di\u015fleriyle hassas, p\u00fcr\u00fczs\u00fcz kesimler yapar, ana malzeme kay\u0131plar\u0131 minimumdur.<br \/>\n\u25cf Normal testerelerden k\u00fc\u00e7\u00fck profili ile eri\u015fimin g\u00fc\u00e7 oldu\u011fu yerlerde rahat kullan\u0131m imkan\u0131 sunar<br \/>\n\u25cf \u0130tme darbeleriyle kesim yapar, yedek b\u0131\u00e7aklar\u0131 monte ederken kesici di\u015fin ileriye bakt\u0131\u011f\u0131ndan emin olunuz.<br \/>\n\u25cf Avu\u00e7 i\u00e7erisinde kolayca d\u00f6nd\u00fcr\u00fclerek hareket ettirilebilen ah\u015fap lake cilal\u0131 sap<br \/>\n\u25cf Testere b\u0131\u00e7a\u011f\u0131 uzunlu\u011fu: 150mm<\/li>\n<\/ul>\n<p><strong>A\u011f\u0131rl\u0131k(Kg)<\/strong><\/p>\n<p><strong>:<\/strong><\/p>\n<p>0.12<\/p>\n<p>&nbsp;<\/p>\n","protected":false},"excerpt":{"rendered":"<p>Mannesmann 335 K\u0131l Testere &nbsp; Metal kesimi i\u00e7in uygun, dayan\u0131kl\u0131 profilli k\u0131l testere \u25cf K\u0131sa di\u015fleriyle hassas, p\u00fcr\u00fczs\u00fcz kesimler yapar, ana malzeme kay\u0131plar\u0131 minimumdur. \u25cf Normal testerelerden k\u00fc\u00e7\u00fck profili ile eri\u015fimin g\u00fc\u00e7 oldu\u011fu yerlerde rahat kullan\u0131m imkan\u0131 sunar \u25cf \u0130tme darbeleriyle kesim yapar, yedek b\u0131\u00e7aklar\u0131 monte ederken kesici di\u015fin ileriye bakt\u0131\u011f\u0131ndan emin olunuz. \u25cf Avu\u00e7 i\u00e7erisinde kolayca d\u00f6nd\u00fcr\u00fclerek hareket ettirilebilen [&hellip;]<\/p>\n","protected":false},"featured_media":22280,"comment_status":"open","ping_status":"closed","template":"","meta":[],"product_brand":[],"product_cat":[15,72,84,237],"product_tag":[],"class_list":{"0":"post-22277","1":"product","2":"type-product","3":"status-publish","4":"has-post-thumbnail","6":"product_cat-genel","7":"product_cat-hirdavat","8":"product_cat-mengeneler-ve-iskenceler","9":"product_cat-testereler-mengeneler-ve-iskenceler","11":"first","12":"instock","13":"shipping-taxable","14":"product-type-simple"},"_links":{"self":[{"href":"http:\/\/basakcilastik.com.tr\/index.php?rest_route=\/wp\/v2\/product\/22277","targetHints":{"allow":["GET"]}}],"collection":[{"href":"http:\/\/basakcilastik.com.tr\/index.php?rest_route=\/wp\/v2\/product"}],"about":[{"href":"http:\/\/basakcilastik.com.tr\/index.php?rest_route=\/wp\/v2\/types\/product"}],"replies":[{"embeddable":true,"href":"http:\/\/basakcilastik.com.tr\/index.php?rest_route=%2Fwp%2Fv2%2Fcomments&post=22277"}],"wp:featuredmedia":[{"embeddable":true,"href":"http:\/\/basakcilastik.com.tr\/index.php?rest_route=\/wp\/v2\/media\/22280"}],"wp:attachment":[{"href":"http:\/\/basakcilastik.com.tr\/index.php?rest_route=%2Fwp%2Fv2%2Fmedia&parent=22277"}],"wp:term":[{"taxonomy":"product_brand","embeddable":true,"href":"http:\/\/basakcilastik.com.tr\/index.php?rest_route=%2Fwp%2Fv2%2Fproduct_brand&post=22277"},{"taxonomy":"product_cat","embeddable":true,"href":"http:\/\/basakcilastik.com.tr\/index.php?rest_route=%2Fwp%2Fv2%2Fproduct_cat&post=22277"},{"taxonomy":"product_tag","embeddable":true,"href":"http:\/\/basakcilastik.com.tr\/index.php?rest_route=%2Fwp%2Fv2%2Fproduct_tag&post=22277"}],"curies":[{"name":"wp","href":"https:\/\/api.w.org\/{rel}","templated":true}]}}