{"id":22211,"date":"2020-08-20T10:07:43","date_gmt":"2020-08-20T10:07:43","guid":{"rendered":"https:\/\/basakcilastik.com.tr\/?post_type=product&#038;p=22211"},"modified":"2020-08-20T10:07:45","modified_gmt":"2020-08-20T10:07:45","slug":"zx160-iki-acili-rijid-freze-mengenesi","status":"publish","type":"product","link":"http:\/\/basakcilastik.com.tr\/?product=zx160-iki-acili-rijid-freze-mengenesi","title":{"rendered":"ZX160 \u0130ki A\u00e7\u0131l\u0131 Rijid Freze Mengenesi"},"content":{"rendered":"<p>ZX160 \u0130ki A\u00e7\u0131l\u0131 Rijid Freze Mengenesi<\/p>\n<p>&nbsp;<\/p>\n<p>\u00dcr\u00fcn \u00d6zellikleri<\/p>\n<p>&#8211; Rijid G\u00f6vde Yap\u0131s\u0131<\/p>\n<p>&#8211; Gri D\u00f6k\u00fcm G\u00f6vde<\/p>\n<p>&nbsp;<\/p>\n<p>Teknik \u00d6zellikler<\/p>\n<ul>\n<li>TipFreze<\/li>\n<li>\u00c7ene Geni\u015fli\u011fimm160<\/li>\n<li>\u00c7ene Y\u00fcksekli\u011fimm52<\/li>\n<li>Maksimum A\u00e7\u0131kl\u0131kmm180<\/li>\n<li>A\u011f\u0131rl\u0131kkg39<\/li>\n<li>Paket \u00d6l\u00e7\u00fclericm49x28x23<\/li>\n<\/ul>\n<p>&nbsp;<\/p>\n","protected":false},"excerpt":{"rendered":"<p>ZX160 \u0130ki A\u00e7\u0131l\u0131 Rijid Freze Mengenesi &nbsp; \u00dcr\u00fcn \u00d6zellikleri &#8211; Rijid G\u00f6vde Yap\u0131s\u0131 &#8211; Gri D\u00f6k\u00fcm G\u00f6vde &nbsp; Teknik \u00d6zellikler TipFreze \u00c7ene Geni\u015fli\u011fimm160 \u00c7ene Y\u00fcksekli\u011fimm52 Maksimum A\u00e7\u0131kl\u0131kmm180 A\u011f\u0131rl\u0131kkg39 Paket \u00d6l\u00e7\u00fclericm49x28x23 &nbsp;<\/p>\n","protected":false},"featured_media":22214,"comment_status":"open","ping_status":"closed","template":"","meta":[],"product_brand":[],"product_cat":[15,72,236,84],"product_tag":[],"class_list":{"0":"post-22211","1":"product","2":"type-product","3":"status-publish","4":"has-post-thumbnail","6":"product_cat-genel","7":"product_cat-hirdavat","8":"product_cat-mengeneler","9":"product_cat-mengeneler-ve-iskenceler","11":"first","12":"instock","13":"shipping-taxable","14":"product-type-simple"},"_links":{"self":[{"href":"http:\/\/basakcilastik.com.tr\/index.php?rest_route=\/wp\/v2\/product\/22211","targetHints":{"allow":["GET"]}}],"collection":[{"href":"http:\/\/basakcilastik.com.tr\/index.php?rest_route=\/wp\/v2\/product"}],"about":[{"href":"http:\/\/basakcilastik.com.tr\/index.php?rest_route=\/wp\/v2\/types\/product"}],"replies":[{"embeddable":true,"href":"http:\/\/basakcilastik.com.tr\/index.php?rest_route=%2Fwp%2Fv2%2Fcomments&post=22211"}],"wp:featuredmedia":[{"embeddable":true,"href":"http:\/\/basakcilastik.com.tr\/index.php?rest_route=\/wp\/v2\/media\/22214"}],"wp:attachment":[{"href":"http:\/\/basakcilastik.com.tr\/index.php?rest_route=%2Fwp%2Fv2%2Fmedia&parent=22211"}],"wp:term":[{"taxonomy":"product_brand","embeddable":true,"href":"http:\/\/basakcilastik.com.tr\/index.php?rest_route=%2Fwp%2Fv2%2Fproduct_brand&post=22211"},{"taxonomy":"product_cat","embeddable":true,"href":"http:\/\/basakcilastik.com.tr\/index.php?rest_route=%2Fwp%2Fv2%2Fproduct_cat&post=22211"},{"taxonomy":"product_tag","embeddable":true,"href":"http:\/\/basakcilastik.com.tr\/index.php?rest_route=%2Fwp%2Fv2%2Fproduct_tag&post=22211"}],"curies":[{"name":"wp","href":"https:\/\/api.w.org\/{rel}","templated":true}]}}