{"id":22022,"date":"2020-08-19T11:37:10","date_gmt":"2020-08-19T11:37:10","guid":{"rendered":"https:\/\/basakcilastik.com.tr\/?post_type=product&#038;p=22022"},"modified":"2020-08-19T11:37:11","modified_gmt":"2020-08-19T11:37:11","slug":"troy-25054-mandal-tipi-iskence-100mm","status":"publish","type":"product","link":"http:\/\/basakcilastik.com.tr\/?product=troy-25054-mandal-tipi-iskence-100mm","title":{"rendered":"TROY 25054 Mandal Tipi \u0130\u015fkence (100mm)"},"content":{"rendered":"<p>TROY 25054 Mandal Tipi \u0130\u015fkence (100mm)<\/p>\n<ul>\n<li>Mandal Tipi \u0130\u015fkence<br \/>\n\u25cf Sa\u011flam plastik a\u011f\u0131zlar<br \/>\n\u25cf So\u011fuk \u00e7ekme y\u00fcksek karbon \u00e7elik yay<br \/>\n\u25cf Yumu\u015fak plastik kapl\u0131 kollar<br \/>\n\u25cf Uzunluk: 100mm<br \/>\n\u25cf \u00c7ene a\u00e7\u0131kl\u0131\u011f\u0131: 40mm<br \/>\n\u25cf A\u011f\u0131z derinli\u011fi: 40mm<\/li>\n<\/ul>\n<p><strong>A\u011f\u0131rl\u0131k(Kg)<\/strong><\/p>\n<p><strong>:<\/strong><\/p>\n<p>0.0<\/p>\n<p>&nbsp;<\/p>\n","protected":false},"excerpt":{"rendered":"<p>TROY 25054 Mandal Tipi \u0130\u015fkence (100mm) Mandal Tipi \u0130\u015fkence \u25cf Sa\u011flam plastik a\u011f\u0131zlar \u25cf So\u011fuk \u00e7ekme y\u00fcksek karbon \u00e7elik yay \u25cf Yumu\u015fak plastik kapl\u0131 kollar \u25cf Uzunluk: 100mm \u25cf \u00c7ene a\u00e7\u0131kl\u0131\u011f\u0131: 40mm \u25cf A\u011f\u0131z derinli\u011fi: 40mm A\u011f\u0131rl\u0131k(Kg) : 0.0 &nbsp;<\/p>\n","protected":false},"featured_media":22025,"comment_status":"open","ping_status":"closed","template":"","meta":[],"product_brand":[],"product_cat":[15,72,234,84],"product_tag":[],"class_list":{"0":"post-22022","1":"product","2":"type-product","3":"status-publish","4":"has-post-thumbnail","6":"product_cat-genel","7":"product_cat-hirdavat","8":"product_cat-iskenceler","9":"product_cat-mengeneler-ve-iskenceler","11":"first","12":"instock","13":"shipping-taxable","14":"product-type-simple"},"_links":{"self":[{"href":"http:\/\/basakcilastik.com.tr\/index.php?rest_route=\/wp\/v2\/product\/22022","targetHints":{"allow":["GET"]}}],"collection":[{"href":"http:\/\/basakcilastik.com.tr\/index.php?rest_route=\/wp\/v2\/product"}],"about":[{"href":"http:\/\/basakcilastik.com.tr\/index.php?rest_route=\/wp\/v2\/types\/product"}],"replies":[{"embeddable":true,"href":"http:\/\/basakcilastik.com.tr\/index.php?rest_route=%2Fwp%2Fv2%2Fcomments&post=22022"}],"wp:featuredmedia":[{"embeddable":true,"href":"http:\/\/basakcilastik.com.tr\/index.php?rest_route=\/wp\/v2\/media\/22025"}],"wp:attachment":[{"href":"http:\/\/basakcilastik.com.tr\/index.php?rest_route=%2Fwp%2Fv2%2Fmedia&parent=22022"}],"wp:term":[{"taxonomy":"product_brand","embeddable":true,"href":"http:\/\/basakcilastik.com.tr\/index.php?rest_route=%2Fwp%2Fv2%2Fproduct_brand&post=22022"},{"taxonomy":"product_cat","embeddable":true,"href":"http:\/\/basakcilastik.com.tr\/index.php?rest_route=%2Fwp%2Fv2%2Fproduct_cat&post=22022"},{"taxonomy":"product_tag","embeddable":true,"href":"http:\/\/basakcilastik.com.tr\/index.php?rest_route=%2Fwp%2Fv2%2Fproduct_tag&post=22022"}],"curies":[{"name":"wp","href":"https:\/\/api.w.org\/{rel}","templated":true}]}}