{"id":20998,"date":"2020-08-16T14:26:00","date_gmt":"2020-08-16T14:26:00","guid":{"rendered":"https:\/\/basakcilastik.com.tr\/?post_type=product&#038;p=20998"},"modified":"2020-08-16T14:26:03","modified_gmt":"2020-08-16T14:26:03","slug":"38-uzatma-pvc","status":"publish","type":"product","link":"http:\/\/basakcilastik.com.tr\/?product=38-uzatma-pvc","title":{"rendered":"38\u201d UZATMA PVC"},"content":{"rendered":"<p>3\/8\u201d UZATMA PVC<\/p>\n<table width=\"540\">\n<thead>\n<tr>\n<td><strong>Kod<\/strong><\/td>\n<td><strong>\u00dcr\u00fcn Ad\u0131<\/strong><\/td>\n<td><strong>Koli<\/strong><\/td>\n<td><strong>Paket<\/strong><\/td>\n<\/tr>\n<\/thead>\n<tbody>\n<tr>\n<td>007-RC3875P<\/td>\n<td>75 mm<\/td>\n<td>10<\/td>\n<td>60<\/td>\n<\/tr>\n<tr>\n<td>007-RC3050P<\/td>\n<td>100 mm<\/td>\n<td>10<\/td>\n<td>60<\/td>\n<\/tr>\n<tr>\n<td>007-RC3150P<\/td>\n<td>150 mm<\/td>\n<td>10<\/td>\n<td>40<\/td>\n<\/tr>\n<tr>\n<td>007-RC3250P<\/td>\n<td>250 mm<\/td>\n<td>10<\/td>\n<td>40<\/td>\n<\/tr>\n<\/tbody>\n<\/table>\n<p>&nbsp;<\/p>\n","protected":false},"excerpt":{"rendered":"<p>3\/8\u201d UZATMA PVC Kod \u00dcr\u00fcn Ad\u0131 Koli Paket 007-RC3875P 75 mm 10 60 007-RC3050P 100 mm 10 60 007-RC3150P 150 mm 10 40 007-RC3250P 250 mm 10 40 &nbsp;<\/p>\n","protected":false},"featured_media":21001,"comment_status":"open","ping_status":"closed","template":"","meta":[],"product_brand":[],"product_cat":[15,72,232,83],"product_tag":[],"class_list":{"0":"post-20998","1":"product","2":"type-product","3":"status-publish","4":"has-post-thumbnail","6":"product_cat-genel","7":"product_cat-hirdavat","8":"product_cat-lokma","9":"product_cat-lokma-ve-bijon-anahtarlari","11":"first","12":"instock","13":"shipping-taxable","14":"product-type-simple"},"_links":{"self":[{"href":"http:\/\/basakcilastik.com.tr\/index.php?rest_route=\/wp\/v2\/product\/20998","targetHints":{"allow":["GET"]}}],"collection":[{"href":"http:\/\/basakcilastik.com.tr\/index.php?rest_route=\/wp\/v2\/product"}],"about":[{"href":"http:\/\/basakcilastik.com.tr\/index.php?rest_route=\/wp\/v2\/types\/product"}],"replies":[{"embeddable":true,"href":"http:\/\/basakcilastik.com.tr\/index.php?rest_route=%2Fwp%2Fv2%2Fcomments&post=20998"}],"wp:featuredmedia":[{"embeddable":true,"href":"http:\/\/basakcilastik.com.tr\/index.php?rest_route=\/wp\/v2\/media\/21001"}],"wp:attachment":[{"href":"http:\/\/basakcilastik.com.tr\/index.php?rest_route=%2Fwp%2Fv2%2Fmedia&parent=20998"}],"wp:term":[{"taxonomy":"product_brand","embeddable":true,"href":"http:\/\/basakcilastik.com.tr\/index.php?rest_route=%2Fwp%2Fv2%2Fproduct_brand&post=20998"},{"taxonomy":"product_cat","embeddable":true,"href":"http:\/\/basakcilastik.com.tr\/index.php?rest_route=%2Fwp%2Fv2%2Fproduct_cat&post=20998"},{"taxonomy":"product_tag","embeddable":true,"href":"http:\/\/basakcilastik.com.tr\/index.php?rest_route=%2Fwp%2Fv2%2Fproduct_tag&post=20998"}],"curies":[{"name":"wp","href":"https:\/\/api.w.org\/{rel}","templated":true}]}}