{"id":20937,"date":"2020-08-16T09:54:41","date_gmt":"2020-08-16T09:54:41","guid":{"rendered":"https:\/\/basakcilastik.com.tr\/?post_type=product&#038;p=20937"},"modified":"2020-08-16T09:54:43","modified_gmt":"2020-08-16T09:54:43","slug":"34-12-kose-agir-lokma","status":"publish","type":"product","link":"http:\/\/basakcilastik.com.tr\/?product=34-12-kose-agir-lokma","title":{"rendered":"34\u201d 12 K\u00d6\u015eE A\u011eIR LOKMA"},"content":{"rendered":"<p>3\/4\u201d 12 K\u00d6\u015eE A\u011eIR LOKMA<\/p>\n<table width=\"540\">\n<thead>\n<tr>\n<td><strong>Kod<\/strong><\/td>\n<td><strong>\u00dcr\u00fcn Ad\u0131<\/strong><\/td>\n<td><strong>Koli<\/strong><\/td>\n<td><strong>Paket<\/strong><\/td>\n<\/tr>\n<\/thead>\n<tbody>\n<tr>\n<td>007-RC3517<\/td>\n<td>17 mm<\/td>\n<td>10<\/td>\n<td>100<\/td>\n<\/tr>\n<tr>\n<td>007-RC3519<\/td>\n<td>19 mm<\/td>\n<td>10<\/td>\n<td>100<\/td>\n<\/tr>\n<tr>\n<td>007-RC3521<\/td>\n<td>21 mm<\/td>\n<td>10<\/td>\n<td>100<\/td>\n<\/tr>\n<tr>\n<td>007-RC3522<\/td>\n<td>22 mm<\/td>\n<td>10<\/td>\n<td>100<\/td>\n<\/tr>\n<tr>\n<td>007-RC3524<\/td>\n<td>24 mm<\/td>\n<td>10<\/td>\n<td>100<\/td>\n<\/tr>\n<tr>\n<td>007-RC3527<\/td>\n<td>27 mm<\/td>\n<td>10<\/td>\n<td>100<\/td>\n<\/tr>\n<tr>\n<td>007-RC3528<\/td>\n<td>28 mm<\/td>\n<td>10<\/td>\n<td>100<\/td>\n<\/tr>\n<tr>\n<td>007-RC3529<\/td>\n<td>29 mm<\/td>\n<td>10<\/td>\n<td>100<\/td>\n<\/tr>\n<tr>\n<td>007-RC3530<\/td>\n<td>30 mm<\/td>\n<td>10<\/td>\n<td>100<\/td>\n<\/tr>\n<tr>\n<td>007-RC3532<\/td>\n<td>32 mm<\/td>\n<td>10<\/td>\n<td>100<\/td>\n<\/tr>\n<tr>\n<td>007-RC3533<\/td>\n<td>33 mm<\/td>\n<td>10<\/td>\n<td>100<\/td>\n<\/tr>\n<tr>\n<td>007-RC3534<\/td>\n<td>34 mm<\/td>\n<td>10<\/td>\n<td>50<\/td>\n<\/tr>\n<tr>\n<td>007-RC3535<\/td>\n<td>35 mm<\/td>\n<td>10<\/td>\n<td>50<\/td>\n<\/tr>\n<tr>\n<td>007-RC3536<\/td>\n<td>36 mm<\/td>\n<td>10<\/td>\n<td>50<\/td>\n<\/tr>\n<tr>\n<td>007-RC3538<\/td>\n<td>38 mm<\/td>\n<td>10<\/td>\n<td>50<\/td>\n<\/tr>\n<tr>\n<td>007-RC3541<\/td>\n<td>41 mm<\/td>\n<td>10<\/td>\n<td>50<\/td>\n<\/tr>\n<tr>\n<td>007-RC3546<\/td>\n<td>46 mm<\/td>\n<td>10<\/td>\n<td>20<\/td>\n<\/tr>\n<tr>\n<td>007-RC3550<\/td>\n<td>50 mm<\/td>\n<td>10<\/td>\n<td>20<\/td>\n<\/tr>\n<tr>\n<td>007-RC3555<\/td>\n<td>55 mm<\/td>\n<td>10<\/td>\n<td>20<\/td>\n<\/tr>\n<tr>\n<td>007-RC3557<\/td>\n<td>57 mm<\/td>\n<td>10<\/td>\n<td>20<\/td>\n<\/tr>\n<tr>\n<td>007-RC3560<\/td>\n<td>60 mm<\/td>\n<td>10<\/td>\n<td>20<\/td>\n<\/tr>\n<tr>\n<td>007-RC3565<\/td>\n<td>65 mm<\/td>\n<td>5<\/td>\n<td>10<\/td>\n<\/tr>\n<tr>\n<td>007-RC3570<\/td>\n<td>70 mm<\/td>\n<td>5<\/td>\n<td>10<\/td>\n<\/tr>\n<\/tbody>\n<\/table>\n<p>&nbsp;<\/p>\n","protected":false},"excerpt":{"rendered":"<p>3\/4\u201d 12 K\u00d6\u015eE A\u011eIR LOKMA Kod \u00dcr\u00fcn Ad\u0131 Koli Paket 007-RC3517 17 mm 10 100 007-RC3519 19 mm 10 100 007-RC3521 21 mm 10 100 007-RC3522 22 mm 10 100 007-RC3524 24 mm 10 100 007-RC3527 27 mm 10 100 007-RC3528 28 mm 10 100 007-RC3529 29 mm 10 100 007-RC3530 30 mm 10 100 007-RC3532 32 mm 10 100 [&hellip;]<\/p>\n","protected":false},"featured_media":20941,"comment_status":"open","ping_status":"closed","template":"","meta":[],"product_brand":[],"product_cat":[15,72,232,83],"product_tag":[],"class_list":{"0":"post-20937","1":"product","2":"type-product","3":"status-publish","4":"has-post-thumbnail","6":"product_cat-genel","7":"product_cat-hirdavat","8":"product_cat-lokma","9":"product_cat-lokma-ve-bijon-anahtarlari","11":"first","12":"instock","13":"shipping-taxable","14":"product-type-simple"},"_links":{"self":[{"href":"http:\/\/basakcilastik.com.tr\/index.php?rest_route=\/wp\/v2\/product\/20937","targetHints":{"allow":["GET"]}}],"collection":[{"href":"http:\/\/basakcilastik.com.tr\/index.php?rest_route=\/wp\/v2\/product"}],"about":[{"href":"http:\/\/basakcilastik.com.tr\/index.php?rest_route=\/wp\/v2\/types\/product"}],"replies":[{"embeddable":true,"href":"http:\/\/basakcilastik.com.tr\/index.php?rest_route=%2Fwp%2Fv2%2Fcomments&post=20937"}],"wp:featuredmedia":[{"embeddable":true,"href":"http:\/\/basakcilastik.com.tr\/index.php?rest_route=\/wp\/v2\/media\/20941"}],"wp:attachment":[{"href":"http:\/\/basakcilastik.com.tr\/index.php?rest_route=%2Fwp%2Fv2%2Fmedia&parent=20937"}],"wp:term":[{"taxonomy":"product_brand","embeddable":true,"href":"http:\/\/basakcilastik.com.tr\/index.php?rest_route=%2Fwp%2Fv2%2Fproduct_brand&post=20937"},{"taxonomy":"product_cat","embeddable":true,"href":"http:\/\/basakcilastik.com.tr\/index.php?rest_route=%2Fwp%2Fv2%2Fproduct_cat&post=20937"},{"taxonomy":"product_tag","embeddable":true,"href":"http:\/\/basakcilastik.com.tr\/index.php?rest_route=%2Fwp%2Fv2%2Fproduct_tag&post=20937"}],"curies":[{"name":"wp","href":"https:\/\/api.w.org\/{rel}","templated":true}]}}