{"id":20935,"date":"2020-08-16T09:52:59","date_gmt":"2020-08-16T09:52:59","guid":{"rendered":"https:\/\/basakcilastik.com.tr\/?post_type=product&#038;p=20935"},"modified":"2020-08-16T09:53:01","modified_gmt":"2020-08-16T09:53:01","slug":"34-6-kose-havali-lokmalar","status":"publish","type":"product","link":"http:\/\/basakcilastik.com.tr\/?product=34-6-kose-havali-lokmalar","title":{"rendered":"34\u201d 6 K\u00d6\u015eE HAVALI LOKMALAR"},"content":{"rendered":"<p>3\/4\u201d 6 K\u00d6\u015eE HAVALI LOKMALAR<\/p>\n<table width=\"540\">\n<thead>\n<tr>\n<td><strong>Kod<\/strong><\/td>\n<td><strong>\u00dcr\u00fcn Ad\u0131<\/strong><\/td>\n<td><strong>Koli<\/strong><\/td>\n<td><strong>Paket<\/strong><\/td>\n<\/tr>\n<\/thead>\n<tbody>\n<tr>\n<td>022-RC2417<\/td>\n<td>17 mm<\/td>\n<td>15<\/td>\n<td>60<\/td>\n<\/tr>\n<tr>\n<td>022-RC2419<\/td>\n<td>19 mm<\/td>\n<td>15<\/td>\n<td>60<\/td>\n<\/tr>\n<tr>\n<td>022-RC2424<\/td>\n<td>24 mm<\/td>\n<td>15<\/td>\n<td>60<\/td>\n<\/tr>\n<tr>\n<td>022-RC2427<\/td>\n<td>27 mm<\/td>\n<td>15<\/td>\n<td>30<\/td>\n<\/tr>\n<tr>\n<td>022-RC2430<\/td>\n<td>30 mm<\/td>\n<td>15<\/td>\n<td>30<\/td>\n<\/tr>\n<tr>\n<td>022-RC2432<\/td>\n<td>32 mm<\/td>\n<td>8<\/td>\n<td>32<\/td>\n<\/tr>\n<tr>\n<td>022-RC2436<\/td>\n<td>36 mm<\/td>\n<td>8<\/td>\n<td>32<\/td>\n<\/tr>\n<tr>\n<td>022-RC2438<\/td>\n<td>38 mm<\/td>\n<td>8<\/td>\n<td>32<\/td>\n<\/tr>\n<tr>\n<td>022-RC2441<\/td>\n<td>41 mm<\/td>\n<td>8<\/td>\n<td>16<\/td>\n<\/tr>\n<tr>\n<td>022-RC2446<\/td>\n<td>46 mm<\/td>\n<td>8<\/td>\n<td>16<\/td>\n<\/tr>\n<tr>\n<td>022-RC2450<\/td>\n<td>50 mm<\/td>\n<td>5<\/td>\n<td>16<\/td>\n<\/tr>\n<tr>\n<td>022-RC2455<\/td>\n<td>55 mm<\/td>\n<td>5<\/td>\n<td>16<\/td>\n<\/tr>\n<tr>\n<td>022-RC2460<\/td>\n<td>60 mm<\/td>\n<td>5<\/td>\n<td>10<\/td>\n<\/tr>\n<tr>\n<td>022-RC2465<\/td>\n<td>65 mm<\/td>\n<td>5<\/td>\n<td>10<\/td>\n<\/tr>\n<tr>\n<td>022-RC2470<\/td>\n<td>70 mm<\/td>\n<td>5<\/td>\n<td>10<\/td>\n<\/tr>\n<\/tbody>\n<\/table>\n<p>&nbsp;<\/p>\n","protected":false},"excerpt":{"rendered":"<p>3\/4\u201d 6 K\u00d6\u015eE HAVALI LOKMALAR Kod \u00dcr\u00fcn Ad\u0131 Koli Paket 022-RC2417 17 mm 15 60 022-RC2419 19 mm 15 60 022-RC2424 24 mm 15 60 022-RC2427 27 mm 15 30 022-RC2430 30 mm 15 30 022-RC2432 32 mm 8 32 022-RC2436 36 mm 8 32 022-RC2438 38 mm 8 32 022-RC2441 41 mm 8 16 022-RC2446 46 mm 8 16 [&hellip;]<\/p>\n","protected":false},"featured_media":20938,"comment_status":"open","ping_status":"closed","template":"","meta":[],"product_brand":[],"product_cat":[15,72,232,83],"product_tag":[],"class_list":{"0":"post-20935","1":"product","2":"type-product","3":"status-publish","4":"has-post-thumbnail","6":"product_cat-genel","7":"product_cat-hirdavat","8":"product_cat-lokma","9":"product_cat-lokma-ve-bijon-anahtarlari","11":"first","12":"instock","13":"shipping-taxable","14":"product-type-simple"},"_links":{"self":[{"href":"http:\/\/basakcilastik.com.tr\/index.php?rest_route=\/wp\/v2\/product\/20935","targetHints":{"allow":["GET"]}}],"collection":[{"href":"http:\/\/basakcilastik.com.tr\/index.php?rest_route=\/wp\/v2\/product"}],"about":[{"href":"http:\/\/basakcilastik.com.tr\/index.php?rest_route=\/wp\/v2\/types\/product"}],"replies":[{"embeddable":true,"href":"http:\/\/basakcilastik.com.tr\/index.php?rest_route=%2Fwp%2Fv2%2Fcomments&post=20935"}],"wp:featuredmedia":[{"embeddable":true,"href":"http:\/\/basakcilastik.com.tr\/index.php?rest_route=\/wp\/v2\/media\/20938"}],"wp:attachment":[{"href":"http:\/\/basakcilastik.com.tr\/index.php?rest_route=%2Fwp%2Fv2%2Fmedia&parent=20935"}],"wp:term":[{"taxonomy":"product_brand","embeddable":true,"href":"http:\/\/basakcilastik.com.tr\/index.php?rest_route=%2Fwp%2Fv2%2Fproduct_brand&post=20935"},{"taxonomy":"product_cat","embeddable":true,"href":"http:\/\/basakcilastik.com.tr\/index.php?rest_route=%2Fwp%2Fv2%2Fproduct_cat&post=20935"},{"taxonomy":"product_tag","embeddable":true,"href":"http:\/\/basakcilastik.com.tr\/index.php?rest_route=%2Fwp%2Fv2%2Fproduct_tag&post=20935"}],"curies":[{"name":"wp","href":"https:\/\/api.w.org\/{rel}","templated":true}]}}