{"id":20703,"date":"2020-08-12T13:30:50","date_gmt":"2020-08-12T13:30:50","guid":{"rendered":"https:\/\/basakcilastik.com.tr\/?post_type=product&#038;p=20703"},"modified":"2020-08-12T13:30:51","modified_gmt":"2020-08-12T13:30:51","slug":"12-6-kose-havali-lokma","status":"publish","type":"product","link":"http:\/\/basakcilastik.com.tr\/?product=12-6-kose-havali-lokma","title":{"rendered":"12\u201d 6 K\u00d6\u015eE HAVALI LOKMA"},"content":{"rendered":"<p>1\/2\u201d 6 K\u00d6\u015eE HAVALI LOKMA<\/p>\n<table width=\"540\">\n<thead>\n<tr>\n<td><strong>Kod<\/strong><\/td>\n<td><strong>\u00dcr\u00fcn Ad\u0131<\/strong><\/td>\n<td><strong>Koli<\/strong><\/td>\n<td><strong>Paket<\/strong><\/td>\n<\/tr>\n<\/thead>\n<tbody>\n<tr>\n<td>022-RC2210<\/td>\n<td>10 mm<\/td>\n<td>10<\/td>\n<td>200<\/td>\n<\/tr>\n<tr>\n<td>022-RC2211<\/td>\n<td>11 mm<\/td>\n<td>10<\/td>\n<td>200<\/td>\n<\/tr>\n<tr>\n<td>022-RC2212<\/td>\n<td>12 mm<\/td>\n<td>10<\/td>\n<td>200<\/td>\n<\/tr>\n<tr>\n<td>022-RC2213<\/td>\n<td>13 mm<\/td>\n<td>10<\/td>\n<td>200<\/td>\n<\/tr>\n<tr>\n<td>022-RC2214<\/td>\n<td>14 mm<\/td>\n<td>10<\/td>\n<td>200<\/td>\n<\/tr>\n<tr>\n<td>022-RC2215<\/td>\n<td>15 mm<\/td>\n<td>10<\/td>\n<td>200<\/td>\n<\/tr>\n<tr>\n<td>022-RC2216<\/td>\n<td>16 mm<\/td>\n<td>10<\/td>\n<td>200<\/td>\n<\/tr>\n<tr>\n<td>022-RC2217<\/td>\n<td>17 mm<\/td>\n<td>25<\/td>\n<td>200<\/td>\n<\/tr>\n<tr>\n<td>022-RC2218<\/td>\n<td>18 mm<\/td>\n<td>10<\/td>\n<td>200<\/td>\n<\/tr>\n<tr>\n<td>022-RC2219<\/td>\n<td>19 mm<\/td>\n<td>20<\/td>\n<td>200<\/td>\n<\/tr>\n<tr>\n<td>022-RC2221<\/td>\n<td>21 mm<\/td>\n<td>15<\/td>\n<td>60<\/td>\n<\/tr>\n<tr>\n<td>022-RC2222<\/td>\n<td>22 mm<\/td>\n<td>15<\/td>\n<td>60<\/td>\n<\/tr>\n<tr>\n<td>022-RC2224<\/td>\n<td>24 mm<\/td>\n<td>10<\/td>\n<td>100<\/td>\n<\/tr>\n<tr>\n<td>022-RC2227<\/td>\n<td>27 mm<\/td>\n<td>10<\/td>\n<td>100<\/td>\n<\/tr>\n<tr>\n<td>022-RC2230<\/td>\n<td>30 mm<\/td>\n<td>15<\/td>\n<td>60<\/td>\n<\/tr>\n<tr>\n<td>022-RC2232<\/td>\n<td>32 mm<\/td>\n<td>15<\/td>\n<td>60<\/td>\n<\/tr>\n<\/tbody>\n<\/table>\n<p>&nbsp;<\/p>\n","protected":false},"excerpt":{"rendered":"<p>1\/2\u201d 6 K\u00d6\u015eE HAVALI LOKMA Kod \u00dcr\u00fcn Ad\u0131 Koli Paket 022-RC2210 10 mm 10 200 022-RC2211 11 mm 10 200 022-RC2212 12 mm 10 200 022-RC2213 13 mm 10 200 022-RC2214 14 mm 10 200 022-RC2215 15 mm 10 200 022-RC2216 16 mm 10 200 022-RC2217 17 mm 25 200 022-RC2218 18 mm 10 200 022-RC2219 19 mm 20 200 [&hellip;]<\/p>\n","protected":false},"featured_media":20706,"comment_status":"open","ping_status":"closed","template":"","meta":[],"product_brand":[],"product_cat":[15,72,232,83],"product_tag":[],"class_list":{"0":"post-20703","1":"product","2":"type-product","3":"status-publish","4":"has-post-thumbnail","6":"product_cat-genel","7":"product_cat-hirdavat","8":"product_cat-lokma","9":"product_cat-lokma-ve-bijon-anahtarlari","11":"first","12":"instock","13":"shipping-taxable","14":"product-type-simple"},"_links":{"self":[{"href":"http:\/\/basakcilastik.com.tr\/index.php?rest_route=\/wp\/v2\/product\/20703","targetHints":{"allow":["GET"]}}],"collection":[{"href":"http:\/\/basakcilastik.com.tr\/index.php?rest_route=\/wp\/v2\/product"}],"about":[{"href":"http:\/\/basakcilastik.com.tr\/index.php?rest_route=\/wp\/v2\/types\/product"}],"replies":[{"embeddable":true,"href":"http:\/\/basakcilastik.com.tr\/index.php?rest_route=%2Fwp%2Fv2%2Fcomments&post=20703"}],"wp:featuredmedia":[{"embeddable":true,"href":"http:\/\/basakcilastik.com.tr\/index.php?rest_route=\/wp\/v2\/media\/20706"}],"wp:attachment":[{"href":"http:\/\/basakcilastik.com.tr\/index.php?rest_route=%2Fwp%2Fv2%2Fmedia&parent=20703"}],"wp:term":[{"taxonomy":"product_brand","embeddable":true,"href":"http:\/\/basakcilastik.com.tr\/index.php?rest_route=%2Fwp%2Fv2%2Fproduct_brand&post=20703"},{"taxonomy":"product_cat","embeddable":true,"href":"http:\/\/basakcilastik.com.tr\/index.php?rest_route=%2Fwp%2Fv2%2Fproduct_cat&post=20703"},{"taxonomy":"product_tag","embeddable":true,"href":"http:\/\/basakcilastik.com.tr\/index.php?rest_route=%2Fwp%2Fv2%2Fproduct_tag&post=20703"}],"curies":[{"name":"wp","href":"https:\/\/api.w.org\/{rel}","templated":true}]}}