{"id":19961,"date":"2020-08-06T12:20:25","date_gmt":"2020-08-06T12:20:25","guid":{"rendered":"https:\/\/basakcilastik.com.tr\/?post_type=product&#038;p=19961"},"modified":"2020-08-06T12:20:27","modified_gmt":"2020-08-06T12:20:27","slug":"016-rc3846-agac-sapli-camci-cekic","status":"publish","type":"product","link":"http:\/\/basakcilastik.com.tr\/?product=016-rc3846-agac-sapli-camci-cekic","title":{"rendered":"016-RC3846 A\u011eA\u00c7 SAPLI CAMCI \u00c7EK\u0130\u00c7"},"content":{"rendered":"<p>016-RC3846 A\u011eA\u00c7 SAPLI CAMCI \u00c7EK\u0130\u00c7<\/p>\n","protected":false},"excerpt":{"rendered":"<p>016-RC3846 A\u011eA\u00c7 SAPLI CAMCI \u00c7EK\u0130\u00c7<\/p>\n","protected":false},"featured_media":19965,"comment_status":"open","ping_status":"closed","template":"","meta":[],"product_brand":[],"product_cat":[15,221,72,81],"product_tag":[],"class_list":{"0":"post-19961","1":"product","2":"type-product","3":"status-publish","4":"has-post-thumbnail","6":"product_cat-genel","7":"product_cat-cekicler","8":"product_cat-hirdavat","9":"product_cat-keskiler-ve-cekicler","11":"first","12":"instock","13":"shipping-taxable","14":"product-type-simple"},"_links":{"self":[{"href":"http:\/\/basakcilastik.com.tr\/index.php?rest_route=\/wp\/v2\/product\/19961","targetHints":{"allow":["GET"]}}],"collection":[{"href":"http:\/\/basakcilastik.com.tr\/index.php?rest_route=\/wp\/v2\/product"}],"about":[{"href":"http:\/\/basakcilastik.com.tr\/index.php?rest_route=\/wp\/v2\/types\/product"}],"replies":[{"embeddable":true,"href":"http:\/\/basakcilastik.com.tr\/index.php?rest_route=%2Fwp%2Fv2%2Fcomments&post=19961"}],"wp:featuredmedia":[{"embeddable":true,"href":"http:\/\/basakcilastik.com.tr\/index.php?rest_route=\/wp\/v2\/media\/19965"}],"wp:attachment":[{"href":"http:\/\/basakcilastik.com.tr\/index.php?rest_route=%2Fwp%2Fv2%2Fmedia&parent=19961"}],"wp:term":[{"taxonomy":"product_brand","embeddable":true,"href":"http:\/\/basakcilastik.com.tr\/index.php?rest_route=%2Fwp%2Fv2%2Fproduct_brand&post=19961"},{"taxonomy":"product_cat","embeddable":true,"href":"http:\/\/basakcilastik.com.tr\/index.php?rest_route=%2Fwp%2Fv2%2Fproduct_cat&post=19961"},{"taxonomy":"product_tag","embeddable":true,"href":"http:\/\/basakcilastik.com.tr\/index.php?rest_route=%2Fwp%2Fv2%2Fproduct_tag&post=19961"}],"curies":[{"name":"wp","href":"https:\/\/api.w.org\/{rel}","templated":true}]}}