{"id":18725,"date":"2020-08-03T12:59:05","date_gmt":"2020-08-03T12:59:05","guid":{"rendered":"https:\/\/basakcilastik.com.tr\/?post_type=product&#038;p=18725"},"modified":"2020-08-03T12:59:06","modified_gmt":"2020-08-03T12:59:06","slug":"troy-24010-mekanik-kollu-pabuc-sikma-pensesi-650mm","status":"publish","type":"product","link":"http:\/\/basakcilastik.com.tr\/?product=troy-24010-mekanik-kollu-pabuc-sikma-pensesi-650mm","title":{"rendered":"TROY 24010 Mekanik Kollu Pabu\u00e7 S\u0131kma Pensesi (650mm)"},"content":{"rendered":"<p>TROY 24010 Mekanik Kollu Pabu\u00e7 S\u0131kma Pensesi<\/p>\n<p>SKP Pabu\u00e7 S\u0131kma Pensesi<\/p>\n<p>&nbsp;<\/p>\n<p>TROY 24010 Mekanik Kollu Pabu\u00e7 S\u0131kma Pensesi<\/p>\n<p>SKP Pabu\u00e7 S\u0131kma Pensesi<\/p>\n<p>&nbsp;<\/p>\n<p><strong>TROY 24010 Mekanik Kollu Pabu\u00e7 S\u0131kma Pensesi<\/strong><\/p>\n<ul>\n<li><strong> Ayn\u0131 a\u011f\u0131zla alt\u0131gen veya d\u00fcz pabu\u00e7 s\u0131kma olana\u011f\u0131<br \/>\n\u25cf Muhtelif \u00e7aplar\u0131 s\u0131kabilmek i\u00e7in a\u011f\u0131z i\u00e7inde d\u00f6nebilen s\u0131kma yuvalar\u0131<br \/>\n\u25cf 16-120mm2 s\u0131kma aral\u0131\u011f\u0131<br \/>\n\u25cf A\u011f\u0131rl\u0131k: 3,8kg<br \/>\n\u25cf Uzunluk: 650mm<br \/>\n\u25cf Kaymaz plastik tutacakl\u0131 sap<br \/>\n\u25cf Lake cilal\u0131<\/strong><\/li>\n<\/ul>\n<p><strong>A\u011f\u0131rl\u0131k(Kg)<\/strong><\/p>\n<p><strong>:<\/strong><\/p>\n<p>5<\/p>\n<p>&nbsp;<\/p>\n","protected":false},"excerpt":{"rendered":"<p>TROY 24010 Mekanik Kollu Pabu\u00e7 S\u0131kma Pensesi SKP Pabu\u00e7 S\u0131kma Pensesi &nbsp; TROY 24010 Mekanik Kollu Pabu\u00e7 S\u0131kma Pensesi SKP Pabu\u00e7 S\u0131kma Pensesi &nbsp; TROY 24010 Mekanik Kollu Pabu\u00e7 S\u0131kma Pensesi Ayn\u0131 a\u011f\u0131zla alt\u0131gen veya d\u00fcz pabu\u00e7 s\u0131kma olana\u011f\u0131 \u25cf Muhtelif \u00e7aplar\u0131 s\u0131kabilmek i\u00e7in a\u011f\u0131z i\u00e7inde d\u00f6nebilen s\u0131kma yuvalar\u0131 \u25cf 16-120mm2 s\u0131kma aral\u0131\u011f\u0131 \u25cf A\u011f\u0131rl\u0131k: 3,8kg \u25cf Uzunluk: 650mm \u25cf [&hellip;]<\/p>\n","protected":false},"featured_media":18728,"comment_status":"open","ping_status":"closed","template":"","meta":[],"product_brand":[],"product_cat":[15,77,72,200],"product_tag":[],"class_list":{"0":"post-18725","1":"product","2":"type-product","3":"status-publish","4":"has-post-thumbnail","6":"product_cat-genel","7":"product_cat-boru-anahtarlari-ve-penseler","8":"product_cat-hirdavat","9":"product_cat-penseler","11":"first","12":"instock","13":"shipping-taxable","14":"product-type-simple"},"_links":{"self":[{"href":"http:\/\/basakcilastik.com.tr\/index.php?rest_route=\/wp\/v2\/product\/18725","targetHints":{"allow":["GET"]}}],"collection":[{"href":"http:\/\/basakcilastik.com.tr\/index.php?rest_route=\/wp\/v2\/product"}],"about":[{"href":"http:\/\/basakcilastik.com.tr\/index.php?rest_route=\/wp\/v2\/types\/product"}],"replies":[{"embeddable":true,"href":"http:\/\/basakcilastik.com.tr\/index.php?rest_route=%2Fwp%2Fv2%2Fcomments&post=18725"}],"wp:featuredmedia":[{"embeddable":true,"href":"http:\/\/basakcilastik.com.tr\/index.php?rest_route=\/wp\/v2\/media\/18728"}],"wp:attachment":[{"href":"http:\/\/basakcilastik.com.tr\/index.php?rest_route=%2Fwp%2Fv2%2Fmedia&parent=18725"}],"wp:term":[{"taxonomy":"product_brand","embeddable":true,"href":"http:\/\/basakcilastik.com.tr\/index.php?rest_route=%2Fwp%2Fv2%2Fproduct_brand&post=18725"},{"taxonomy":"product_cat","embeddable":true,"href":"http:\/\/basakcilastik.com.tr\/index.php?rest_route=%2Fwp%2Fv2%2Fproduct_cat&post=18725"},{"taxonomy":"product_tag","embeddable":true,"href":"http:\/\/basakcilastik.com.tr\/index.php?rest_route=%2Fwp%2Fv2%2Fproduct_tag&post=18725"}],"curies":[{"name":"wp","href":"https:\/\/api.w.org\/{rel}","templated":true}]}}