{"id":18192,"date":"2020-08-01T18:14:01","date_gmt":"2020-08-01T18:14:01","guid":{"rendered":"https:\/\/basakcilastik.com.tr\/?post_type=product&#038;p=18192"},"modified":"2020-08-01T18:14:02","modified_gmt":"2020-08-01T18:14:02","slug":"uzun-kargaburun","status":"publish","type":"product","link":"http:\/\/basakcilastik.com.tr\/?product=uzun-kargaburun","title":{"rendered":"UZUN KARGABURUN"},"content":{"rendered":"<p>UZUN KARGABURUN<\/p>\n<table width=\"540\">\n<thead>\n<tr>\n<td><strong>Kod<\/strong><\/td>\n<td><strong>\u00dcr\u00fcn Ad\u0131<\/strong><\/td>\n<td><strong>Koli<\/strong><\/td>\n<td><strong>Paket<\/strong><\/td>\n<\/tr>\n<\/thead>\n<tbody>\n<tr>\n<td>001-RCU011<\/td>\n<td>Uzun D\u00fcz K.Burun 11\u00b0<\/td>\n<td>6<\/td>\n<td>60<\/td>\n<\/tr>\n<tr>\n<td>001-RCUE20<\/td>\n<td>Uzun E\u011fri K.Burun 20\u00b0<\/td>\n<td>6<\/td>\n<td>60<\/td>\n<\/tr>\n<tr>\n<td>001-RCUE45<\/td>\n<td>Uzun E\u011fri K.Burun 45\u00b0<\/td>\n<td>6<\/td>\n<td>60<\/td>\n<\/tr>\n<\/tbody>\n<\/table>\n<p>&nbsp;<\/p>\n","protected":false},"excerpt":{"rendered":"<p>UZUN KARGABURUN Kod \u00dcr\u00fcn Ad\u0131 Koli Paket 001-RCU011 Uzun D\u00fcz K.Burun 11\u00b0 6 60 001-RCUE20 Uzun E\u011fri K.Burun 20\u00b0 6 60 001-RCUE45 Uzun E\u011fri K.Burun 45\u00b0 6 60 &nbsp;<\/p>\n","protected":false},"featured_media":18195,"comment_status":"open","ping_status":"closed","template":"","meta":[],"product_brand":[],"product_cat":[15,77,72,196],"product_tag":[],"class_list":{"0":"post-18192","1":"product","2":"type-product","3":"status-publish","4":"has-post-thumbnail","6":"product_cat-genel","7":"product_cat-boru-anahtarlari-ve-penseler","8":"product_cat-hirdavat","9":"product_cat-kargaburunlar","11":"first","12":"instock","13":"shipping-taxable","14":"product-type-simple"},"_links":{"self":[{"href":"http:\/\/basakcilastik.com.tr\/index.php?rest_route=\/wp\/v2\/product\/18192","targetHints":{"allow":["GET"]}}],"collection":[{"href":"http:\/\/basakcilastik.com.tr\/index.php?rest_route=\/wp\/v2\/product"}],"about":[{"href":"http:\/\/basakcilastik.com.tr\/index.php?rest_route=\/wp\/v2\/types\/product"}],"replies":[{"embeddable":true,"href":"http:\/\/basakcilastik.com.tr\/index.php?rest_route=%2Fwp%2Fv2%2Fcomments&post=18192"}],"wp:featuredmedia":[{"embeddable":true,"href":"http:\/\/basakcilastik.com.tr\/index.php?rest_route=\/wp\/v2\/media\/18195"}],"wp:attachment":[{"href":"http:\/\/basakcilastik.com.tr\/index.php?rest_route=%2Fwp%2Fv2%2Fmedia&parent=18192"}],"wp:term":[{"taxonomy":"product_brand","embeddable":true,"href":"http:\/\/basakcilastik.com.tr\/index.php?rest_route=%2Fwp%2Fv2%2Fproduct_brand&post=18192"},{"taxonomy":"product_cat","embeddable":true,"href":"http:\/\/basakcilastik.com.tr\/index.php?rest_route=%2Fwp%2Fv2%2Fproduct_cat&post=18192"},{"taxonomy":"product_tag","embeddable":true,"href":"http:\/\/basakcilastik.com.tr\/index.php?rest_route=%2Fwp%2Fv2%2Fproduct_tag&post=18192"}],"curies":[{"name":"wp","href":"https:\/\/api.w.org\/{rel}","templated":true}]}}