{"id":18059,"date":"2020-07-31T22:32:57","date_gmt":"2020-07-31T22:32:57","guid":{"rendered":"https:\/\/basakcilastik.com.tr\/?post_type=product&#038;p=18059"},"modified":"2020-07-31T22:32:58","modified_gmt":"2020-07-31T22:32:58","slug":"troy-24005-kablo-siyirma-pabuc-pensesi-200mm","status":"publish","type":"product","link":"http:\/\/basakcilastik.com.tr\/?product=troy-24005-kablo-siyirma-pabuc-pensesi-200mm","title":{"rendered":"TROY 24005 Kablo S\u0131y\u0131rma-Pabu\u00e7 Pensesi (200mm)"},"content":{"rendered":"<p>TROY 24005 Kablo S\u0131y\u0131rma-Pabu\u00e7 Pensesi (200mm)<\/p>\n","protected":false},"excerpt":{"rendered":"<p>TROY 24005 Kablo S\u0131y\u0131rma-Pabu\u00e7 Pensesi (200mm)<\/p>\n","protected":false},"featured_media":18062,"comment_status":"open","ping_status":"closed","template":"","meta":[],"product_brand":[],"product_cat":[15,77,72,195],"product_tag":[],"class_list":{"0":"post-18059","1":"product","2":"type-product","3":"status-publish","4":"has-post-thumbnail","6":"product_cat-genel","7":"product_cat-boru-anahtarlari-ve-penseler","8":"product_cat-hirdavat","9":"product_cat-kablo-icin-el-aletleri","11":"first","12":"instock","13":"shipping-taxable","14":"product-type-simple"},"_links":{"self":[{"href":"http:\/\/basakcilastik.com.tr\/index.php?rest_route=\/wp\/v2\/product\/18059","targetHints":{"allow":["GET"]}}],"collection":[{"href":"http:\/\/basakcilastik.com.tr\/index.php?rest_route=\/wp\/v2\/product"}],"about":[{"href":"http:\/\/basakcilastik.com.tr\/index.php?rest_route=\/wp\/v2\/types\/product"}],"replies":[{"embeddable":true,"href":"http:\/\/basakcilastik.com.tr\/index.php?rest_route=%2Fwp%2Fv2%2Fcomments&post=18059"}],"wp:featuredmedia":[{"embeddable":true,"href":"http:\/\/basakcilastik.com.tr\/index.php?rest_route=\/wp\/v2\/media\/18062"}],"wp:attachment":[{"href":"http:\/\/basakcilastik.com.tr\/index.php?rest_route=%2Fwp%2Fv2%2Fmedia&parent=18059"}],"wp:term":[{"taxonomy":"product_brand","embeddable":true,"href":"http:\/\/basakcilastik.com.tr\/index.php?rest_route=%2Fwp%2Fv2%2Fproduct_brand&post=18059"},{"taxonomy":"product_cat","embeddable":true,"href":"http:\/\/basakcilastik.com.tr\/index.php?rest_route=%2Fwp%2Fv2%2Fproduct_cat&post=18059"},{"taxonomy":"product_tag","embeddable":true,"href":"http:\/\/basakcilastik.com.tr\/index.php?rest_route=%2Fwp%2Fv2%2Fproduct_tag&post=18059"}],"curies":[{"name":"wp","href":"https:\/\/api.w.org\/{rel}","templated":true}]}}