{"id":17695,"date":"2020-07-31T20:31:14","date_gmt":"2020-07-31T20:31:14","guid":{"rendered":"https:\/\/basakcilastik.com.tr\/?post_type=product&#038;p=17695"},"modified":"2020-07-31T20:31:16","modified_gmt":"2020-07-31T20:31:16","slug":"dijital-multimetre","status":"publish","type":"product","link":"http:\/\/basakcilastik.com.tr\/?product=dijital-multimetre","title":{"rendered":"Dijital Multimetre"},"content":{"rendered":"<p>Dijital Multimetre<\/p>\n<ul>\n<li>Dijital ayd\u0131nlatma ekran.<\/li>\n<li>Voltaj (AD\/DC) ak\u0131m,diren\u00e7,kapasitans,frekans,diyot ve s\u0131cakl\u0131k \u00f6l\u00e7\u00fcm\u00fc.<\/li>\n<li>LCD ekran,1000 volt (A71) yal\u0131t\u0131ml\u0131.<\/li>\n<\/ul>\n","protected":false},"excerpt":{"rendered":"<p>Dijital Multimetre Dijital ayd\u0131nlatma ekran. Voltaj (AD\/DC) ak\u0131m,diren\u00e7,kapasitans,frekans,diyot ve s\u0131cakl\u0131k \u00f6l\u00e7\u00fcm\u00fc. LCD ekran,1000 volt (A71) yal\u0131t\u0131ml\u0131.<\/p>\n","protected":false},"featured_media":17698,"comment_status":"open","ping_status":"closed","template":"","meta":[],"product_brand":[],"product_cat":[15,72,86],"product_tag":[],"class_list":{"0":"post-17695","1":"product","2":"type-product","3":"status-publish","4":"has-post-thumbnail","6":"product_cat-genel","7":"product_cat-hirdavat","8":"product_cat-olcme-ve-isaretleme-araclari","10":"first","11":"instock","12":"shipping-taxable","13":"product-type-simple"},"_links":{"self":[{"href":"http:\/\/basakcilastik.com.tr\/index.php?rest_route=\/wp\/v2\/product\/17695","targetHints":{"allow":["GET"]}}],"collection":[{"href":"http:\/\/basakcilastik.com.tr\/index.php?rest_route=\/wp\/v2\/product"}],"about":[{"href":"http:\/\/basakcilastik.com.tr\/index.php?rest_route=\/wp\/v2\/types\/product"}],"replies":[{"embeddable":true,"href":"http:\/\/basakcilastik.com.tr\/index.php?rest_route=%2Fwp%2Fv2%2Fcomments&post=17695"}],"wp:featuredmedia":[{"embeddable":true,"href":"http:\/\/basakcilastik.com.tr\/index.php?rest_route=\/wp\/v2\/media\/17698"}],"wp:attachment":[{"href":"http:\/\/basakcilastik.com.tr\/index.php?rest_route=%2Fwp%2Fv2%2Fmedia&parent=17695"}],"wp:term":[{"taxonomy":"product_brand","embeddable":true,"href":"http:\/\/basakcilastik.com.tr\/index.php?rest_route=%2Fwp%2Fv2%2Fproduct_brand&post=17695"},{"taxonomy":"product_cat","embeddable":true,"href":"http:\/\/basakcilastik.com.tr\/index.php?rest_route=%2Fwp%2Fv2%2Fproduct_cat&post=17695"},{"taxonomy":"product_tag","embeddable":true,"href":"http:\/\/basakcilastik.com.tr\/index.php?rest_route=%2Fwp%2Fv2%2Fproduct_tag&post=17695"}],"curies":[{"name":"wp","href":"https:\/\/api.w.org\/{rel}","templated":true}]}}