{"id":16769,"date":"2020-07-29T20:23:51","date_gmt":"2020-07-29T20:23:51","guid":{"rendered":"https:\/\/basakcilastik.com.tr\/?post_type=product&#038;p=16769"},"modified":"2020-07-29T20:23:52","modified_gmt":"2020-07-29T20:23:52","slug":"hizli-uc-takma-ve-mandren-adaptorleri","status":"publish","type":"product","link":"http:\/\/basakcilastik.com.tr\/?product=hizli-uc-takma-ve-mandren-adaptorleri","title":{"rendered":"HIZLI U\u00c7 TAKMA VE MANDREN ADAPT\u00d6RLER\u0130"},"content":{"rendered":"<p>HIZLI U\u00c7 TAKMA VE MANDREN ADAPT\u00d6RLER\u0130<\/p>\n","protected":false},"excerpt":{"rendered":"<p>HIZLI U\u00c7 TAKMA VE MANDREN ADAPT\u00d6RLER\u0130<\/p>\n","protected":false},"featured_media":16772,"comment_status":"open","ping_status":"closed","template":"","meta":[],"product_brand":[],"product_cat":[15,76,72,189],"product_tag":[],"class_list":{"0":"post-16769","1":"product","2":"type-product","3":"status-publish","4":"has-post-thumbnail","6":"product_cat-genel","7":"product_cat-bits-uclar-ve-matkap-uclari","8":"product_cat-hirdavat","9":"product_cat-madrenler","11":"first","12":"instock","13":"shipping-taxable","14":"product-type-simple"},"_links":{"self":[{"href":"http:\/\/basakcilastik.com.tr\/index.php?rest_route=\/wp\/v2\/product\/16769","targetHints":{"allow":["GET"]}}],"collection":[{"href":"http:\/\/basakcilastik.com.tr\/index.php?rest_route=\/wp\/v2\/product"}],"about":[{"href":"http:\/\/basakcilastik.com.tr\/index.php?rest_route=\/wp\/v2\/types\/product"}],"replies":[{"embeddable":true,"href":"http:\/\/basakcilastik.com.tr\/index.php?rest_route=%2Fwp%2Fv2%2Fcomments&post=16769"}],"wp:featuredmedia":[{"embeddable":true,"href":"http:\/\/basakcilastik.com.tr\/index.php?rest_route=\/wp\/v2\/media\/16772"}],"wp:attachment":[{"href":"http:\/\/basakcilastik.com.tr\/index.php?rest_route=%2Fwp%2Fv2%2Fmedia&parent=16769"}],"wp:term":[{"taxonomy":"product_brand","embeddable":true,"href":"http:\/\/basakcilastik.com.tr\/index.php?rest_route=%2Fwp%2Fv2%2Fproduct_brand&post=16769"},{"taxonomy":"product_cat","embeddable":true,"href":"http:\/\/basakcilastik.com.tr\/index.php?rest_route=%2Fwp%2Fv2%2Fproduct_cat&post=16769"},{"taxonomy":"product_tag","embeddable":true,"href":"http:\/\/basakcilastik.com.tr\/index.php?rest_route=%2Fwp%2Fv2%2Fproduct_tag&post=16769"}],"curies":[{"name":"wp","href":"https:\/\/api.w.org\/{rel}","templated":true}]}}