{"id":16275,"date":"2020-07-28T20:38:05","date_gmt":"2020-07-28T20:38:05","guid":{"rendered":"https:\/\/basakcilastik.com.tr\/?post_type=product&#038;p=16275"},"modified":"2020-07-28T20:38:06","modified_gmt":"2020-07-28T20:38:06","slug":"torks-ve-allen-uclu-bitsler","status":"publish","type":"product","link":"http:\/\/basakcilastik.com.tr\/?product=torks-ve-allen-uclu-bitsler","title":{"rendered":"Torks ve Allen U\u00e7lu Bitsler"},"content":{"rendered":"<table>\n<tbody>\n<tr>\n<td rowspan=\"2\">AAB<br \/>\n75x10mm Bitsler<br \/>\ny\u00fcksek tork performans\u0131 sunar.<br \/>\nt\u00fcm \u00f6l\u00e7\u00fcler y\u00fcksek vas\u0131fl\u0131 krom-vanadium<br \/>\n\u00e7eli\u011finden imal edilmi\u015ftir.<br \/>\npaketleme: barkodlu plastik alfatech ambalaj\u0131<\/td>\n<td colspan=\"2\" width=\"17\">&nbsp;<\/td>\n<td width=\"0\"><\/td>\n<\/tr>\n<tr>\n<td width=\"10\"><\/td>\n<td width=\"10\"><\/td>\n<td width=\"0\">&nbsp;<\/td>\n<\/tr>\n<\/tbody>\n<\/table>\n<p>&nbsp;<\/p>\n<table width=\"633\">\n<thead>\n<tr>\n<td><strong>Stok Kodu<\/strong><\/td>\n<td><strong>mm<\/strong><\/td>\n<td><strong>Adet<\/strong><\/td>\n<td><strong>Stok Kodu<\/strong><\/td>\n<td><strong>mm<\/strong><\/td>\n<td><strong>Adet<\/strong><\/td>\n<\/tr>\n<\/thead>\n<tbody>\n<tr>\n<td>AAB-T20<\/td>\n<td>T20<\/td>\n<td>10<\/td>\n<td>AAB-T45<\/td>\n<td>T45<\/td>\n<td>10<\/td>\n<\/tr>\n<tr>\n<td>AAB-T25<\/td>\n<td>T25<\/td>\n<td>10<\/td>\n<td>AAB-T50<\/td>\n<td>T50<\/td>\n<td>10<\/td>\n<\/tr>\n<tr>\n<td>AAB-T27<\/td>\n<td>T27<\/td>\n<td>10<\/td>\n<td>AAB-T55<\/td>\n<td>T55<\/td>\n<td>10<\/td>\n<\/tr>\n<tr>\n<td>AAB-T30<\/td>\n<td>T30<\/td>\n<td>10<\/td>\n<td>AAB-T60<\/td>\n<td>T60<\/td>\n<td>10<\/td>\n<\/tr>\n<tr>\n<td>AAB-T40<\/td>\n<td>T40<\/td>\n<td>10<\/td>\n<td>AAB-H6<\/td>\n<td>H6<\/td>\n<td>10<\/td>\n<\/tr>\n<\/tbody>\n<\/table>\n<p>&nbsp;<\/p>\n","protected":false},"excerpt":{"rendered":"<p>AAB 75x10mm Bitsler y\u00fcksek tork performans\u0131 sunar. t\u00fcm \u00f6l\u00e7\u00fcler y\u00fcksek vas\u0131fl\u0131 krom-vanadium \u00e7eli\u011finden imal edilmi\u015ftir. paketleme: barkodlu plastik alfatech ambalaj\u0131 &nbsp; &nbsp; &nbsp; Stok Kodu mm Adet Stok Kodu mm Adet AAB-T20 T20 10 AAB-T45 T45 10 AAB-T25 T25 10 AAB-T50 T50 10 AAB-T27 T27 10 AAB-T55 T55 10 AAB-T30 T30 10 AAB-T60 T60 10 AAB-T40 T40 10 AAB-H6 H6 [&hellip;]<\/p>\n","protected":false},"featured_media":16278,"comment_status":"open","ping_status":"closed","template":"","meta":[],"product_brand":[],"product_cat":[15,185,76,72],"product_tag":[],"class_list":{"0":"post-16275","1":"product","2":"type-product","3":"status-publish","4":"has-post-thumbnail","6":"product_cat-genel","7":"product_cat-bits","8":"product_cat-bits-uclar-ve-matkap-uclari","9":"product_cat-hirdavat","11":"first","12":"instock","13":"shipping-taxable","14":"product-type-simple"},"_links":{"self":[{"href":"http:\/\/basakcilastik.com.tr\/index.php?rest_route=\/wp\/v2\/product\/16275","targetHints":{"allow":["GET"]}}],"collection":[{"href":"http:\/\/basakcilastik.com.tr\/index.php?rest_route=\/wp\/v2\/product"}],"about":[{"href":"http:\/\/basakcilastik.com.tr\/index.php?rest_route=\/wp\/v2\/types\/product"}],"replies":[{"embeddable":true,"href":"http:\/\/basakcilastik.com.tr\/index.php?rest_route=%2Fwp%2Fv2%2Fcomments&post=16275"}],"wp:featuredmedia":[{"embeddable":true,"href":"http:\/\/basakcilastik.com.tr\/index.php?rest_route=\/wp\/v2\/media\/16278"}],"wp:attachment":[{"href":"http:\/\/basakcilastik.com.tr\/index.php?rest_route=%2Fwp%2Fv2%2Fmedia&parent=16275"}],"wp:term":[{"taxonomy":"product_brand","embeddable":true,"href":"http:\/\/basakcilastik.com.tr\/index.php?rest_route=%2Fwp%2Fv2%2Fproduct_brand&post=16275"},{"taxonomy":"product_cat","embeddable":true,"href":"http:\/\/basakcilastik.com.tr\/index.php?rest_route=%2Fwp%2Fv2%2Fproduct_cat&post=16275"},{"taxonomy":"product_tag","embeddable":true,"href":"http:\/\/basakcilastik.com.tr\/index.php?rest_route=%2Fwp%2Fv2%2Fproduct_tag&post=16275"}],"curies":[{"name":"wp","href":"https:\/\/api.w.org\/{rel}","templated":true}]}}